{"id":10518,"date":"2025-10-28T14:23:01","date_gmt":"2025-10-28T14:23:01","guid":{"rendered":"https:\/\/cyberlogics.ao\/?post_type=product&#038;p=10518"},"modified":"2025-10-28T14:23:01","modified_gmt":"2025-10-28T14:23:01","slug":"servidor-hp-0x2x16-af618a-16-portas-kvm-switch-console-g2-midia-virtual-cac-19-1u-novo","status":"publish","type":"product","link":"https:\/\/cyberlogics.ao\/index.php\/product\/servidor-hp-0x2x16-af618a-16-portas-kvm-switch-console-g2-midia-virtual-cac-19-1u-novo\/","title":{"rendered":"Servidor HP 0x2x16 AF618A 16 portas KVM Switch Console G2 m\u00eddia virtual CAC 19&#8243; 1U +NOVO+"},"content":{"rendered":"<div class=\"product_description_list\">\n<div class=\"description_line\"><strong>Fornecedor:<\/strong><span>HP<\/span><\/div>\n<div class=\"description_line\"><strong>Tipo de unidade:<\/strong><\/div>\n<div class=\"description_line\"><strong>Modelo:<\/strong><span>AF618A<\/span><\/div>\n<div class=\"description_line\"><strong>PN:<\/strong><\/div>\n<div id=\"zstand\"><strong>Condi\u00e7\u00e3o do item:\u00a0<\/strong>novo produto, a granel<\/div>\n<div class=\"description_line description_text\"><span>Comutador KVM \/ AF618A \/ PN: 578713-001 \/ SP: 580643-001<br \/>\n1x D-SUB 9 pinos para RJ-45<br \/>\n1x Trilhos 336050-001<\/span><\/div>\n<\/div>\n<p>&nbsp;<\/p>\n<p><strong>Componentes inclu\u00eddos:<\/strong><\/p>\n<ul class=\"components\">\n<li><span><strong>Kabel<br \/>\n<\/strong>2 x conector IEC Kaltger\u00e4tekabel ca. 1,40m C13 &#8211; Schuko 10A<\/span><\/li>\n<\/ul>\n","protected":false},"excerpt":{"rendered":"<div class=\"product_description_list\">\n<div class=\"description_line\"><strong>Fornecedor:<\/strong><span>HP<\/span><\/div>\n<div class=\"description_line\"><strong>Tipo de unidade:<\/strong><\/div>\n<div class=\"description_line\"><strong>Modelo:<\/strong><span>AF618A<\/span><\/div>\n<div class=\"description_line\"><strong>PN:<\/strong><\/div>\n<div id=\"zstand\"><strong>Condi\u00e7\u00e3o do item:\u00a0<\/strong>novo produto, a granel<\/div>\n<div class=\"description_line description_text\"><span>Comutador KVM \/ AF618A \/ PN: 578713-001 \/ SP: 580643-001<br \/>\n1x D-SUB 9 pinos para RJ-45<br \/>\n1x Trilhos 336050-001<\/span><\/div>\n<\/div>\n<p>&nbsp;<\/p>\n<p><strong>Componentes inclu\u00eddos:<\/strong><\/p>\n<ul class=\"components\">\n<li><span><strong>Kabel<br \/>\n<\/strong>2 x conector IEC Kaltger\u00e4tekabel ca. 1,40m C13 &#8211; Schuko 10A<\/span><\/li>\n<\/ul>\n","protected":false},"featured_media":10525,"comment_status":"open","ping_status":"closed","template":"","meta":{"_joinchat":[]},"product_brand":[],"product_cat":[307,813],"product_tag":[],"class_list":{"0":"post-10518","1":"product","2":"type-product","3":"status-publish","4":"has-post-thumbnail","6":"product_cat-redes","7":"product_cat-servidor-hp","9":"first","10":"instock","11":"shipping-taxable","12":"purchasable","13":"product-type-simple"},"yoast_head":"<!-- This site is optimized with the Yoast SEO plugin v27.4 - https:\/\/yoast.com\/product\/yoast-seo-wordpress\/ -->\n<title>Servidor HP 0x2x16 AF618A 16 portas KVM Switch Console G2 m\u00eddia virtual CAC 19&quot; 1U +NOVO+ - Cyberlogics Technologies Angola<\/title>\n<meta name=\"description\" content=\"A Maior Loja Online de Angola de Licen\u00e7as Microsoft Office | Chaves Sistemas Operativos Windows | Antiv\u00edrus | Cloud Adobe | Inform\u00e1tica &amp; Servidores | Softwares de Gest\u00e3o ERP | Gaming Hardware | UPS e Baterias &amp; Muito Mais...\" \/>\n<meta name=\"robots\" content=\"index, follow, max-snippet:-1, max-image-preview:large, max-video-preview:-1\" \/>\n<link rel=\"canonical\" href=\"https:\/\/cyberlogics.ao\/index.php\/product\/servidor-hp-0x2x16-af618a-16-portas-kvm-switch-console-g2-midia-virtual-cac-19-1u-novo\/\" \/>\n<meta property=\"og:locale\" content=\"pt_PT\" \/>\n<meta property=\"og:type\" content=\"article\" \/>\n<meta property=\"og:title\" content=\"Servidor HP 0x2x16 AF618A 16 portas KVM Switch Console G2 m\u00eddia virtual CAC 19&quot; 1U +NOVO+ - Cyberlogics Technologies Angola\" \/>\n<meta property=\"og:description\" content=\"A Maior Loja Online de Angola de Licen\u00e7as Microsoft Office | Chaves Sistemas Operativos Windows | Antiv\u00edrus | Cloud Adobe | Inform\u00e1tica &amp; Servidores | Softwares de Gest\u00e3o ERP | Gaming Hardware | UPS e Baterias &amp; Muito Mais...\" \/>\n<meta property=\"og:url\" content=\"https:\/\/cyberlogics.ao\/index.php\/product\/servidor-hp-0x2x16-af618a-16-portas-kvm-switch-console-g2-midia-virtual-cac-19-1u-novo\/\" \/>\n<meta property=\"og:site_name\" content=\"Cyberlogics Technologies Angola\" \/>\n<meta property=\"og:image\" content=\"http:\/\/cyberlogics.ao\/wp-content\/uploads\/2025\/10\/hp-0x2x16-af618a-server-16-port-kvm-switch-console-g2-virtual-media-cac-19-1u-new.jpg\" \/>\n\t<meta property=\"og:image:width\" content=\"140\" \/>\n\t<meta property=\"og:image:height\" content=\"88\" \/>\n\t<meta property=\"og:image:type\" content=\"image\/jpeg\" \/>\n<meta name=\"twitter:card\" content=\"summary_large_image\" \/>\n<script type=\"application\/ld+json\" class=\"yoast-schema-graph\">{\"@context\":\"https:\\\/\\\/schema.org\",\"@graph\":[{\"@type\":\"WebPage\",\"@id\":\"https:\\\/\\\/cyberlogics.ao\\\/index.php\\\/product\\\/servidor-hp-0x2x16-af618a-16-portas-kvm-switch-console-g2-midia-virtual-cac-19-1u-novo\\\/\",\"url\":\"https:\\\/\\\/cyberlogics.ao\\\/index.php\\\/product\\\/servidor-hp-0x2x16-af618a-16-portas-kvm-switch-console-g2-midia-virtual-cac-19-1u-novo\\\/\",\"name\":\"Servidor HP 0x2x16 AF618A 16 portas KVM Switch Console G2 m\u00eddia virtual CAC 19\\\" 1U +NOVO+ - Cyberlogics Technologies Angola\",\"isPartOf\":{\"@id\":\"https:\\\/\\\/cyberlogics.ao\\\/#website\"},\"primaryImageOfPage\":{\"@id\":\"https:\\\/\\\/cyberlogics.ao\\\/index.php\\\/product\\\/servidor-hp-0x2x16-af618a-16-portas-kvm-switch-console-g2-midia-virtual-cac-19-1u-novo\\\/#primaryimage\"},\"image\":{\"@id\":\"https:\\\/\\\/cyberlogics.ao\\\/index.php\\\/product\\\/servidor-hp-0x2x16-af618a-16-portas-kvm-switch-console-g2-midia-virtual-cac-19-1u-novo\\\/#primaryimage\"},\"thumbnailUrl\":\"https:\\\/\\\/cyberlogics.ao\\\/wp-content\\\/uploads\\\/2025\\\/10\\\/hp-0x2x16-af618a-server-16-port-kvm-switch-console-g2-virtual-media-cac-19-1u-new.jpg\",\"datePublished\":\"2025-10-28T14:23:01+00:00\",\"description\":\"A Maior Loja Online de Angola de Licen\u00e7as Microsoft Office | Chaves Sistemas Operativos Windows | Antiv\u00edrus | Cloud Adobe | Inform\u00e1tica & Servidores | Softwares de Gest\u00e3o ERP | Gaming Hardware | UPS e Baterias & Muito Mais...\",\"breadcrumb\":{\"@id\":\"https:\\\/\\\/cyberlogics.ao\\\/index.php\\\/product\\\/servidor-hp-0x2x16-af618a-16-portas-kvm-switch-console-g2-midia-virtual-cac-19-1u-novo\\\/#breadcrumb\"},\"inLanguage\":\"pt-PT\",\"potentialAction\":[{\"@type\":\"ReadAction\",\"target\":[\"https:\\\/\\\/cyberlogics.ao\\\/index.php\\\/product\\\/servidor-hp-0x2x16-af618a-16-portas-kvm-switch-console-g2-midia-virtual-cac-19-1u-novo\\\/\"]}]},{\"@type\":\"ImageObject\",\"inLanguage\":\"pt-PT\",\"@id\":\"https:\\\/\\\/cyberlogics.ao\\\/index.php\\\/product\\\/servidor-hp-0x2x16-af618a-16-portas-kvm-switch-console-g2-midia-virtual-cac-19-1u-novo\\\/#primaryimage\",\"url\":\"https:\\\/\\\/cyberlogics.ao\\\/wp-content\\\/uploads\\\/2025\\\/10\\\/hp-0x2x16-af618a-server-16-port-kvm-switch-console-g2-virtual-media-cac-19-1u-new.jpg\",\"contentUrl\":\"https:\\\/\\\/cyberlogics.ao\\\/wp-content\\\/uploads\\\/2025\\\/10\\\/hp-0x2x16-af618a-server-16-port-kvm-switch-console-g2-virtual-media-cac-19-1u-new.jpg\",\"width\":140,\"height\":88},{\"@type\":\"BreadcrumbList\",\"@id\":\"https:\\\/\\\/cyberlogics.ao\\\/index.php\\\/product\\\/servidor-hp-0x2x16-af618a-16-portas-kvm-switch-console-g2-midia-virtual-cac-19-1u-novo\\\/#breadcrumb\",\"itemListElement\":[{\"@type\":\"ListItem\",\"position\":1,\"name\":\"In\u00edcio\",\"item\":\"https:\\\/\\\/cyberlogics.ao\\\/\"},{\"@type\":\"ListItem\",\"position\":2,\"name\":\"Produtos\",\"item\":\"https:\\\/\\\/cyberlogics.ao\\\/index.php\\\/shop-2\\\/\"},{\"@type\":\"ListItem\",\"position\":3,\"name\":\"Servidor HP 0x2x16 AF618A 16 portas KVM Switch Console G2 m\u00eddia virtual CAC 19&#8243; 1U +NOVO+\"}]},{\"@type\":\"WebSite\",\"@id\":\"https:\\\/\\\/cyberlogics.ao\\\/#website\",\"url\":\"https:\\\/\\\/cyberlogics.ao\\\/\",\"name\":\"Cyberlogics Technologies Angola\",\"description\":\"Loja Online de Licen\u00e7as de Softwares e Inform\u00e1tica\",\"publisher\":{\"@id\":\"https:\\\/\\\/cyberlogics.ao\\\/#organization\"},\"potentialAction\":[{\"@type\":\"SearchAction\",\"target\":{\"@type\":\"EntryPoint\",\"urlTemplate\":\"https:\\\/\\\/cyberlogics.ao\\\/?s={search_term_string}\"},\"query-input\":{\"@type\":\"PropertyValueSpecification\",\"valueRequired\":true,\"valueName\":\"search_term_string\"}}],\"inLanguage\":\"pt-PT\"},{\"@type\":\"Organization\",\"@id\":\"https:\\\/\\\/cyberlogics.ao\\\/#organization\",\"name\":\"Cyberlogics Ao Technologies - Loja Online de Licen\u00e7as de Softwares e Inform\u00e1tica\",\"url\":\"https:\\\/\\\/cyberlogics.ao\\\/\",\"logo\":{\"@type\":\"ImageObject\",\"inLanguage\":\"pt-PT\",\"@id\":\"https:\\\/\\\/cyberlogics.ao\\\/#\\\/schema\\\/logo\\\/image\\\/\",\"url\":\"https:\\\/\\\/cyberlogics.ao\\\/wp-content\\\/uploads\\\/2022\\\/04\\\/CT-logo.png\",\"contentUrl\":\"https:\\\/\\\/cyberlogics.ao\\\/wp-content\\\/uploads\\\/2022\\\/04\\\/CT-logo.png\",\"width\":190,\"height\":75,\"caption\":\"Cyberlogics Ao Technologies - Loja Online de Licen\u00e7as de Softwares e Inform\u00e1tica\"},\"image\":{\"@id\":\"https:\\\/\\\/cyberlogics.ao\\\/#\\\/schema\\\/logo\\\/image\\\/\"}}]}<\/script>\n<!-- \/ Yoast SEO plugin. -->","yoast_head_json":{"title":"Servidor HP 0x2x16 AF618A 16 portas KVM Switch Console G2 m\u00eddia virtual CAC 19\" 1U +NOVO+ - Cyberlogics Technologies Angola","description":"A Maior Loja Online de Angola de Licen\u00e7as Microsoft Office | Chaves Sistemas Operativos Windows | Antiv\u00edrus | Cloud Adobe | Inform\u00e1tica & Servidores | Softwares de Gest\u00e3o ERP | Gaming Hardware | UPS e Baterias & Muito Mais...","robots":{"index":"index","follow":"follow","max-snippet":"max-snippet:-1","max-image-preview":"max-image-preview:large","max-video-preview":"max-video-preview:-1"},"canonical":"https:\/\/cyberlogics.ao\/index.php\/product\/servidor-hp-0x2x16-af618a-16-portas-kvm-switch-console-g2-midia-virtual-cac-19-1u-novo\/","og_locale":"pt_PT","og_type":"article","og_title":"Servidor HP 0x2x16 AF618A 16 portas KVM Switch Console G2 m\u00eddia virtual CAC 19\" 1U +NOVO+ - Cyberlogics Technologies Angola","og_description":"A Maior Loja Online de Angola de Licen\u00e7as Microsoft Office | Chaves Sistemas Operativos Windows | Antiv\u00edrus | Cloud Adobe | Inform\u00e1tica & Servidores | Softwares de Gest\u00e3o ERP | Gaming Hardware | UPS e Baterias & Muito Mais...","og_url":"https:\/\/cyberlogics.ao\/index.php\/product\/servidor-hp-0x2x16-af618a-16-portas-kvm-switch-console-g2-midia-virtual-cac-19-1u-novo\/","og_site_name":"Cyberlogics Technologies Angola","og_image":[{"width":140,"height":88,"url":"http:\/\/cyberlogics.ao\/wp-content\/uploads\/2025\/10\/hp-0x2x16-af618a-server-16-port-kvm-switch-console-g2-virtual-media-cac-19-1u-new.jpg","type":"image\/jpeg"}],"twitter_card":"summary_large_image","schema":{"@context":"https:\/\/schema.org","@graph":[{"@type":"WebPage","@id":"https:\/\/cyberlogics.ao\/index.php\/product\/servidor-hp-0x2x16-af618a-16-portas-kvm-switch-console-g2-midia-virtual-cac-19-1u-novo\/","url":"https:\/\/cyberlogics.ao\/index.php\/product\/servidor-hp-0x2x16-af618a-16-portas-kvm-switch-console-g2-midia-virtual-cac-19-1u-novo\/","name":"Servidor HP 0x2x16 AF618A 16 portas KVM Switch Console G2 m\u00eddia virtual CAC 19\" 1U +NOVO+ - Cyberlogics Technologies Angola","isPartOf":{"@id":"https:\/\/cyberlogics.ao\/#website"},"primaryImageOfPage":{"@id":"https:\/\/cyberlogics.ao\/index.php\/product\/servidor-hp-0x2x16-af618a-16-portas-kvm-switch-console-g2-midia-virtual-cac-19-1u-novo\/#primaryimage"},"image":{"@id":"https:\/\/cyberlogics.ao\/index.php\/product\/servidor-hp-0x2x16-af618a-16-portas-kvm-switch-console-g2-midia-virtual-cac-19-1u-novo\/#primaryimage"},"thumbnailUrl":"https:\/\/cyberlogics.ao\/wp-content\/uploads\/2025\/10\/hp-0x2x16-af618a-server-16-port-kvm-switch-console-g2-virtual-media-cac-19-1u-new.jpg","datePublished":"2025-10-28T14:23:01+00:00","description":"A Maior Loja Online de Angola de Licen\u00e7as Microsoft Office | Chaves Sistemas Operativos Windows | Antiv\u00edrus | Cloud Adobe | Inform\u00e1tica & Servidores | Softwares de Gest\u00e3o ERP | Gaming Hardware | UPS e Baterias & Muito Mais...","breadcrumb":{"@id":"https:\/\/cyberlogics.ao\/index.php\/product\/servidor-hp-0x2x16-af618a-16-portas-kvm-switch-console-g2-midia-virtual-cac-19-1u-novo\/#breadcrumb"},"inLanguage":"pt-PT","potentialAction":[{"@type":"ReadAction","target":["https:\/\/cyberlogics.ao\/index.php\/product\/servidor-hp-0x2x16-af618a-16-portas-kvm-switch-console-g2-midia-virtual-cac-19-1u-novo\/"]}]},{"@type":"ImageObject","inLanguage":"pt-PT","@id":"https:\/\/cyberlogics.ao\/index.php\/product\/servidor-hp-0x2x16-af618a-16-portas-kvm-switch-console-g2-midia-virtual-cac-19-1u-novo\/#primaryimage","url":"https:\/\/cyberlogics.ao\/wp-content\/uploads\/2025\/10\/hp-0x2x16-af618a-server-16-port-kvm-switch-console-g2-virtual-media-cac-19-1u-new.jpg","contentUrl":"https:\/\/cyberlogics.ao\/wp-content\/uploads\/2025\/10\/hp-0x2x16-af618a-server-16-port-kvm-switch-console-g2-virtual-media-cac-19-1u-new.jpg","width":140,"height":88},{"@type":"BreadcrumbList","@id":"https:\/\/cyberlogics.ao\/index.php\/product\/servidor-hp-0x2x16-af618a-16-portas-kvm-switch-console-g2-midia-virtual-cac-19-1u-novo\/#breadcrumb","itemListElement":[{"@type":"ListItem","position":1,"name":"In\u00edcio","item":"https:\/\/cyberlogics.ao\/"},{"@type":"ListItem","position":2,"name":"Produtos","item":"https:\/\/cyberlogics.ao\/index.php\/shop-2\/"},{"@type":"ListItem","position":3,"name":"Servidor HP 0x2x16 AF618A 16 portas KVM Switch Console G2 m\u00eddia virtual CAC 19&#8243; 1U +NOVO+"}]},{"@type":"WebSite","@id":"https:\/\/cyberlogics.ao\/#website","url":"https:\/\/cyberlogics.ao\/","name":"Cyberlogics Technologies Angola","description":"Loja Online de Licen\u00e7as de Softwares e Inform\u00e1tica","publisher":{"@id":"https:\/\/cyberlogics.ao\/#organization"},"potentialAction":[{"@type":"SearchAction","target":{"@type":"EntryPoint","urlTemplate":"https:\/\/cyberlogics.ao\/?s={search_term_string}"},"query-input":{"@type":"PropertyValueSpecification","valueRequired":true,"valueName":"search_term_string"}}],"inLanguage":"pt-PT"},{"@type":"Organization","@id":"https:\/\/cyberlogics.ao\/#organization","name":"Cyberlogics Ao Technologies - Loja Online de Licen\u00e7as de Softwares e Inform\u00e1tica","url":"https:\/\/cyberlogics.ao\/","logo":{"@type":"ImageObject","inLanguage":"pt-PT","@id":"https:\/\/cyberlogics.ao\/#\/schema\/logo\/image\/","url":"https:\/\/cyberlogics.ao\/wp-content\/uploads\/2022\/04\/CT-logo.png","contentUrl":"https:\/\/cyberlogics.ao\/wp-content\/uploads\/2022\/04\/CT-logo.png","width":190,"height":75,"caption":"Cyberlogics Ao Technologies - Loja Online de Licen\u00e7as de Softwares e Inform\u00e1tica"},"image":{"@id":"https:\/\/cyberlogics.ao\/#\/schema\/logo\/image\/"}}]}},"_links":{"self":[{"href":"https:\/\/cyberlogics.ao\/index.php\/wp-json\/wp\/v2\/product\/10518","targetHints":{"allow":["GET"]}}],"collection":[{"href":"https:\/\/cyberlogics.ao\/index.php\/wp-json\/wp\/v2\/product"}],"about":[{"href":"https:\/\/cyberlogics.ao\/index.php\/wp-json\/wp\/v2\/types\/product"}],"replies":[{"embeddable":true,"href":"https:\/\/cyberlogics.ao\/index.php\/wp-json\/wp\/v2\/comments?post=10518"}],"wp:featuredmedia":[{"embeddable":true,"href":"https:\/\/cyberlogics.ao\/index.php\/wp-json\/wp\/v2\/media\/10525"}],"wp:attachment":[{"href":"https:\/\/cyberlogics.ao\/index.php\/wp-json\/wp\/v2\/media?parent=10518"}],"wp:term":[{"taxonomy":"product_brand","embeddable":true,"href":"https:\/\/cyberlogics.ao\/index.php\/wp-json\/wp\/v2\/product_brand?post=10518"},{"taxonomy":"product_cat","embeddable":true,"href":"https:\/\/cyberlogics.ao\/index.php\/wp-json\/wp\/v2\/product_cat?post=10518"},{"taxonomy":"product_tag","embeddable":true,"href":"https:\/\/cyberlogics.ao\/index.php\/wp-json\/wp\/v2\/product_tag?post=10518"}],"curies":[{"name":"wp","href":"https:\/\/api.w.org\/{rel}","templated":true}]}}