{"id":11158,"date":"2025-12-08T13:23:40","date_gmt":"2025-12-08T13:23:40","guid":{"rendered":"https:\/\/cyberlogics.ao\/?post_type=product&#038;p=11158"},"modified":"2025-12-08T13:23:41","modified_gmt":"2025-12-08T13:23:41","slug":"tablet-blackview-active-10-pro-10-9-12gb256gb-preto","status":"publish","type":"product","link":"https:\/\/cyberlogics.ao\/index.php\/product\/tablet-blackview-active-10-pro-10-9-12gb256gb-preto\/","title":{"rendered":"TABLET BLACKVIEW ACTIVE 10 PRO 10.9&#8242; 12GB+256GB PRETO"},"content":{"rendered":"<table>\n<tbody>\n<tr>\n<td><span dir=\"auto\">Modelo<\/span><\/td>\n<td><span dir=\"auto\">Active 10 Pro<\/span><\/td>\n<\/tr>\n<tr>\n<td><span dir=\"auto\">Cor<\/span><\/td>\n<td><span dir=\"auto\">Preto, laranja<\/span><\/td>\n<\/tr>\n<tr>\n<td><span dir=\"auto\">Dimens\u00e3o<\/span><\/td>\n<td><span dir=\"auto\">267,6*179*19,5MM<\/span><\/td>\n<\/tr>\n<tr>\n<td><span dir=\"auto\">peso<\/span><\/td>\n<td><span dir=\"auto\">1214g<\/span><\/td>\n<\/tr>\n<tr>\n<td><span dir=\"auto\">SO<\/span><\/td>\n<td><span dir=\"auto\">DokeOS_P 4.0 baseado no Android 14<\/span><\/td>\n<\/tr>\n<tr>\n<td>Tela<\/td>\n<td><span dir=\"auto\">10,95 polegadas FHD+IPS, resolu\u00e7\u00e3o 1920*1200 Corning\u00ae Gorilla\u00ae Glass, taxa de atualiza\u00e7\u00e3o din\u00e2mica de 590 Hz<\/span><\/td>\n<\/tr>\n<tr>\n<td><span dir=\"auto\">CPU<\/span><\/td>\n<td><span dir=\"auto\">Octa-core MediaTek Dimensity 7300, at\u00e9 2,5 GHz<\/span><\/td>\n<\/tr>\n<tr>\n<td><span dir=\"auto\">RAM e ROM<\/span><\/td>\n<td><span dir=\"auto\">12 GB de RAM e 512 GB de ROM, LPDDR5+UFS3.1<\/span><\/td>\n<\/tr>\n<tr>\n<td><span dir=\"auto\">Expans\u00e3o TF<\/span><\/td>\n<td><span dir=\"auto\">Expans\u00e3o de at\u00e9 2 TB TF<\/span><\/td>\n<\/tr>\n<tr>\n<td><span dir=\"auto\">Bateria<\/span><\/td>\n<td><span dir=\"auto\">30000mAh; Carregamento r\u00e1pido de 55W<\/span><\/td>\n<\/tr>\n<tr>\n<td><span dir=\"auto\">C\u00e2mera frontal<\/span><\/td>\n<td><span dir=\"auto\">50 MP (samsung ISOCELL JN1)<\/span><\/td>\n<\/tr>\n<tr>\n<td><span dir=\"auto\">C\u00e2mera traseira<\/span><\/td>\n<td><span dir=\"auto\">108 MP (Samsung\u00ae ISOCELL HM6) 20 MP Vis\u00e3o Noturna (SONY IMX376)<\/span><\/td>\n<\/tr>\n<tr>\n<td>Speaker<\/td>\n<td><span dir=\"auto\">Caixa de som est\u00e9reo inteligente BOX Harman Kardon dupla<\/span><\/td>\n<\/tr>\n<tr>\n<td><span dir=\"auto\">Classifica\u00e7\u00e3o robusta<\/span><\/td>\n<td><span dir=\"auto\">IP68 e IP69K e MIL-STD-810H<\/span><\/td>\n<\/tr>\n<tr>\n<td><span dir=\"auto\">Navega\u00e7\u00e3o<\/span><\/td>\n<td><span dir=\"auto\">GPS+GLONASS+Galileo+Beidou<\/span><\/td>\n<\/tr>\n<tr>\n<td><span dir=\"auto\">Slot para cart\u00e3o<\/span><\/td>\n<td><span dir=\"auto\">Duplo; 2*SIM\/1*SIM +1*Cart\u00e3o TF<\/span><\/td>\n<\/tr>\n<tr>\n<td><span dir=\"auto\">Modo Luva<\/span><\/td>\n<td>sim<\/td>\n<\/tr>\n<tr>\n<td><span dir=\"auto\">NFC<\/span><\/td>\n<td>sim<\/td>\n<\/tr>\n<tr>\n<td><span dir=\"auto\">Wi-Fi e Bluetooth<\/span><\/td>\n<td><span dir=\"auto\">Bandas duplas: 2,4G\/5GHz,802.11 ax\/ac\/a\/b\/g\/n, BT 5.4<\/span><\/td>\n<\/tr>\n<tr>\n<td><span dir=\"auto\">Conectividade de rede<\/span><\/td>\n<td><span dir=\"auto\">Banda 2G: B2\/3\/5\/8 Banda 3G: B1\/2\/4\/5\/6\/8\/19(RXD)+BC0\/BC1\/BC10(RXD) Banda 4G: B1\/2\/3\/4\/5\/7\/8\/12\/13\/17\/18\/19\/20\/25\/26\/28A\/28B\/30\/66+B34\/38\/39\/40\/41 Banda 5G: N1\/3\/5\/7\/8\/20\/28\/38\/40\/41\/77\/78<\/span><\/td>\n<\/tr>\n<\/tbody>\n<\/table>\n","protected":false},"excerpt":{"rendered":"<p><label>Marca:<\/label>\u00a0<span class=\"editable\">BlackView<\/span><br \/>\n<label>Part-Number:<\/label>\u00a0<span class=\"editable\">6931548318798<\/span><\/p>\n","protected":false},"featured_media":11159,"comment_status":"open","ping_status":"closed","template":"","meta":{"_joinchat":[]},"product_brand":[825],"product_cat":[373,374],"product_tag":[],"class_list":{"0":"post-11158","1":"product","2":"type-product","3":"status-publish","4":"has-post-thumbnail","6":"product_brand-blackview","7":"product_cat-smart-phones-e-tablets","8":"product_cat-tablets","10":"first","11":"instock","12":"shipping-taxable","13":"purchasable","14":"product-type-simple"},"yoast_head":"<!-- This site is optimized with the Yoast SEO plugin v27.4 - https:\/\/yoast.com\/product\/yoast-seo-wordpress\/ -->\n<title>TABLET BLACKVIEW ACTIVE 10 PRO 10.9&#039; 12GB+256GB PRETO - Cyberlogics Technologies Angola<\/title>\n<meta name=\"description\" content=\"A Maior Loja Online de Angola de Licen\u00e7as Microsoft Office | Chaves Sistemas Operativos Windows | Antiv\u00edrus | Cloud Adobe | Inform\u00e1tica &amp; Servidores | Softwares de Gest\u00e3o ERP | Gaming Hardware | UPS e Baterias &amp; Muito Mais...\" \/>\n<meta name=\"robots\" content=\"index, follow, max-snippet:-1, max-image-preview:large, max-video-preview:-1\" \/>\n<link rel=\"canonical\" href=\"https:\/\/cyberlogics.ao\/index.php\/product\/tablet-blackview-active-10-pro-10-9-12gb256gb-preto\/\" \/>\n<meta property=\"og:locale\" content=\"pt_PT\" \/>\n<meta property=\"og:type\" content=\"article\" \/>\n<meta property=\"og:title\" content=\"TABLET BLACKVIEW ACTIVE 10 PRO 10.9&#039; 12GB+256GB PRETO - Cyberlogics Technologies Angola\" \/>\n<meta property=\"og:description\" content=\"A Maior Loja Online de Angola de Licen\u00e7as Microsoft Office | Chaves Sistemas Operativos Windows | Antiv\u00edrus | Cloud Adobe | Inform\u00e1tica &amp; Servidores | Softwares de Gest\u00e3o ERP | Gaming Hardware | UPS e Baterias &amp; Muito Mais...\" \/>\n<meta property=\"og:url\" content=\"https:\/\/cyberlogics.ao\/index.php\/product\/tablet-blackview-active-10-pro-10-9-12gb256gb-preto\/\" \/>\n<meta property=\"og:site_name\" content=\"Cyberlogics Technologies Angola\" \/>\n<meta property=\"article:modified_time\" content=\"2025-12-08T13:23:41+00:00\" \/>\n<meta property=\"og:image\" content=\"http:\/\/cyberlogics.ao\/wp-content\/uploads\/2025\/12\/tablet-blackview-active-10-pro-109-12gb256gb-preto.jpg\" \/>\n\t<meta property=\"og:image:width\" content=\"400\" \/>\n\t<meta property=\"og:image:height\" content=\"400\" \/>\n\t<meta property=\"og:image:type\" content=\"image\/jpeg\" \/>\n<meta name=\"twitter:card\" content=\"summary_large_image\" \/>\n<meta name=\"twitter:label1\" content=\"Tempo estimado de leitura\" \/>\n\t<meta name=\"twitter:data1\" content=\"1 minuto\" \/>\n<script type=\"application\/ld+json\" class=\"yoast-schema-graph\">{\"@context\":\"https:\\\/\\\/schema.org\",\"@graph\":[{\"@type\":\"WebPage\",\"@id\":\"https:\\\/\\\/cyberlogics.ao\\\/index.php\\\/product\\\/tablet-blackview-active-10-pro-10-9-12gb256gb-preto\\\/\",\"url\":\"https:\\\/\\\/cyberlogics.ao\\\/index.php\\\/product\\\/tablet-blackview-active-10-pro-10-9-12gb256gb-preto\\\/\",\"name\":\"TABLET BLACKVIEW ACTIVE 10 PRO 10.9' 12GB+256GB PRETO - Cyberlogics Technologies Angola\",\"isPartOf\":{\"@id\":\"https:\\\/\\\/cyberlogics.ao\\\/#website\"},\"primaryImageOfPage\":{\"@id\":\"https:\\\/\\\/cyberlogics.ao\\\/index.php\\\/product\\\/tablet-blackview-active-10-pro-10-9-12gb256gb-preto\\\/#primaryimage\"},\"image\":{\"@id\":\"https:\\\/\\\/cyberlogics.ao\\\/index.php\\\/product\\\/tablet-blackview-active-10-pro-10-9-12gb256gb-preto\\\/#primaryimage\"},\"thumbnailUrl\":\"https:\\\/\\\/cyberlogics.ao\\\/wp-content\\\/uploads\\\/2025\\\/12\\\/tablet-blackview-active-10-pro-109-12gb256gb-preto.jpg\",\"datePublished\":\"2025-12-08T13:23:40+00:00\",\"dateModified\":\"2025-12-08T13:23:41+00:00\",\"description\":\"A Maior Loja Online de Angola de Licen\u00e7as Microsoft Office | Chaves Sistemas Operativos Windows | Antiv\u00edrus | Cloud Adobe | Inform\u00e1tica & Servidores | Softwares de Gest\u00e3o ERP | Gaming Hardware | UPS e Baterias & Muito Mais...\",\"breadcrumb\":{\"@id\":\"https:\\\/\\\/cyberlogics.ao\\\/index.php\\\/product\\\/tablet-blackview-active-10-pro-10-9-12gb256gb-preto\\\/#breadcrumb\"},\"inLanguage\":\"pt-PT\",\"potentialAction\":[{\"@type\":\"ReadAction\",\"target\":[\"https:\\\/\\\/cyberlogics.ao\\\/index.php\\\/product\\\/tablet-blackview-active-10-pro-10-9-12gb256gb-preto\\\/\"]}]},{\"@type\":\"ImageObject\",\"inLanguage\":\"pt-PT\",\"@id\":\"https:\\\/\\\/cyberlogics.ao\\\/index.php\\\/product\\\/tablet-blackview-active-10-pro-10-9-12gb256gb-preto\\\/#primaryimage\",\"url\":\"https:\\\/\\\/cyberlogics.ao\\\/wp-content\\\/uploads\\\/2025\\\/12\\\/tablet-blackview-active-10-pro-109-12gb256gb-preto.jpg\",\"contentUrl\":\"https:\\\/\\\/cyberlogics.ao\\\/wp-content\\\/uploads\\\/2025\\\/12\\\/tablet-blackview-active-10-pro-109-12gb256gb-preto.jpg\",\"width\":400,\"height\":400},{\"@type\":\"BreadcrumbList\",\"@id\":\"https:\\\/\\\/cyberlogics.ao\\\/index.php\\\/product\\\/tablet-blackview-active-10-pro-10-9-12gb256gb-preto\\\/#breadcrumb\",\"itemListElement\":[{\"@type\":\"ListItem\",\"position\":1,\"name\":\"In\u00edcio\",\"item\":\"https:\\\/\\\/cyberlogics.ao\\\/\"},{\"@type\":\"ListItem\",\"position\":2,\"name\":\"Produtos\",\"item\":\"https:\\\/\\\/cyberlogics.ao\\\/index.php\\\/shop-2\\\/\"},{\"@type\":\"ListItem\",\"position\":3,\"name\":\"TABLET BLACKVIEW ACTIVE 10 PRO 10.9&#8242; 12GB+256GB PRETO\"}]},{\"@type\":\"WebSite\",\"@id\":\"https:\\\/\\\/cyberlogics.ao\\\/#website\",\"url\":\"https:\\\/\\\/cyberlogics.ao\\\/\",\"name\":\"Cyberlogics Technologies Angola\",\"description\":\"Loja Online de Licen\u00e7as de Softwares e Inform\u00e1tica\",\"publisher\":{\"@id\":\"https:\\\/\\\/cyberlogics.ao\\\/#organization\"},\"potentialAction\":[{\"@type\":\"SearchAction\",\"target\":{\"@type\":\"EntryPoint\",\"urlTemplate\":\"https:\\\/\\\/cyberlogics.ao\\\/?s={search_term_string}\"},\"query-input\":{\"@type\":\"PropertyValueSpecification\",\"valueRequired\":true,\"valueName\":\"search_term_string\"}}],\"inLanguage\":\"pt-PT\"},{\"@type\":\"Organization\",\"@id\":\"https:\\\/\\\/cyberlogics.ao\\\/#organization\",\"name\":\"Cyberlogics Ao Technologies - Loja Online de Licen\u00e7as de Softwares e Inform\u00e1tica\",\"url\":\"https:\\\/\\\/cyberlogics.ao\\\/\",\"logo\":{\"@type\":\"ImageObject\",\"inLanguage\":\"pt-PT\",\"@id\":\"https:\\\/\\\/cyberlogics.ao\\\/#\\\/schema\\\/logo\\\/image\\\/\",\"url\":\"https:\\\/\\\/cyberlogics.ao\\\/wp-content\\\/uploads\\\/2022\\\/04\\\/CT-logo.png\",\"contentUrl\":\"https:\\\/\\\/cyberlogics.ao\\\/wp-content\\\/uploads\\\/2022\\\/04\\\/CT-logo.png\",\"width\":190,\"height\":75,\"caption\":\"Cyberlogics Ao Technologies - Loja Online de Licen\u00e7as de Softwares e Inform\u00e1tica\"},\"image\":{\"@id\":\"https:\\\/\\\/cyberlogics.ao\\\/#\\\/schema\\\/logo\\\/image\\\/\"}}]}<\/script>\n<!-- \/ Yoast SEO plugin. -->","yoast_head_json":{"title":"TABLET BLACKVIEW ACTIVE 10 PRO 10.9' 12GB+256GB PRETO - Cyberlogics Technologies Angola","description":"A Maior Loja Online de Angola de Licen\u00e7as Microsoft Office | Chaves Sistemas Operativos Windows | Antiv\u00edrus | Cloud Adobe | Inform\u00e1tica & Servidores | Softwares de Gest\u00e3o ERP | Gaming Hardware | UPS e Baterias & Muito Mais...","robots":{"index":"index","follow":"follow","max-snippet":"max-snippet:-1","max-image-preview":"max-image-preview:large","max-video-preview":"max-video-preview:-1"},"canonical":"https:\/\/cyberlogics.ao\/index.php\/product\/tablet-blackview-active-10-pro-10-9-12gb256gb-preto\/","og_locale":"pt_PT","og_type":"article","og_title":"TABLET BLACKVIEW ACTIVE 10 PRO 10.9' 12GB+256GB PRETO - Cyberlogics Technologies Angola","og_description":"A Maior Loja Online de Angola de Licen\u00e7as Microsoft Office | Chaves Sistemas Operativos Windows | Antiv\u00edrus | Cloud Adobe | Inform\u00e1tica & Servidores | Softwares de Gest\u00e3o ERP | Gaming Hardware | UPS e Baterias & Muito Mais...","og_url":"https:\/\/cyberlogics.ao\/index.php\/product\/tablet-blackview-active-10-pro-10-9-12gb256gb-preto\/","og_site_name":"Cyberlogics Technologies Angola","article_modified_time":"2025-12-08T13:23:41+00:00","og_image":[{"width":400,"height":400,"url":"http:\/\/cyberlogics.ao\/wp-content\/uploads\/2025\/12\/tablet-blackview-active-10-pro-109-12gb256gb-preto.jpg","type":"image\/jpeg"}],"twitter_card":"summary_large_image","twitter_misc":{"Tempo estimado de leitura":"1 minuto"},"schema":{"@context":"https:\/\/schema.org","@graph":[{"@type":"WebPage","@id":"https:\/\/cyberlogics.ao\/index.php\/product\/tablet-blackview-active-10-pro-10-9-12gb256gb-preto\/","url":"https:\/\/cyberlogics.ao\/index.php\/product\/tablet-blackview-active-10-pro-10-9-12gb256gb-preto\/","name":"TABLET BLACKVIEW ACTIVE 10 PRO 10.9' 12GB+256GB PRETO - Cyberlogics Technologies Angola","isPartOf":{"@id":"https:\/\/cyberlogics.ao\/#website"},"primaryImageOfPage":{"@id":"https:\/\/cyberlogics.ao\/index.php\/product\/tablet-blackview-active-10-pro-10-9-12gb256gb-preto\/#primaryimage"},"image":{"@id":"https:\/\/cyberlogics.ao\/index.php\/product\/tablet-blackview-active-10-pro-10-9-12gb256gb-preto\/#primaryimage"},"thumbnailUrl":"https:\/\/cyberlogics.ao\/wp-content\/uploads\/2025\/12\/tablet-blackview-active-10-pro-109-12gb256gb-preto.jpg","datePublished":"2025-12-08T13:23:40+00:00","dateModified":"2025-12-08T13:23:41+00:00","description":"A Maior Loja Online de Angola de Licen\u00e7as Microsoft Office | Chaves Sistemas Operativos Windows | Antiv\u00edrus | Cloud Adobe | Inform\u00e1tica & Servidores | Softwares de Gest\u00e3o ERP | Gaming Hardware | UPS e Baterias & Muito Mais...","breadcrumb":{"@id":"https:\/\/cyberlogics.ao\/index.php\/product\/tablet-blackview-active-10-pro-10-9-12gb256gb-preto\/#breadcrumb"},"inLanguage":"pt-PT","potentialAction":[{"@type":"ReadAction","target":["https:\/\/cyberlogics.ao\/index.php\/product\/tablet-blackview-active-10-pro-10-9-12gb256gb-preto\/"]}]},{"@type":"ImageObject","inLanguage":"pt-PT","@id":"https:\/\/cyberlogics.ao\/index.php\/product\/tablet-blackview-active-10-pro-10-9-12gb256gb-preto\/#primaryimage","url":"https:\/\/cyberlogics.ao\/wp-content\/uploads\/2025\/12\/tablet-blackview-active-10-pro-109-12gb256gb-preto.jpg","contentUrl":"https:\/\/cyberlogics.ao\/wp-content\/uploads\/2025\/12\/tablet-blackview-active-10-pro-109-12gb256gb-preto.jpg","width":400,"height":400},{"@type":"BreadcrumbList","@id":"https:\/\/cyberlogics.ao\/index.php\/product\/tablet-blackview-active-10-pro-10-9-12gb256gb-preto\/#breadcrumb","itemListElement":[{"@type":"ListItem","position":1,"name":"In\u00edcio","item":"https:\/\/cyberlogics.ao\/"},{"@type":"ListItem","position":2,"name":"Produtos","item":"https:\/\/cyberlogics.ao\/index.php\/shop-2\/"},{"@type":"ListItem","position":3,"name":"TABLET BLACKVIEW ACTIVE 10 PRO 10.9&#8242; 12GB+256GB PRETO"}]},{"@type":"WebSite","@id":"https:\/\/cyberlogics.ao\/#website","url":"https:\/\/cyberlogics.ao\/","name":"Cyberlogics Technologies Angola","description":"Loja Online de Licen\u00e7as de Softwares e Inform\u00e1tica","publisher":{"@id":"https:\/\/cyberlogics.ao\/#organization"},"potentialAction":[{"@type":"SearchAction","target":{"@type":"EntryPoint","urlTemplate":"https:\/\/cyberlogics.ao\/?s={search_term_string}"},"query-input":{"@type":"PropertyValueSpecification","valueRequired":true,"valueName":"search_term_string"}}],"inLanguage":"pt-PT"},{"@type":"Organization","@id":"https:\/\/cyberlogics.ao\/#organization","name":"Cyberlogics Ao Technologies - Loja Online de Licen\u00e7as de Softwares e Inform\u00e1tica","url":"https:\/\/cyberlogics.ao\/","logo":{"@type":"ImageObject","inLanguage":"pt-PT","@id":"https:\/\/cyberlogics.ao\/#\/schema\/logo\/image\/","url":"https:\/\/cyberlogics.ao\/wp-content\/uploads\/2022\/04\/CT-logo.png","contentUrl":"https:\/\/cyberlogics.ao\/wp-content\/uploads\/2022\/04\/CT-logo.png","width":190,"height":75,"caption":"Cyberlogics Ao Technologies - Loja Online de Licen\u00e7as de Softwares e Inform\u00e1tica"},"image":{"@id":"https:\/\/cyberlogics.ao\/#\/schema\/logo\/image\/"}}]}},"_links":{"self":[{"href":"https:\/\/cyberlogics.ao\/index.php\/wp-json\/wp\/v2\/product\/11158","targetHints":{"allow":["GET"]}}],"collection":[{"href":"https:\/\/cyberlogics.ao\/index.php\/wp-json\/wp\/v2\/product"}],"about":[{"href":"https:\/\/cyberlogics.ao\/index.php\/wp-json\/wp\/v2\/types\/product"}],"replies":[{"embeddable":true,"href":"https:\/\/cyberlogics.ao\/index.php\/wp-json\/wp\/v2\/comments?post=11158"}],"wp:featuredmedia":[{"embeddable":true,"href":"https:\/\/cyberlogics.ao\/index.php\/wp-json\/wp\/v2\/media\/11159"}],"wp:attachment":[{"href":"https:\/\/cyberlogics.ao\/index.php\/wp-json\/wp\/v2\/media?parent=11158"}],"wp:term":[{"taxonomy":"product_brand","embeddable":true,"href":"https:\/\/cyberlogics.ao\/index.php\/wp-json\/wp\/v2\/product_brand?post=11158"},{"taxonomy":"product_cat","embeddable":true,"href":"https:\/\/cyberlogics.ao\/index.php\/wp-json\/wp\/v2\/product_cat?post=11158"},{"taxonomy":"product_tag","embeddable":true,"href":"https:\/\/cyberlogics.ao\/index.php\/wp-json\/wp\/v2\/product_tag?post=11158"}],"curies":[{"name":"wp","href":"https:\/\/api.w.org\/{rel}","templated":true}]}}