{"id":11364,"date":"2026-03-03T10:57:59","date_gmt":"2026-03-03T10:57:59","guid":{"rendered":"https:\/\/cyberlogics.ao\/?post_type=product&#038;p=11364"},"modified":"2026-03-03T10:57:59","modified_gmt":"2026-03-03T10:57:59","slug":"dell-27-monitor-u2725qe-686-cm-27inch-uhd-4k-3840x2160-ips-black-led-hdmi-dp-thunderbolt-hub-140w-rj-45-25gbe-3ybwae-part-number-dell-u2725qe-ean-5397184923405","status":"publish","type":"product","link":"https:\/\/cyberlogics.ao\/index.php\/product\/dell-27-monitor-u2725qe-686-cm-27inch-uhd-4k-3840x2160-ips-black-led-hdmi-dp-thunderbolt-hub-140w-rj-45-25gbe-3ybwae-part-number-dell-u2725qe-ean-5397184923405\/","title":{"rendered":"DELL 27 Monitor U2725QE 68,6 cm 27&#8243;inch UHD 4K 3840&#215;2160 IPS Black LED HDMI DP Thunderbolt HUB 140W RJ-45 2,5GbE 3YBWAE Part number: DELL-U2725QE EAN: 5397184923405"},"content":{"rendered":"<div id=\"attribute_technicalSpecification\" class=\"attribute-desc-section \">\n<div id=\"description-specification\" class=\"attribute-desc-section__content\">\n<div class=\"tab-content tab-content-description\">\n<div class=\"new-specification\">\n<div class=\"features-group\">\n<div class=\"features-group-title\">Monitores<\/div>\n<div class=\"features-group-row\">\n<div class=\"single-feature-label\" data-feature-id=\"icecat_automatic_11417_5\">Propor\u00e7\u00e3o de imagem nativa<\/div>\n<div class=\"single-feature-value\">\n<div class=\"features-group-row__value-text\">16:9<\/div>\n<\/div>\n<\/div>\n<div class=\"features-group-row\">\n<div class=\"single-feature-label\" data-feature-id=\"icecat_automatic_944_5\">Tamanho do ecr\u00e3 na diagonal<\/div>\n<div class=\"single-feature-value\">\n<div class=\"features-group-row__value-text\">27 in<\/div>\n<\/div>\n<\/div>\n<div class=\"features-group-row\">\n<div class=\"single-feature-label\" data-feature-id=\"icecat_automatic_15285_5\">Tipo de painel<\/div>\n<div class=\"single-feature-value\">\n<div class=\"features-group-row__value-text\">IPS<\/div>\n<\/div>\n<\/div>\n<div class=\"features-group-row\">\n<div class=\"single-feature-label\" data-feature-id=\"icecat_automatic_4963_5\">Ecr\u00e3 t\u00e1ctil<\/div>\n<div class=\"single-feature-value\">\n<div class=\"features-group-row__value-text\">N\u00e3o<\/div>\n<\/div>\n<\/div>\n<div class=\"features-group-row\">\n<div class=\"single-feature-label\" data-feature-id=\"icecat_automatic_7450_5\">Taxa m\u00e1xima de actualiza\u00e7\u00e3o<\/div>\n<div class=\"single-feature-value\">\n<div class=\"features-group-row__value-text\">120.0000<\/div>\n<\/div>\n<\/div>\n<div class=\"features-group-row\">\n<div class=\"single-feature-label\" data-feature-id=\"icecat_automatic_1585_5\">Resolu\u00e7\u00e3o<\/div>\n<div class=\"single-feature-value\">\n<div class=\"features-group-row__value-text\">3840 x 2160<\/div>\n<\/div>\n<\/div>\n<\/div>\n<div class=\"features-group\">\n<div class=\"features-group-title\">Gest\u00e3o de energia<\/div>\n<div class=\"features-group-row\">\n<div class=\"single-feature-label\" data-feature-id=\"icecat_automatic_42856_27\">Classe de efici\u00eancia energ\u00e9tica (SDR)<\/div>\n<div class=\"single-feature-value\">\n<div class=\"features-group-row__value-text\">F<\/div>\n<\/div>\n<\/div>\n<div class=\"features-group-row\">\n<div class=\"single-feature-label\" data-feature-id=\"icecat_automatic_39201_27\">Escala de efici\u00eancia energ\u00e9tica<\/div>\n<div class=\"single-feature-value\">\n<div class=\"features-group-row__value-text\">A a G<\/div>\n<\/div>\n<\/div>\n<\/div>\n<\/div>\n<\/div>\n<\/div>\n<\/div>\n<div id=\"attribute_productSafety\" class=\"attribute-desc-section \">\n<div class=\"attribute-desc-section__title\">\n<h2>Seguran\u00e7a do produto<\/h2>\n<\/div>\n<div class=\"attribute-desc-section__content\">\n<div class=\"new-specification\">\n<div class=\"features-group\">\n<div class=\"features-group-title\">Dados do fabricante<\/div>\n<div class=\"features-group-row\">\n<div class=\"single-feature-label\">Nome<\/div>\n<div class=\"single-feature-value\">\n<div class=\"features-group-row__value-text\">Dell Technologies<\/div>\n<\/div>\n<\/div>\n<div class=\"features-group-row\">\n<div class=\"single-feature-label\">Endere\u00e7o<\/div>\n<div class=\"single-feature-value\">\n<div class=\"features-group-row__value-text\">One Dell Way, Round Rock, TX 78682, United States<\/div>\n<\/div>\n<\/div>\n<div class=\"features-group-row\">\n<div class=\"single-feature-label\">Site web<\/div>\n<div class=\"single-feature-value\">\n<div class=\"features-group-row__value-text\">https:\/\/www.dell.com\/<\/div>\n<\/div>\n<\/div>\n<div class=\"features-group-row\">\n<div class=\"single-feature-label\">E-mail<\/div>\n<div class=\"single-feature-value\">\n<div class=\"features-group-row__value-text\">info@dell.com<\/div>\n<\/div>\n<\/div>\n<\/div>\n<div class=\"features-group\">\n<div class=\"features-group-title\">Entidade respons\u00e1vel<\/div>\n<div class=\"features-group-row\">\n<div class=\"single-feature-label\">Nome<\/div>\n<div class=\"single-feature-value\">\n<div class=\"features-group-row__value-text\">Dell Technologies Deutschland GmbH<\/div>\n<\/div>\n<\/div>\n<div class=\"features-group-row\">\n<div class=\"single-feature-label\">Endere\u00e7o<\/div>\n<div class=\"single-feature-value\">\n<div class=\"features-group-row__value-text\">Unterschweinstiege 10, 60549 Frankfurt am Main, Germany<\/div>\n<\/div>\n<\/div>\n<div class=\"features-group-row\">\n<div class=\"single-feature-label\">Site web<\/div>\n<div class=\"single-feature-value\">\n<div class=\"features-group-row__value-text\">https:\/\/www.dell.de\/<\/div>\n<\/div>\n<\/div>\n<div class=\"features-group-row\">\n<div class=\"single-feature-label\">E-mail<\/div>\n<div class=\"single-feature-value\">\n<div class=\"features-group-row__value-text\">kontakt@dell.com<\/div>\n<\/div>\n<\/div>\n<\/div>\n<\/div>\n<\/div>\n<\/div>\n","protected":false},"excerpt":{"rendered":"<div class=\"product-info-main\">\n<div class=\"attribute-desc-section__attribute attribute-desc-section__attribute--key-features\">\n<div class=\"icecat-bulletpoints bulletpoints\">\n<p>Diagonal: 27&#8243;<\/p>\n<p>&gt;Resolu\u00e7\u00e3o \/ taxa de atualiza\u00e7\u00e3o: 3840 x 2160<\/p>\n<p>&gt;Tecnologia do painel: Tecnologia IPS Black<\/p>\n<p>&gt;Possibilidade de ajuste: Rota\u00e7\u00e3o, Altura, Inclina\u00e7\u00e3o, Inclina\u00e7\u00e3o lateral<\/p>\n<p>&gt;Gama de cores: DCI-P3 99% (CIE1976) (t\u00edpico), P3 99%, 100% (CIE1931) sRGB (t\u00edpico), BT.709 100%, Delta E &lt;1.5 (M\u00e9dia)<\/p>\n<p>&gt;Portos: 1x DisplayPort 1.4, 1x HDMI, 2x Thunderbolt 4, 1x USB-C, 4x USB tipo A, 1x RJ45, 1x sa\u00edda de \u00e1udio 2.0<\/p>\n<\/div>\n<\/div>\n<\/div>\n<div id=\"energy-label\" class=\"energy-label-box additional-info-block additional-info-block--energy-label\"><a class=\"show-energy-label\" href=\"https:\/\/gfx3.senetic.com\/akeneo-catalog\/1\/7\/9\/e\/179e49daa7d5bf04ca106a55091e82cf94c65109_1762059_DELL_U2725QE_icecat_multimedia_eu_energy_label_1_pt_PT.pdf\" target=\"_blank\" rel=\"noopener\"><img decoding=\"async\" src=\"https:\/\/gfx2.senetic.com\/gfx\/energy_label\/energy_label_F.png\" \/><\/a><a class=\"show-product-information\" href=\"https:\/\/gfx3.senetic.com\/akeneo-catalog\/3\/3\/4\/3\/33438eff12761f12bf7247c0302632cae4c59a21_1762059_DELL_U2725QE_icecat_multimedia_eu_product_fiche_1_pt_PT.pdf\" target=\"_blank\" rel=\"noopener\">Ficha de informa\u00e7\u00e3o do produto<\/a><\/div>\n","protected":false},"featured_media":11365,"comment_status":"open","ping_status":"closed","template":"","meta":{"_joinchat":[]},"product_brand":[838],"product_cat":[651,378],"product_tag":[],"class_list":{"0":"post-11364","1":"product","2":"type-product","3":"status-publish","4":"has-post-thumbnail","6":"product_brand-dell","7":"product_cat-computadores-e-monitores","8":"product_cat-informatica","10":"first","11":"instock","12":"shipping-taxable","13":"purchasable","14":"product-type-simple"},"yoast_head":"<!-- This site is optimized with the Yoast SEO plugin v27.3 - https:\/\/yoast.com\/product\/yoast-seo-wordpress\/ -->\n<title>DELL 27 Monitor U2725QE 68,6 cm 27&quot;inch UHD 4K 3840x2160 IPS Black LED HDMI DP Thunderbolt HUB 140W RJ-45 2,5GbE 3YBWAE Part number: DELL-U2725QE EAN: 5397184923405 - Cyberlogics Technologies Angola<\/title>\n<meta name=\"description\" content=\"A Maior Loja Online de Angola de Licen\u00e7as Microsoft Office | Chaves Sistemas Operativos Windows | Antiv\u00edrus | Cloud Adobe | Inform\u00e1tica &amp; Servidores | Softwares de Gest\u00e3o ERP | Gaming Hardware | UPS e Baterias &amp; Muito Mais...\" \/>\n<meta name=\"robots\" content=\"index, follow, max-snippet:-1, max-image-preview:large, max-video-preview:-1\" \/>\n<link rel=\"canonical\" href=\"https:\/\/cyberlogics.ao\/index.php\/product\/dell-27-monitor-u2725qe-686-cm-27inch-uhd-4k-3840x2160-ips-black-led-hdmi-dp-thunderbolt-hub-140w-rj-45-25gbe-3ybwae-part-number-dell-u2725qe-ean-5397184923405\/\" \/>\n<meta property=\"og:locale\" content=\"pt_PT\" \/>\n<meta property=\"og:type\" content=\"article\" \/>\n<meta property=\"og:title\" content=\"DELL 27 Monitor U2725QE 68,6 cm 27&quot;inch UHD 4K 3840x2160 IPS Black LED HDMI DP Thunderbolt HUB 140W RJ-45 2,5GbE 3YBWAE Part number: DELL-U2725QE EAN: 5397184923405 - Cyberlogics Technologies Angola\" \/>\n<meta property=\"og:description\" content=\"A Maior Loja Online de Angola de Licen\u00e7as Microsoft Office | Chaves Sistemas Operativos Windows | Antiv\u00edrus | Cloud Adobe | Inform\u00e1tica &amp; Servidores | Softwares de Gest\u00e3o ERP | Gaming Hardware | UPS e Baterias &amp; Muito Mais...\" \/>\n<meta property=\"og:url\" content=\"https:\/\/cyberlogics.ao\/index.php\/product\/dell-27-monitor-u2725qe-686-cm-27inch-uhd-4k-3840x2160-ips-black-led-hdmi-dp-thunderbolt-hub-140w-rj-45-25gbe-3ybwae-part-number-dell-u2725qe-ean-5397184923405\/\" \/>\n<meta property=\"og:site_name\" content=\"Cyberlogics Technologies Angola\" \/>\n<meta property=\"og:image\" content=\"http:\/\/cyberlogics.ao\/wp-content\/uploads\/2026\/03\/9b7a6bb642530b25b256459ab84441df91124e7a_1749522_DELL_U4025QW_image7-1.webp\" \/>\n\t<meta property=\"og:image:width\" content=\"1352\" \/>\n\t<meta property=\"og:image:height\" content=\"1200\" \/>\n\t<meta property=\"og:image:type\" content=\"image\/webp\" \/>\n<meta name=\"twitter:card\" content=\"summary_large_image\" \/>\n<meta name=\"twitter:label1\" content=\"Tempo estimado de leitura\" \/>\n\t<meta name=\"twitter:data1\" content=\"1 minuto\" \/>\n<script type=\"application\/ld+json\" class=\"yoast-schema-graph\">{\"@context\":\"https:\\\/\\\/schema.org\",\"@graph\":[{\"@type\":\"WebPage\",\"@id\":\"https:\\\/\\\/cyberlogics.ao\\\/index.php\\\/product\\\/dell-27-monitor-u2725qe-686-cm-27inch-uhd-4k-3840x2160-ips-black-led-hdmi-dp-thunderbolt-hub-140w-rj-45-25gbe-3ybwae-part-number-dell-u2725qe-ean-5397184923405\\\/\",\"url\":\"https:\\\/\\\/cyberlogics.ao\\\/index.php\\\/product\\\/dell-27-monitor-u2725qe-686-cm-27inch-uhd-4k-3840x2160-ips-black-led-hdmi-dp-thunderbolt-hub-140w-rj-45-25gbe-3ybwae-part-number-dell-u2725qe-ean-5397184923405\\\/\",\"name\":\"DELL 27 Monitor U2725QE 68,6 cm 27\\\"inch UHD 4K 3840x2160 IPS Black LED HDMI DP Thunderbolt HUB 140W RJ-45 2,5GbE 3YBWAE Part number: DELL-U2725QE EAN: 5397184923405 - Cyberlogics Technologies Angola\",\"isPartOf\":{\"@id\":\"https:\\\/\\\/cyberlogics.ao\\\/#website\"},\"primaryImageOfPage\":{\"@id\":\"https:\\\/\\\/cyberlogics.ao\\\/index.php\\\/product\\\/dell-27-monitor-u2725qe-686-cm-27inch-uhd-4k-3840x2160-ips-black-led-hdmi-dp-thunderbolt-hub-140w-rj-45-25gbe-3ybwae-part-number-dell-u2725qe-ean-5397184923405\\\/#primaryimage\"},\"image\":{\"@id\":\"https:\\\/\\\/cyberlogics.ao\\\/index.php\\\/product\\\/dell-27-monitor-u2725qe-686-cm-27inch-uhd-4k-3840x2160-ips-black-led-hdmi-dp-thunderbolt-hub-140w-rj-45-25gbe-3ybwae-part-number-dell-u2725qe-ean-5397184923405\\\/#primaryimage\"},\"thumbnailUrl\":\"https:\\\/\\\/cyberlogics.ao\\\/wp-content\\\/uploads\\\/2026\\\/03\\\/9b7a6bb642530b25b256459ab84441df91124e7a_1749522_DELL_U4025QW_image7-1.webp\",\"datePublished\":\"2026-03-03T10:57:59+00:00\",\"description\":\"A Maior Loja Online de Angola de Licen\u00e7as Microsoft Office | Chaves Sistemas Operativos Windows | Antiv\u00edrus | Cloud Adobe | Inform\u00e1tica & Servidores | Softwares de Gest\u00e3o ERP | Gaming Hardware | UPS e Baterias & Muito Mais...\",\"breadcrumb\":{\"@id\":\"https:\\\/\\\/cyberlogics.ao\\\/index.php\\\/product\\\/dell-27-monitor-u2725qe-686-cm-27inch-uhd-4k-3840x2160-ips-black-led-hdmi-dp-thunderbolt-hub-140w-rj-45-25gbe-3ybwae-part-number-dell-u2725qe-ean-5397184923405\\\/#breadcrumb\"},\"inLanguage\":\"pt-PT\",\"potentialAction\":[{\"@type\":\"ReadAction\",\"target\":[\"https:\\\/\\\/cyberlogics.ao\\\/index.php\\\/product\\\/dell-27-monitor-u2725qe-686-cm-27inch-uhd-4k-3840x2160-ips-black-led-hdmi-dp-thunderbolt-hub-140w-rj-45-25gbe-3ybwae-part-number-dell-u2725qe-ean-5397184923405\\\/\"]}]},{\"@type\":\"ImageObject\",\"inLanguage\":\"pt-PT\",\"@id\":\"https:\\\/\\\/cyberlogics.ao\\\/index.php\\\/product\\\/dell-27-monitor-u2725qe-686-cm-27inch-uhd-4k-3840x2160-ips-black-led-hdmi-dp-thunderbolt-hub-140w-rj-45-25gbe-3ybwae-part-number-dell-u2725qe-ean-5397184923405\\\/#primaryimage\",\"url\":\"https:\\\/\\\/cyberlogics.ao\\\/wp-content\\\/uploads\\\/2026\\\/03\\\/9b7a6bb642530b25b256459ab84441df91124e7a_1749522_DELL_U4025QW_image7-1.webp\",\"contentUrl\":\"https:\\\/\\\/cyberlogics.ao\\\/wp-content\\\/uploads\\\/2026\\\/03\\\/9b7a6bb642530b25b256459ab84441df91124e7a_1749522_DELL_U4025QW_image7-1.webp\",\"width\":1352,\"height\":1200},{\"@type\":\"BreadcrumbList\",\"@id\":\"https:\\\/\\\/cyberlogics.ao\\\/index.php\\\/product\\\/dell-27-monitor-u2725qe-686-cm-27inch-uhd-4k-3840x2160-ips-black-led-hdmi-dp-thunderbolt-hub-140w-rj-45-25gbe-3ybwae-part-number-dell-u2725qe-ean-5397184923405\\\/#breadcrumb\",\"itemListElement\":[{\"@type\":\"ListItem\",\"position\":1,\"name\":\"In\u00edcio\",\"item\":\"https:\\\/\\\/cyberlogics.ao\\\/\"},{\"@type\":\"ListItem\",\"position\":2,\"name\":\"Produtos\",\"item\":\"https:\\\/\\\/cyberlogics.ao\\\/index.php\\\/shop-2\\\/\"},{\"@type\":\"ListItem\",\"position\":3,\"name\":\"DELL 27 Monitor U2725QE 68,6 cm 27&#8243;inch UHD 4K 3840&#215;2160 IPS Black LED HDMI DP Thunderbolt HUB 140W RJ-45 2,5GbE 3YBWAE Part number: DELL-U2725QE EAN: 5397184923405\"}]},{\"@type\":\"WebSite\",\"@id\":\"https:\\\/\\\/cyberlogics.ao\\\/#website\",\"url\":\"https:\\\/\\\/cyberlogics.ao\\\/\",\"name\":\"Cyberlogics Technologies Angola\",\"description\":\"Loja Online de Licen\u00e7as de Softwares e Inform\u00e1tica\",\"publisher\":{\"@id\":\"https:\\\/\\\/cyberlogics.ao\\\/#organization\"},\"potentialAction\":[{\"@type\":\"SearchAction\",\"target\":{\"@type\":\"EntryPoint\",\"urlTemplate\":\"https:\\\/\\\/cyberlogics.ao\\\/?s={search_term_string}\"},\"query-input\":{\"@type\":\"PropertyValueSpecification\",\"valueRequired\":true,\"valueName\":\"search_term_string\"}}],\"inLanguage\":\"pt-PT\"},{\"@type\":\"Organization\",\"@id\":\"https:\\\/\\\/cyberlogics.ao\\\/#organization\",\"name\":\"Cyberlogics Ao Technologies - Loja Online de Licen\u00e7as de Softwares e Inform\u00e1tica\",\"url\":\"https:\\\/\\\/cyberlogics.ao\\\/\",\"logo\":{\"@type\":\"ImageObject\",\"inLanguage\":\"pt-PT\",\"@id\":\"https:\\\/\\\/cyberlogics.ao\\\/#\\\/schema\\\/logo\\\/image\\\/\",\"url\":\"https:\\\/\\\/cyberlogics.ao\\\/wp-content\\\/uploads\\\/2022\\\/04\\\/CT-logo.png\",\"contentUrl\":\"https:\\\/\\\/cyberlogics.ao\\\/wp-content\\\/uploads\\\/2022\\\/04\\\/CT-logo.png\",\"width\":190,\"height\":75,\"caption\":\"Cyberlogics Ao Technologies - Loja Online de Licen\u00e7as de Softwares e Inform\u00e1tica\"},\"image\":{\"@id\":\"https:\\\/\\\/cyberlogics.ao\\\/#\\\/schema\\\/logo\\\/image\\\/\"}}]}<\/script>\n<!-- \/ Yoast SEO plugin. -->","yoast_head_json":{"title":"DELL 27 Monitor U2725QE 68,6 cm 27\"inch UHD 4K 3840x2160 IPS Black LED HDMI DP Thunderbolt HUB 140W RJ-45 2,5GbE 3YBWAE Part number: DELL-U2725QE EAN: 5397184923405 - Cyberlogics Technologies Angola","description":"A Maior Loja Online de Angola de Licen\u00e7as Microsoft Office | Chaves Sistemas Operativos Windows | Antiv\u00edrus | Cloud Adobe | Inform\u00e1tica & Servidores | Softwares de Gest\u00e3o ERP | Gaming Hardware | UPS e Baterias & Muito Mais...","robots":{"index":"index","follow":"follow","max-snippet":"max-snippet:-1","max-image-preview":"max-image-preview:large","max-video-preview":"max-video-preview:-1"},"canonical":"https:\/\/cyberlogics.ao\/index.php\/product\/dell-27-monitor-u2725qe-686-cm-27inch-uhd-4k-3840x2160-ips-black-led-hdmi-dp-thunderbolt-hub-140w-rj-45-25gbe-3ybwae-part-number-dell-u2725qe-ean-5397184923405\/","og_locale":"pt_PT","og_type":"article","og_title":"DELL 27 Monitor U2725QE 68,6 cm 27\"inch UHD 4K 3840x2160 IPS Black LED HDMI DP Thunderbolt HUB 140W RJ-45 2,5GbE 3YBWAE Part number: DELL-U2725QE EAN: 5397184923405 - Cyberlogics Technologies Angola","og_description":"A Maior Loja Online de Angola de Licen\u00e7as Microsoft Office | Chaves Sistemas Operativos Windows | Antiv\u00edrus | Cloud Adobe | Inform\u00e1tica & Servidores | Softwares de Gest\u00e3o ERP | Gaming Hardware | UPS e Baterias & Muito Mais...","og_url":"https:\/\/cyberlogics.ao\/index.php\/product\/dell-27-monitor-u2725qe-686-cm-27inch-uhd-4k-3840x2160-ips-black-led-hdmi-dp-thunderbolt-hub-140w-rj-45-25gbe-3ybwae-part-number-dell-u2725qe-ean-5397184923405\/","og_site_name":"Cyberlogics Technologies Angola","og_image":[{"width":1352,"height":1200,"url":"http:\/\/cyberlogics.ao\/wp-content\/uploads\/2026\/03\/9b7a6bb642530b25b256459ab84441df91124e7a_1749522_DELL_U4025QW_image7-1.webp","type":"image\/webp"}],"twitter_card":"summary_large_image","twitter_misc":{"Tempo estimado de leitura":"1 minuto"},"schema":{"@context":"https:\/\/schema.org","@graph":[{"@type":"WebPage","@id":"https:\/\/cyberlogics.ao\/index.php\/product\/dell-27-monitor-u2725qe-686-cm-27inch-uhd-4k-3840x2160-ips-black-led-hdmi-dp-thunderbolt-hub-140w-rj-45-25gbe-3ybwae-part-number-dell-u2725qe-ean-5397184923405\/","url":"https:\/\/cyberlogics.ao\/index.php\/product\/dell-27-monitor-u2725qe-686-cm-27inch-uhd-4k-3840x2160-ips-black-led-hdmi-dp-thunderbolt-hub-140w-rj-45-25gbe-3ybwae-part-number-dell-u2725qe-ean-5397184923405\/","name":"DELL 27 Monitor U2725QE 68,6 cm 27\"inch UHD 4K 3840x2160 IPS Black LED HDMI DP Thunderbolt HUB 140W RJ-45 2,5GbE 3YBWAE Part number: DELL-U2725QE EAN: 5397184923405 - Cyberlogics Technologies Angola","isPartOf":{"@id":"https:\/\/cyberlogics.ao\/#website"},"primaryImageOfPage":{"@id":"https:\/\/cyberlogics.ao\/index.php\/product\/dell-27-monitor-u2725qe-686-cm-27inch-uhd-4k-3840x2160-ips-black-led-hdmi-dp-thunderbolt-hub-140w-rj-45-25gbe-3ybwae-part-number-dell-u2725qe-ean-5397184923405\/#primaryimage"},"image":{"@id":"https:\/\/cyberlogics.ao\/index.php\/product\/dell-27-monitor-u2725qe-686-cm-27inch-uhd-4k-3840x2160-ips-black-led-hdmi-dp-thunderbolt-hub-140w-rj-45-25gbe-3ybwae-part-number-dell-u2725qe-ean-5397184923405\/#primaryimage"},"thumbnailUrl":"https:\/\/cyberlogics.ao\/wp-content\/uploads\/2026\/03\/9b7a6bb642530b25b256459ab84441df91124e7a_1749522_DELL_U4025QW_image7-1.webp","datePublished":"2026-03-03T10:57:59+00:00","description":"A Maior Loja Online de Angola de Licen\u00e7as Microsoft Office | Chaves Sistemas Operativos Windows | Antiv\u00edrus | Cloud Adobe | Inform\u00e1tica & Servidores | Softwares de Gest\u00e3o ERP | Gaming Hardware | UPS e Baterias & Muito Mais...","breadcrumb":{"@id":"https:\/\/cyberlogics.ao\/index.php\/product\/dell-27-monitor-u2725qe-686-cm-27inch-uhd-4k-3840x2160-ips-black-led-hdmi-dp-thunderbolt-hub-140w-rj-45-25gbe-3ybwae-part-number-dell-u2725qe-ean-5397184923405\/#breadcrumb"},"inLanguage":"pt-PT","potentialAction":[{"@type":"ReadAction","target":["https:\/\/cyberlogics.ao\/index.php\/product\/dell-27-monitor-u2725qe-686-cm-27inch-uhd-4k-3840x2160-ips-black-led-hdmi-dp-thunderbolt-hub-140w-rj-45-25gbe-3ybwae-part-number-dell-u2725qe-ean-5397184923405\/"]}]},{"@type":"ImageObject","inLanguage":"pt-PT","@id":"https:\/\/cyberlogics.ao\/index.php\/product\/dell-27-monitor-u2725qe-686-cm-27inch-uhd-4k-3840x2160-ips-black-led-hdmi-dp-thunderbolt-hub-140w-rj-45-25gbe-3ybwae-part-number-dell-u2725qe-ean-5397184923405\/#primaryimage","url":"https:\/\/cyberlogics.ao\/wp-content\/uploads\/2026\/03\/9b7a6bb642530b25b256459ab84441df91124e7a_1749522_DELL_U4025QW_image7-1.webp","contentUrl":"https:\/\/cyberlogics.ao\/wp-content\/uploads\/2026\/03\/9b7a6bb642530b25b256459ab84441df91124e7a_1749522_DELL_U4025QW_image7-1.webp","width":1352,"height":1200},{"@type":"BreadcrumbList","@id":"https:\/\/cyberlogics.ao\/index.php\/product\/dell-27-monitor-u2725qe-686-cm-27inch-uhd-4k-3840x2160-ips-black-led-hdmi-dp-thunderbolt-hub-140w-rj-45-25gbe-3ybwae-part-number-dell-u2725qe-ean-5397184923405\/#breadcrumb","itemListElement":[{"@type":"ListItem","position":1,"name":"In\u00edcio","item":"https:\/\/cyberlogics.ao\/"},{"@type":"ListItem","position":2,"name":"Produtos","item":"https:\/\/cyberlogics.ao\/index.php\/shop-2\/"},{"@type":"ListItem","position":3,"name":"DELL 27 Monitor U2725QE 68,6 cm 27&#8243;inch UHD 4K 3840&#215;2160 IPS Black LED HDMI DP Thunderbolt HUB 140W RJ-45 2,5GbE 3YBWAE Part number: DELL-U2725QE EAN: 5397184923405"}]},{"@type":"WebSite","@id":"https:\/\/cyberlogics.ao\/#website","url":"https:\/\/cyberlogics.ao\/","name":"Cyberlogics Technologies Angola","description":"Loja Online de Licen\u00e7as de Softwares e Inform\u00e1tica","publisher":{"@id":"https:\/\/cyberlogics.ao\/#organization"},"potentialAction":[{"@type":"SearchAction","target":{"@type":"EntryPoint","urlTemplate":"https:\/\/cyberlogics.ao\/?s={search_term_string}"},"query-input":{"@type":"PropertyValueSpecification","valueRequired":true,"valueName":"search_term_string"}}],"inLanguage":"pt-PT"},{"@type":"Organization","@id":"https:\/\/cyberlogics.ao\/#organization","name":"Cyberlogics Ao Technologies - Loja Online de Licen\u00e7as de Softwares e Inform\u00e1tica","url":"https:\/\/cyberlogics.ao\/","logo":{"@type":"ImageObject","inLanguage":"pt-PT","@id":"https:\/\/cyberlogics.ao\/#\/schema\/logo\/image\/","url":"https:\/\/cyberlogics.ao\/wp-content\/uploads\/2022\/04\/CT-logo.png","contentUrl":"https:\/\/cyberlogics.ao\/wp-content\/uploads\/2022\/04\/CT-logo.png","width":190,"height":75,"caption":"Cyberlogics Ao Technologies - Loja Online de Licen\u00e7as de Softwares e Inform\u00e1tica"},"image":{"@id":"https:\/\/cyberlogics.ao\/#\/schema\/logo\/image\/"}}]}},"_links":{"self":[{"href":"https:\/\/cyberlogics.ao\/index.php\/wp-json\/wp\/v2\/product\/11364","targetHints":{"allow":["GET"]}}],"collection":[{"href":"https:\/\/cyberlogics.ao\/index.php\/wp-json\/wp\/v2\/product"}],"about":[{"href":"https:\/\/cyberlogics.ao\/index.php\/wp-json\/wp\/v2\/types\/product"}],"replies":[{"embeddable":true,"href":"https:\/\/cyberlogics.ao\/index.php\/wp-json\/wp\/v2\/comments?post=11364"}],"wp:featuredmedia":[{"embeddable":true,"href":"https:\/\/cyberlogics.ao\/index.php\/wp-json\/wp\/v2\/media\/11365"}],"wp:attachment":[{"href":"https:\/\/cyberlogics.ao\/index.php\/wp-json\/wp\/v2\/media?parent=11364"}],"wp:term":[{"taxonomy":"product_brand","embeddable":true,"href":"https:\/\/cyberlogics.ao\/index.php\/wp-json\/wp\/v2\/product_brand?post=11364"},{"taxonomy":"product_cat","embeddable":true,"href":"https:\/\/cyberlogics.ao\/index.php\/wp-json\/wp\/v2\/product_cat?post=11364"},{"taxonomy":"product_tag","embeddable":true,"href":"https:\/\/cyberlogics.ao\/index.php\/wp-json\/wp\/v2\/product_tag?post=11364"}],"curies":[{"name":"wp","href":"https:\/\/api.w.org\/{rel}","templated":true}]}}