{"id":11596,"date":"2026-03-10T13:27:53","date_gmt":"2026-03-10T13:27:53","guid":{"rendered":"https:\/\/cyberlogics.ao\/?post_type=product&#038;p=11596"},"modified":"2026-03-10T13:27:53","modified_gmt":"2026-03-10T13:27:53","slug":"dell-pa901c-power-adapter-inverter-indoor-90-w-black-part-number-dell-pa901c-ean-5397184377727","status":"publish","type":"product","link":"https:\/\/cyberlogics.ao\/index.php\/product\/dell-pa901c-power-adapter-inverter-indoor-90-w-black-part-number-dell-pa901c-ean-5397184377727\/","title":{"rendered":"DELL PA901C power adapter\/inverter Indoor 90 W Black Part number: DELL-PA901C EAN: 5397184377727"},"content":{"rendered":"<div class=\"features-group\">\n<div class=\"features-group-title\">Caracter\u00edsticas<\/div>\n<div class=\"features-group-row\">\n<div class=\"single-feature-label\" data-feature-id=\"icecat_automatic_514_185\">Tipo de fonte de alimenta\u00e7\u00e3o<\/div>\n<div class=\"single-feature-value\">\n<div class=\"features-group-row__value-text\">Interior<\/div>\n<\/div>\n<\/div>\n<div class=\"features-group-row\">\n<div class=\"single-feature-label\" data-feature-id=\"icecat_automatic_8156_185\">Compatibilidade da marca<\/div>\n<div class=\"single-feature-value\">\n<div class=\"features-group-row__value-text\">DELL<\/div>\n<\/div>\n<\/div>\n<div class=\"features-group-row\">\n<div class=\"single-feature-label\" data-feature-id=\"icecat_automatic_5932_185\">Pot\u00eancia de sa\u00edda<\/div>\n<div class=\"single-feature-value\">\n<div class=\"features-group-row__value-text\">90.0000<\/div>\n<\/div>\n<\/div>\n<div class=\"features-group-row\">\n<div class=\"single-feature-label\" data-feature-id=\"icecat_automatic_2585_185\">Prop\u00f3sito<\/div>\n<div class=\"single-feature-value\">\n<div class=\"features-group-row__value-text\">Computador port\u00e1til<\/div>\n<\/div>\n<\/div>\n<div class=\"features-group-row features-group-row--expandable\">\n<div class=\"single-feature-label\" data-feature-id=\"icecat_automatic_890_185\">Compatibilidade<\/div>\n<div class=\"single-feature-value\">\n<div class=\"features-group-row__value-text features-group-row__value-text--expandable\">&#8211; Chromebook 14 3400 &#8211; Inspiron 15 7000 (7500) 2-in-1 (ICL) &#8211; XPS 13 (9305) &#8211; Latitude 5289 2-in-1 &#8211; Latitude 5500 &#8211; XPS 13 (7390) &#8211; Vostro 15 5000 (5590) &#8211; Latitude 7275 &#8211; Latitude 5175 &#8211; Latitude 5300 2-In-1 &#8211; Latitude 9420 2-in-1 &#8211; Latitude 5490 &#8211; Latitude 5300 2-in-1 Chrome &#8211; Inspiron 14 5000 (5400) 2-in-1 &#8211; Precision 3560 &#8211; Venue 8 Pro (5855) &#8211; Latitude 5300 &#8211; Precision 3540 &#8211; Inspiron 13 7000 (7300) 2-in-1 &#8211; Latitude 3390 2-in-1 &#8211; Venue 10 Pro (5056) &#8211; Latitude 5400 &#8211; Latitude 9410 2-in-1 &#8211; Latitude 5411 &#8211; Chromebook 11 3100 &#8211; XPS 13 (7390) 2-in-1 &#8211; Inspiron 14 7000 (7490) &#8211; Latitude 3410 &#8211; Latitude 7410 2-in-1 &#8211; Latitude 3300 &#8211; Latitude 5501 &#8211; Inspiron 14 7000 (7400) &#8211; XPS 13 (9370) &#8211; Latitude 7390 2-in-1 &#8211; Chromebook 11 3100 2-In-1 &#8211; Latitude 7200 2-In-1 &#8211; Latitude 12 Rugged Extreme Tablet 7220EX &#8211; Precision 5550 &#8211; Latitude 5401 &#8211; Inspiron 15 5000 (5509) &#8211; Latitude 5520 &#8211; XPS 12 (9250) &#8211; Latitude 5310 &#8211; Inspiron 17 7000 (7706) 2-in-1 &#8211; XPS 13 (9365) 2-in-1 &#8211; Latitude 5400 Chrome &#8211; Inspiron 13 7000 (7306) 2-in-1 &#8211; Latitude 7320 2-in-1 &#8211; Latitude 3510 &#8211; Latitude 7370 &#8211; Latitude 7310 &#8211; Precision 3541 &#8211; Latitude 9510 &#8211; XPS 15 (9500) &#8211; Inspiron 15 5000 (5502) &#8211; Latitude 5590 &#8211; Chromebook 11 5190 &#8211; Vostro 14 5000 (5490) &#8211; Inspiron 13 5000 (5301) &#8211; Latitude 3500 &#8211; Latitude 12 Rugged Extreme Tablet 7220 &#8211; Latitude 5510 &#8211; Inspiron 14 5000 (5401) &#8211; Latitude 5285 2-in-1 &#8211; Latitude 5290 2-in-1 &#8211; XPS 13 (9380) &#8211; Latitude 5511 &#8211; Latitude 7420 2-in-1 &#8211; Latitude 7520 &#8211; Latitude 3120 2-in-1 &#8211; Latitude 7300 &#8211; Latitude 7400 &#8211; Latitude 5410 &#8211; Latitude 7210 2-in-1 &#8211; Inspiron 14 5000 (5405) &#8211; Latitude 7285 2-in-1 &#8211; Inspiron 15 5000 (5505) &#8211; Latitude 3400 &#8211; Latitude 7400 2-In-1 &#8211; Inspiron 15 7000 (7506) 2-in-1 &#8211; Inspiron 14 5000 (5402) &#8211; Inspiron 14 5000 (5406) 2-in-1 &#8211; Latitude 7389 2-in-1 &#8211; Latitude 5290 &#8211; Inspiron 15 7000 (7500) &#8211; Precision 3550 &#8211; Inspiron 15 5000 (5501) &#8211; Latitude 3310 2-in-1 &#8211; Latitude 9520 2-in-1 &#8211; Latitude 12 Rugged Extreme 7212 &#8211; XPS 13 (9300) &#8211; Latitude Chromebook 14 7410 2-in-1 &#8211; Latitude 5420 &#8211; XPS 13 (9360) &#8211; Chromebook 13 3380 &#8211; Latitude 5310 2-in-1 &#8211; Latitude 5320 2-in-1<\/div>\n<div class=\"features-group-row__expand\">mostrar mais<\/div>\n<\/div>\n<\/div>\n<\/div>\n<div class=\"features-group\">\n<div class=\"features-group-title\">Design<\/div>\n<div class=\"features-group-row\">\n<div class=\"single-feature-label\" data-feature-id=\"icecat_automatic_1766_148\">Cor do produto<\/div>\n<div class=\"single-feature-value\">\n<div class=\"features-group-row__value-text\">Preto<\/div>\n<\/div>\n<\/div>\n<\/div>\n<div class=\"features-group\">\n<div class=\"features-group-title\">Embalagem<\/div>\n<div class=\"features-group-row\">\n<div class=\"single-feature-label\" data-feature-id=\"icecat_automatic_20228_67\">Quantidade por conjunto<\/div>\n<div class=\"single-feature-value\">\n<div class=\"features-group-row__value-text\">1.0000<\/div>\n<\/div>\n<\/div>\n<\/div>\n<div class=\"features-group\">\n<div class=\"features-group-title\">Conte\u00fado da embalagem<\/div>\n<div class=\"features-group-row\">\n<div class=\"single-feature-label\" data-feature-id=\"icecat_automatic_20228_116\">Quantidade por conjunto<\/div>\n<div class=\"single-feature-value\">\n<div class=\"features-group-row__value-text\">1.0000<\/div>\n<\/div>\n<\/div>\n<\/div>\n<div class=\"features-group\">\n<div class=\"features-group-title\">Pesos e dimens\u00f5es<\/div>\n<div class=\"features-group-row\">\n<div class=\"single-feature-label\" data-feature-id=\"icecat_automatic_1266_14\">Comprimento do cabo<\/div>\n<div class=\"single-feature-value\">\n<div class=\"features-group-row__value-text\">1.0000<\/div>\n<\/div>\n<\/div>\n<div class=\"features-group-row\">\n<div class=\"single-feature-label\" data-feature-id=\"icecat_automatic_1650_14\">Profundidade<\/div>\n<div class=\"single-feature-value\">\n<div class=\"features-group-row__value-text\">66 mm<\/div>\n<\/div>\n<\/div>\n<div class=\"features-group-row\">\n<div class=\"single-feature-label\" data-feature-id=\"icecat_automatic_1649_14\">Largura<\/div>\n<div class=\"single-feature-value\">\n<div class=\"features-group-row__value-text\">130 mm<\/div>\n<\/div>\n<\/div>\n<div class=\"features-group-row\">\n<div class=\"single-feature-label\" data-feature-id=\"icecat_automatic_1464_14\">Altura<\/div>\n<div class=\"single-feature-value\">\n<div class=\"features-group-row__value-text\">22 mm<\/div>\n<\/div>\n<\/div>\n<div class=\"features-group-row\">\n<div class=\"single-feature-label\" data-feature-id=\"icecat_automatic_94_14\">Peso<\/div>\n<div class=\"single-feature-value\">\n<div class=\"features-group-row__value-text\">375 g<\/div>\n<\/div>\n<\/div>\n<\/div>\n","protected":false},"excerpt":{"rendered":"<p>Tipo de fonte de alimenta\u00e7\u00e3o: Interior<\/p>\n<p>&gt;Pot\u00eancia de sa\u00edda: 90 W<\/p>\n<p>&gt;Prop\u00f3sito: Computador port\u00e1til<\/p>\n<p>&gt;Compatibilidade da marca: DELL<\/p>\n<p>&gt;1 unidade(s)<\/p>\n<p>&gt;Preto<\/p>\n","protected":false},"featured_media":11597,"comment_status":"open","ping_status":"closed","template":"","meta":{"_joinchat":[]},"product_brand":[838],"product_cat":[387,378],"product_tag":[],"class_list":{"0":"post-11596","1":"product","2":"type-product","3":"status-publish","4":"has-post-thumbnail","6":"product_brand-dell","7":"product_cat-acessorios-e-perifericos","8":"product_cat-informatica","10":"first","11":"instock","12":"shipping-taxable","13":"purchasable","14":"product-type-simple"},"yoast_head":"<!-- This site is optimized with the Yoast SEO plugin v27.3 - https:\/\/yoast.com\/product\/yoast-seo-wordpress\/ -->\n<title>DELL PA901C power adapter\/inverter Indoor 90 W Black Part number: DELL-PA901C EAN: 5397184377727 - Cyberlogics Technologies Angola<\/title>\n<meta name=\"description\" content=\"A Maior Loja Online de Angola de Licen\u00e7as Microsoft Office | Chaves Sistemas Operativos Windows | Antiv\u00edrus | Cloud Adobe | Inform\u00e1tica &amp; Servidores | Softwares de Gest\u00e3o ERP | Gaming Hardware | UPS e Baterias &amp; Muito Mais...\" \/>\n<meta name=\"robots\" content=\"index, follow, max-snippet:-1, max-image-preview:large, max-video-preview:-1\" \/>\n<link rel=\"canonical\" href=\"https:\/\/cyberlogics.ao\/index.php\/product\/dell-pa901c-power-adapter-inverter-indoor-90-w-black-part-number-dell-pa901c-ean-5397184377727\/\" \/>\n<meta property=\"og:locale\" content=\"pt_PT\" \/>\n<meta property=\"og:type\" content=\"article\" \/>\n<meta property=\"og:title\" content=\"DELL PA901C power adapter\/inverter Indoor 90 W Black Part number: DELL-PA901C EAN: 5397184377727 - Cyberlogics Technologies Angola\" \/>\n<meta property=\"og:description\" content=\"A Maior Loja Online de Angola de Licen\u00e7as Microsoft Office | Chaves Sistemas Operativos Windows | Antiv\u00edrus | Cloud Adobe | Inform\u00e1tica &amp; Servidores | Softwares de Gest\u00e3o ERP | Gaming Hardware | UPS e Baterias &amp; Muito Mais...\" \/>\n<meta property=\"og:url\" content=\"https:\/\/cyberlogics.ao\/index.php\/product\/dell-pa901c-power-adapter-inverter-indoor-90-w-black-part-number-dell-pa901c-ean-5397184377727\/\" \/>\n<meta property=\"og:site_name\" content=\"Cyberlogics Technologies Angola\" \/>\n<meta property=\"og:image\" content=\"http:\/\/cyberlogics.ao\/wp-content\/uploads\/2026\/03\/3aa142357e14406e74b88332554eb09b47421a6e_1651868__image5_thumb.jpg\" \/>\n\t<meta property=\"og:image:width\" content=\"400\" \/>\n\t<meta property=\"og:image:height\" content=\"400\" \/>\n\t<meta property=\"og:image:type\" content=\"image\/jpeg\" \/>\n<meta name=\"twitter:card\" content=\"summary_large_image\" \/>\n<meta name=\"twitter:label1\" content=\"Tempo estimado de leitura\" \/>\n\t<meta name=\"twitter:data1\" content=\"1 minuto\" \/>\n<script type=\"application\/ld+json\" class=\"yoast-schema-graph\">{\"@context\":\"https:\\\/\\\/schema.org\",\"@graph\":[{\"@type\":\"WebPage\",\"@id\":\"https:\\\/\\\/cyberlogics.ao\\\/index.php\\\/product\\\/dell-pa901c-power-adapter-inverter-indoor-90-w-black-part-number-dell-pa901c-ean-5397184377727\\\/\",\"url\":\"https:\\\/\\\/cyberlogics.ao\\\/index.php\\\/product\\\/dell-pa901c-power-adapter-inverter-indoor-90-w-black-part-number-dell-pa901c-ean-5397184377727\\\/\",\"name\":\"DELL PA901C power adapter\\\/inverter Indoor 90 W Black Part number: DELL-PA901C EAN: 5397184377727 - Cyberlogics Technologies Angola\",\"isPartOf\":{\"@id\":\"https:\\\/\\\/cyberlogics.ao\\\/#website\"},\"primaryImageOfPage\":{\"@id\":\"https:\\\/\\\/cyberlogics.ao\\\/index.php\\\/product\\\/dell-pa901c-power-adapter-inverter-indoor-90-w-black-part-number-dell-pa901c-ean-5397184377727\\\/#primaryimage\"},\"image\":{\"@id\":\"https:\\\/\\\/cyberlogics.ao\\\/index.php\\\/product\\\/dell-pa901c-power-adapter-inverter-indoor-90-w-black-part-number-dell-pa901c-ean-5397184377727\\\/#primaryimage\"},\"thumbnailUrl\":\"https:\\\/\\\/cyberlogics.ao\\\/wp-content\\\/uploads\\\/2026\\\/03\\\/3aa142357e14406e74b88332554eb09b47421a6e_1651868__image5_thumb.jpg\",\"datePublished\":\"2026-03-10T13:27:53+00:00\",\"description\":\"A Maior Loja Online de Angola de Licen\u00e7as Microsoft Office | Chaves Sistemas Operativos Windows | Antiv\u00edrus | Cloud Adobe | Inform\u00e1tica & Servidores | Softwares de Gest\u00e3o ERP | Gaming Hardware | UPS e Baterias & Muito Mais...\",\"breadcrumb\":{\"@id\":\"https:\\\/\\\/cyberlogics.ao\\\/index.php\\\/product\\\/dell-pa901c-power-adapter-inverter-indoor-90-w-black-part-number-dell-pa901c-ean-5397184377727\\\/#breadcrumb\"},\"inLanguage\":\"pt-PT\",\"potentialAction\":[{\"@type\":\"ReadAction\",\"target\":[\"https:\\\/\\\/cyberlogics.ao\\\/index.php\\\/product\\\/dell-pa901c-power-adapter-inverter-indoor-90-w-black-part-number-dell-pa901c-ean-5397184377727\\\/\"]}]},{\"@type\":\"ImageObject\",\"inLanguage\":\"pt-PT\",\"@id\":\"https:\\\/\\\/cyberlogics.ao\\\/index.php\\\/product\\\/dell-pa901c-power-adapter-inverter-indoor-90-w-black-part-number-dell-pa901c-ean-5397184377727\\\/#primaryimage\",\"url\":\"https:\\\/\\\/cyberlogics.ao\\\/wp-content\\\/uploads\\\/2026\\\/03\\\/3aa142357e14406e74b88332554eb09b47421a6e_1651868__image5_thumb.jpg\",\"contentUrl\":\"https:\\\/\\\/cyberlogics.ao\\\/wp-content\\\/uploads\\\/2026\\\/03\\\/3aa142357e14406e74b88332554eb09b47421a6e_1651868__image5_thumb.jpg\",\"width\":400,\"height\":400},{\"@type\":\"BreadcrumbList\",\"@id\":\"https:\\\/\\\/cyberlogics.ao\\\/index.php\\\/product\\\/dell-pa901c-power-adapter-inverter-indoor-90-w-black-part-number-dell-pa901c-ean-5397184377727\\\/#breadcrumb\",\"itemListElement\":[{\"@type\":\"ListItem\",\"position\":1,\"name\":\"In\u00edcio\",\"item\":\"https:\\\/\\\/cyberlogics.ao\\\/\"},{\"@type\":\"ListItem\",\"position\":2,\"name\":\"Produtos\",\"item\":\"https:\\\/\\\/cyberlogics.ao\\\/index.php\\\/shop-2\\\/\"},{\"@type\":\"ListItem\",\"position\":3,\"name\":\"DELL PA901C power adapter\\\/inverter Indoor 90 W Black Part number: DELL-PA901C EAN: 5397184377727\"}]},{\"@type\":\"WebSite\",\"@id\":\"https:\\\/\\\/cyberlogics.ao\\\/#website\",\"url\":\"https:\\\/\\\/cyberlogics.ao\\\/\",\"name\":\"Cyberlogics Technologies Angola\",\"description\":\"Loja Online de Licen\u00e7as de Softwares e Inform\u00e1tica\",\"publisher\":{\"@id\":\"https:\\\/\\\/cyberlogics.ao\\\/#organization\"},\"potentialAction\":[{\"@type\":\"SearchAction\",\"target\":{\"@type\":\"EntryPoint\",\"urlTemplate\":\"https:\\\/\\\/cyberlogics.ao\\\/?s={search_term_string}\"},\"query-input\":{\"@type\":\"PropertyValueSpecification\",\"valueRequired\":true,\"valueName\":\"search_term_string\"}}],\"inLanguage\":\"pt-PT\"},{\"@type\":\"Organization\",\"@id\":\"https:\\\/\\\/cyberlogics.ao\\\/#organization\",\"name\":\"Cyberlogics Ao Technologies - Loja Online de Licen\u00e7as de Softwares e Inform\u00e1tica\",\"url\":\"https:\\\/\\\/cyberlogics.ao\\\/\",\"logo\":{\"@type\":\"ImageObject\",\"inLanguage\":\"pt-PT\",\"@id\":\"https:\\\/\\\/cyberlogics.ao\\\/#\\\/schema\\\/logo\\\/image\\\/\",\"url\":\"https:\\\/\\\/cyberlogics.ao\\\/wp-content\\\/uploads\\\/2022\\\/04\\\/CT-logo.png\",\"contentUrl\":\"https:\\\/\\\/cyberlogics.ao\\\/wp-content\\\/uploads\\\/2022\\\/04\\\/CT-logo.png\",\"width\":190,\"height\":75,\"caption\":\"Cyberlogics Ao Technologies - Loja Online de Licen\u00e7as de Softwares e Inform\u00e1tica\"},\"image\":{\"@id\":\"https:\\\/\\\/cyberlogics.ao\\\/#\\\/schema\\\/logo\\\/image\\\/\"}}]}<\/script>\n<!-- \/ Yoast SEO plugin. -->","yoast_head_json":{"title":"DELL PA901C power adapter\/inverter Indoor 90 W Black Part number: DELL-PA901C EAN: 5397184377727 - Cyberlogics Technologies Angola","description":"A Maior Loja Online de Angola de Licen\u00e7as Microsoft Office | Chaves Sistemas Operativos Windows | Antiv\u00edrus | Cloud Adobe | Inform\u00e1tica & Servidores | Softwares de Gest\u00e3o ERP | Gaming Hardware | UPS e Baterias & Muito Mais...","robots":{"index":"index","follow":"follow","max-snippet":"max-snippet:-1","max-image-preview":"max-image-preview:large","max-video-preview":"max-video-preview:-1"},"canonical":"https:\/\/cyberlogics.ao\/index.php\/product\/dell-pa901c-power-adapter-inverter-indoor-90-w-black-part-number-dell-pa901c-ean-5397184377727\/","og_locale":"pt_PT","og_type":"article","og_title":"DELL PA901C power adapter\/inverter Indoor 90 W Black Part number: DELL-PA901C EAN: 5397184377727 - Cyberlogics Technologies Angola","og_description":"A Maior Loja Online de Angola de Licen\u00e7as Microsoft Office | Chaves Sistemas Operativos Windows | Antiv\u00edrus | Cloud Adobe | Inform\u00e1tica & Servidores | Softwares de Gest\u00e3o ERP | Gaming Hardware | UPS e Baterias & Muito Mais...","og_url":"https:\/\/cyberlogics.ao\/index.php\/product\/dell-pa901c-power-adapter-inverter-indoor-90-w-black-part-number-dell-pa901c-ean-5397184377727\/","og_site_name":"Cyberlogics Technologies Angola","og_image":[{"width":400,"height":400,"url":"http:\/\/cyberlogics.ao\/wp-content\/uploads\/2026\/03\/3aa142357e14406e74b88332554eb09b47421a6e_1651868__image5_thumb.jpg","type":"image\/jpeg"}],"twitter_card":"summary_large_image","twitter_misc":{"Tempo estimado de leitura":"1 minuto"},"schema":{"@context":"https:\/\/schema.org","@graph":[{"@type":"WebPage","@id":"https:\/\/cyberlogics.ao\/index.php\/product\/dell-pa901c-power-adapter-inverter-indoor-90-w-black-part-number-dell-pa901c-ean-5397184377727\/","url":"https:\/\/cyberlogics.ao\/index.php\/product\/dell-pa901c-power-adapter-inverter-indoor-90-w-black-part-number-dell-pa901c-ean-5397184377727\/","name":"DELL PA901C power adapter\/inverter Indoor 90 W Black Part number: DELL-PA901C EAN: 5397184377727 - Cyberlogics Technologies Angola","isPartOf":{"@id":"https:\/\/cyberlogics.ao\/#website"},"primaryImageOfPage":{"@id":"https:\/\/cyberlogics.ao\/index.php\/product\/dell-pa901c-power-adapter-inverter-indoor-90-w-black-part-number-dell-pa901c-ean-5397184377727\/#primaryimage"},"image":{"@id":"https:\/\/cyberlogics.ao\/index.php\/product\/dell-pa901c-power-adapter-inverter-indoor-90-w-black-part-number-dell-pa901c-ean-5397184377727\/#primaryimage"},"thumbnailUrl":"https:\/\/cyberlogics.ao\/wp-content\/uploads\/2026\/03\/3aa142357e14406e74b88332554eb09b47421a6e_1651868__image5_thumb.jpg","datePublished":"2026-03-10T13:27:53+00:00","description":"A Maior Loja Online de Angola de Licen\u00e7as Microsoft Office | Chaves Sistemas Operativos Windows | Antiv\u00edrus | Cloud Adobe | Inform\u00e1tica & Servidores | Softwares de Gest\u00e3o ERP | Gaming Hardware | UPS e Baterias & Muito Mais...","breadcrumb":{"@id":"https:\/\/cyberlogics.ao\/index.php\/product\/dell-pa901c-power-adapter-inverter-indoor-90-w-black-part-number-dell-pa901c-ean-5397184377727\/#breadcrumb"},"inLanguage":"pt-PT","potentialAction":[{"@type":"ReadAction","target":["https:\/\/cyberlogics.ao\/index.php\/product\/dell-pa901c-power-adapter-inverter-indoor-90-w-black-part-number-dell-pa901c-ean-5397184377727\/"]}]},{"@type":"ImageObject","inLanguage":"pt-PT","@id":"https:\/\/cyberlogics.ao\/index.php\/product\/dell-pa901c-power-adapter-inverter-indoor-90-w-black-part-number-dell-pa901c-ean-5397184377727\/#primaryimage","url":"https:\/\/cyberlogics.ao\/wp-content\/uploads\/2026\/03\/3aa142357e14406e74b88332554eb09b47421a6e_1651868__image5_thumb.jpg","contentUrl":"https:\/\/cyberlogics.ao\/wp-content\/uploads\/2026\/03\/3aa142357e14406e74b88332554eb09b47421a6e_1651868__image5_thumb.jpg","width":400,"height":400},{"@type":"BreadcrumbList","@id":"https:\/\/cyberlogics.ao\/index.php\/product\/dell-pa901c-power-adapter-inverter-indoor-90-w-black-part-number-dell-pa901c-ean-5397184377727\/#breadcrumb","itemListElement":[{"@type":"ListItem","position":1,"name":"In\u00edcio","item":"https:\/\/cyberlogics.ao\/"},{"@type":"ListItem","position":2,"name":"Produtos","item":"https:\/\/cyberlogics.ao\/index.php\/shop-2\/"},{"@type":"ListItem","position":3,"name":"DELL PA901C power adapter\/inverter Indoor 90 W Black Part number: DELL-PA901C EAN: 5397184377727"}]},{"@type":"WebSite","@id":"https:\/\/cyberlogics.ao\/#website","url":"https:\/\/cyberlogics.ao\/","name":"Cyberlogics Technologies Angola","description":"Loja Online de Licen\u00e7as de Softwares e Inform\u00e1tica","publisher":{"@id":"https:\/\/cyberlogics.ao\/#organization"},"potentialAction":[{"@type":"SearchAction","target":{"@type":"EntryPoint","urlTemplate":"https:\/\/cyberlogics.ao\/?s={search_term_string}"},"query-input":{"@type":"PropertyValueSpecification","valueRequired":true,"valueName":"search_term_string"}}],"inLanguage":"pt-PT"},{"@type":"Organization","@id":"https:\/\/cyberlogics.ao\/#organization","name":"Cyberlogics Ao Technologies - Loja Online de Licen\u00e7as de Softwares e Inform\u00e1tica","url":"https:\/\/cyberlogics.ao\/","logo":{"@type":"ImageObject","inLanguage":"pt-PT","@id":"https:\/\/cyberlogics.ao\/#\/schema\/logo\/image\/","url":"https:\/\/cyberlogics.ao\/wp-content\/uploads\/2022\/04\/CT-logo.png","contentUrl":"https:\/\/cyberlogics.ao\/wp-content\/uploads\/2022\/04\/CT-logo.png","width":190,"height":75,"caption":"Cyberlogics Ao Technologies - Loja Online de Licen\u00e7as de Softwares e Inform\u00e1tica"},"image":{"@id":"https:\/\/cyberlogics.ao\/#\/schema\/logo\/image\/"}}]}},"_links":{"self":[{"href":"https:\/\/cyberlogics.ao\/index.php\/wp-json\/wp\/v2\/product\/11596","targetHints":{"allow":["GET"]}}],"collection":[{"href":"https:\/\/cyberlogics.ao\/index.php\/wp-json\/wp\/v2\/product"}],"about":[{"href":"https:\/\/cyberlogics.ao\/index.php\/wp-json\/wp\/v2\/types\/product"}],"replies":[{"embeddable":true,"href":"https:\/\/cyberlogics.ao\/index.php\/wp-json\/wp\/v2\/comments?post=11596"}],"wp:featuredmedia":[{"embeddable":true,"href":"https:\/\/cyberlogics.ao\/index.php\/wp-json\/wp\/v2\/media\/11597"}],"wp:attachment":[{"href":"https:\/\/cyberlogics.ao\/index.php\/wp-json\/wp\/v2\/media?parent=11596"}],"wp:term":[{"taxonomy":"product_brand","embeddable":true,"href":"https:\/\/cyberlogics.ao\/index.php\/wp-json\/wp\/v2\/product_brand?post=11596"},{"taxonomy":"product_cat","embeddable":true,"href":"https:\/\/cyberlogics.ao\/index.php\/wp-json\/wp\/v2\/product_cat?post=11596"},{"taxonomy":"product_tag","embeddable":true,"href":"https:\/\/cyberlogics.ao\/index.php\/wp-json\/wp\/v2\/product_tag?post=11596"}],"curies":[{"name":"wp","href":"https:\/\/api.w.org\/{rel}","templated":true}]}}