{"id":5448,"date":"2022-02-19T15:34:43","date_gmt":"2022-02-19T15:34:43","guid":{"rendered":"http:\/\/aplusintelligence.ctechnology.ao\/?post_type=product&#038;p=5448"},"modified":"2023-03-22T10:51:01","modified_gmt":"2023-03-22T10:51:01","slug":"windows-10-professional","status":"publish","type":"product","link":"https:\/\/cyberlogics.ao\/index.php\/product\/windows-10-professional\/","title":{"rendered":"Windows 10 Profissional"},"content":{"rendered":"<div class=\"bluebg\">\n<h2>P\u00e1gina inicial do Microsoft Windows 10<\/h2>\n<p class=\"h2desc\">\u00c9 uma uni\u00e3o feliz das melhores qualidades do Windows 7 e Windows 8, os recursos da \u00e1rea de trabalho do 7 com alguns dos atributos amig\u00e1veis \u200b\u200bao toque da 8.1.<\/p>\n<\/div>\n<div>\n<h2>O melhor Windows ainda<\/h2>\n<p class=\"h2desc\">A melhor coisa do Windows 10 \u00e9 que ele se parece com o Windows.\u00a0O Windows 10 funciona perfeitamente em todos os seus dispositivos.<br \/>\n____________________<\/p>\n<div class=\"row justify-content-center hasborder reverse\">\n<div class=\"col-sm-10c\"><\/div>\n<div class=\"col-sm-4 \"><img decoding=\"async\" src=\"https:\/\/i0.wp.com\/cdn.shopify.com\/s\/files\/1\/0855\/1446\/files\/Win10Home-windows-desktop_1x_1024x1024_148875ca-e0f8-40c6-8bea-3573096a3f8d.jpg?w=1020&amp;ssl=1\" alt=\" MS Windows 10\" data-recalc-dims=\"1\" \/><\/div>\n<div class=\"col-sm-6 align-self-center\">\n<h3>Menu Iniciar expandido<\/h3>\n<p>O familiar menu Iniciar est\u00e1 de volta, fornecendo acesso r\u00e1pido, com um clique, \u00e0s fun\u00e7\u00f5es e arquivos que as pessoas mais usam, e tamb\u00e9m um novo espa\u00e7o para personalizar com aplicativos, programas, pessoas e sites favoritos.<\/p>\n<\/div>\n<\/div>\n<div class=\"row justify-content-center hasborder\">\n<div class=\"col-sm-10c\"><\/div>\n<div class=\"col-sm-6 align-self-center\">\n<h3>Aplicativos executados no Windows<\/h3>\n<p>Os aplicativos da Windows Store agora abrem no mesmo formato que os programas da \u00e1rea de trabalho.\u00a0Eles podem ser redimensionados e movidos, e possuem barras de t\u00edtulo na parte superior, permitindo que os usu\u00e1rios maximizem, minimizem e fechem com um clique.<\/p>\n<\/div>\n<div class=\"col-sm-4 \"><img fetchpriority=\"high\" decoding=\"async\" class=\"\" src=\"https:\/\/i0.wp.com\/cdn.shopify.com\/s\/files\/1\/0855\/1446\/files\/Win10Home-2.png?resize=581%2C327&amp;ssl=1\" alt=\" MS Windows 10\" width=\"581\" height=\"327\" data-recalc-dims=\"1\" \/><\/div>\n<div><\/div>\n<\/div>\n<div class=\"row justify-content-center hasborder reverse\">\n<div class=\"col-sm-10c\"><\/div>\n<div class=\"col-sm-4 \"><img decoding=\"async\" src=\"https:\/\/i0.wp.com\/cdn.shopify.com\/s\/files\/1\/0855\/1446\/files\/Win10Home-1.png?w=1020&amp;ssl=1\" alt=\" MS Windows 10\" data-recalc-dims=\"1\" \/><\/div>\n<div class=\"col-sm-6 align-self-center\">\n<h3>Aprimoramentos de snap<\/h3>\n<p>Tenha at\u00e9 quatro aplicativos na mesma tela com um novo layout de quadrante.\u00a0O Windows tamb\u00e9m mostra outros aplicativos e programas em execu\u00e7\u00e3o para ajustes adicionais e at\u00e9 faz sugest\u00f5es inteligentes sobre como preencher o espa\u00e7o dispon\u00edvel na tela com outros aplicativos abertos.<\/p>\n<\/div>\n<\/div>\n<div class=\"row\">\n<div class=\"col-sm-6\">\n<h4>Novo bot\u00e3o de visualiza\u00e7\u00e3o de tarefas<br \/>\n_____<\/h4>\n<p>O novo bot\u00e3o de visualiza\u00e7\u00e3o de tarefas na barra de tarefas permite uma visualiza\u00e7\u00e3o para todos os aplicativos e arquivos abertos, permitindo altern\u00e2ncia r\u00e1pida e acesso com um toque a qualquer \u00e1rea de trabalho criada pelo usu\u00e1rio.<\/p>\n<\/div>\n<div class=\"col-sm-6\">\n<h4>V\u00e1rias \u00e1reas de trabalho<br \/>\n_____<\/h4>\n<p>Em vez de muitos aplicativos e arquivos se sobreporem em uma \u00fanica \u00e1rea de trabalho, \u00e9 f\u00e1cil criar e alternar entre \u00e1reas de trabalho distintas para diferentes fins e projetos, seja para trabalho, uso pessoal ou ambos.<\/p>\n<\/div>\n<\/div>\n<div class=\"greysection\">\n<h2>Outras caracter\u00edsticas<\/h2>\n<p class=\"h2desc\">O Windows 10 combina os melhores recursos encontrados no Windows 7 e no Windows 8 para criar um sistema operacional coeso e esta vers\u00e3o do Windows foi projetada para preencher a lacuna entre PCs e tablets.<br \/>\n____________________<\/p>\n<div class=\"row flexr\">\n<div class=\"col-sm-6\">\n<div class=\"midimage\"><img decoding=\"async\" src=\"https:\/\/i0.wp.com\/cdn.shopify.com\/s\/files\/1\/0855\/1446\/files\/Win10Home-ink.png?w=1020&amp;ssl=1\" alt=\" MS Windows 10\" data-recalc-dims=\"1\" \/><\/div>\n<h4>Obtenha ideias rapidamente<br \/>\n_____<\/h4>\n<p>O espa\u00e7o de trabalho do Windows Ink \u00e9 acess\u00edvel instantaneamente onde quer que voc\u00ea esteja, para que voc\u00ea n\u00e3o precise se preocupar em perder uma ideia.\u00a0Acesse rapidamente um espa\u00e7o de trabalho de tinta com o clique de uma caneta digital ou diretamente da barra de tarefas.<\/p>\n<\/div>\n<div class=\"col-sm-6 bluebg\">\n<div class=\"midimage\"><\/div>\n<h4>Otimize seu espa\u00e7o de trabalho<br \/>\n_____<\/h4>\n<p>Organize sua tela da maneira que desejar, gerencie facilmente v\u00e1rios aplicativos e documentos do Office em uma tela e encaixe sem esfor\u00e7o at\u00e9 quatro deles para otimizar seu espa\u00e7o de trabalho.<\/p>\n<\/div>\n<\/div>\n<div class=\"row\">\n<div class=\"col-sm-6 bluebg\">\n<div class=\"midimage\"><\/div>\n<h4>O navegador mais r\u00e1pido e seguro<br \/>\n_____<\/h4>\n<p>O Microsoft Edge \u00e9 o navegador mais r\u00e1pido e seguro, otimizado para a Web moderna, mas ainda compat\u00edvel com aplicativos e sites herdados.\u00a0Escreva ou digite diretamente nas p\u00e1ginas da web e compartilhe suas marca\u00e7\u00f5es com outras pessoas.\u00a0Use a visualiza\u00e7\u00e3o de leitura para remover as distra\u00e7\u00f5es.\u00a0Al\u00e9m disso, ele reproduz Netflix em uma resolu\u00e7\u00e3o 4K Ultra HD cristalina.<\/p>\n<\/div>\n<div class=\"col-sm-6 \">\n<div class=\"midimage\"><img decoding=\"async\" src=\"https:\/\/i0.wp.com\/cdn.shopify.com\/s\/files\/1\/0855\/1446\/files\/Win10Home-assistant.png?w=1020&amp;ssl=1\" alt=\" MS Windows 10\" data-recalc-dims=\"1\" \/><\/div>\n<h4>Seu assistente digital pessoal<br \/>\n_____<\/h4>\n<p>A Cortana pode notific\u00e1-lo sobre compromissos e prazos, sugerir documentos necess\u00e1rios para uma pr\u00f3xima reuni\u00e3o e sincronizar com o calend\u00e1rio do seu grupo.\u00a0Crie, modifique e abra listas apenas com sua voz.<\/p>\n<\/div>\n<\/div>\n<\/div>\n<div>\n<h2>Seguran\u00e7a<\/h2>\n<div class=\"row justify-content-center\">\n<div class=\"col-md-6\">\n<div class=\"blueborder\">\n<div class=\"bord\"><img decoding=\"async\" src=\"https:\/\/i0.wp.com\/cdn.shopify.com\/s\/files\/1\/0855\/1446\/files\/Win10Home-protect.png?w=1020&amp;ssl=1\" alt=\" MS Windows 10\" data-recalc-dims=\"1\" \/><\/div>\n<h4>Prote\u00e7\u00e3o antiv\u00edrus<br \/>\nintegrada _____<\/h4>\n<p>Com prote\u00e7\u00e3o antiv\u00edrus integrada, o Windows Defender protege seu dispositivo contra amea\u00e7as sofisticadas com uma combina\u00e7\u00e3o de processos para ajudar a identificar e bloquear o ransomware.\u00a0As atualiza\u00e7\u00f5es autom\u00e1ticas garantem uma prote\u00e7\u00e3o completa e cont\u00ednua contra amea\u00e7as atuais e futuras.<\/p>\n<\/div>\n<\/div>\n<div class=\"col-md-6\">\n<div class=\"blueborder\">\n<div class=\"bord\"><img decoding=\"async\" src=\"https:\/\/i0.wp.com\/cdn.shopify.com\/s\/files\/1\/0855\/1446\/files\/Win10Home-finger.png?w=1020&amp;ssl=1\" alt=\" MS Windows 10\" data-recalc-dims=\"1\" \/><\/div>\n<h4>Entre: tr\u00eas vezes mais r\u00e1pido<br \/>\n_____<\/h4>\n<p>Entre nos seus dispositivos Windows em menos de 2 segundos com o Windows Hello?\u00a03 vezes mais r\u00e1pido que uma senha.\u00a0O reconhecimento facial ou de impress\u00e3o digital fornece acesso instant\u00e2neo e voc\u00ea sempre tem a op\u00e7\u00e3o de manter um PIN como backup.<\/p>\n<\/div>\n<\/div>\n<\/div>\n<\/div>\n<\/div>\n<div class=\"greysection forh4\">\n<h2>Requisitos de sistema<\/h2>\n<div class=\"row\">\n<div class=\"col-sm-3 pad15\">\n<h4>1 GHz<br \/>\nde processador<\/h4>\n<\/div>\n<div class=\"col-sm-3\">\n<h4>2 GB de<br \/>\nRAM<\/h4>\n<\/div>\n<div class=\"col-sm-3\">\n<h4>16 GB de<br \/>\nespa\u00e7o\u00a0dispon\u00edvel no\u00a0disco r\u00edgido<\/h4>\n<\/div>\n<div class=\"col-sm-3\">\n<h4>Resolu\u00e7\u00e3o de tela de\u00a01366 x 768<\/h4>\n<\/div>\n<\/div>\n<div class=\"row\">\n<div class=\"col-sm-6\">\n<h4>Processador gr\u00e1fico DirectX 9 com driver WDDM<\/h4>\n<\/div>\n<div class=\"col-sm-6\">\n<h4>Uma conta da Microsoft e acesso \u00e0 Internet<\/h4>\n<\/div>\n<\/div>\n<\/div>\n","protected":false},"excerpt":{"rendered":"<p>\u00c9 uma uni\u00e3o feliz das melhores qualidades do Windows 7 e do Windows 8, os recursos da \u00e1rea de trabalho do 7 com alguns dos atributos amig\u00e1veis ao toque do 8.1.<\/p>\n<p>Vers\u00e3o 100% original.<br \/>\nAmbos suporte a vers\u00e3o de 32\/64 bits<br \/>\nLicen\u00e7a transfer\u00edvel.<br \/>\nVital\u00edcia eficaz<\/p>\n","protected":false},"featured_media":5450,"comment_status":"closed","ping_status":"closed","template":"","meta":{"_joinchat":[]},"product_brand":[],"product_cat":[245,247],"product_tag":[],"class_list":{"0":"post-5448","1":"product","2":"type-product","3":"status-publish","4":"has-post-thumbnail","6":"product_cat-sistemas-operativos","7":"product_cat-windows-10","9":"first","10":"instock","11":"shipping-taxable","12":"purchasable","13":"product-type-simple"},"yoast_head":"<!-- This site is optimized with the Yoast SEO plugin v27.4 - https:\/\/yoast.com\/product\/yoast-seo-wordpress\/ -->\n<title>Windows 10 Profissional - Cyberlogics Technologies Angola<\/title>\n<meta name=\"description\" content=\"A Maior Loja Online de Angola de Licen\u00e7as Microsoft Office | Chaves Sistemas Operativos Windows | Antiv\u00edrus | Cloud Adobe | Inform\u00e1tica &amp; Servidores | Softwares de Gest\u00e3o ERP | Gaming Hardware | UPS e Baterias &amp; Muito Mais...\" \/>\n<meta name=\"robots\" content=\"index, follow, max-snippet:-1, max-image-preview:large, max-video-preview:-1\" \/>\n<link rel=\"canonical\" href=\"https:\/\/cyberlogics.ao\/index.php\/product\/windows-10-professional\/\" \/>\n<meta property=\"og:locale\" content=\"pt_PT\" \/>\n<meta property=\"og:type\" content=\"article\" \/>\n<meta property=\"og:title\" content=\"Windows 10 Profissional - Cyberlogics Technologies Angola\" \/>\n<meta property=\"og:description\" content=\"A Maior Loja Online de Angola de Licen\u00e7as Microsoft Office | Chaves Sistemas Operativos Windows | Antiv\u00edrus | Cloud Adobe | Inform\u00e1tica &amp; Servidores | Softwares de Gest\u00e3o ERP | Gaming Hardware | UPS e Baterias &amp; Muito Mais...\" \/>\n<meta property=\"og:url\" content=\"https:\/\/cyberlogics.ao\/index.php\/product\/windows-10-professional\/\" \/>\n<meta property=\"og:site_name\" content=\"Cyberlogics Technologies Angola\" \/>\n<meta property=\"article:modified_time\" content=\"2023-03-22T10:51:01+00:00\" \/>\n<meta property=\"og:image\" content=\"http:\/\/cyberlogics.ao\/wp-content\/uploads\/2022\/02\/windows-10-professional.jpg\" \/>\n\t<meta property=\"og:image:width\" content=\"600\" \/>\n\t<meta property=\"og:image:height\" content=\"600\" \/>\n\t<meta property=\"og:image:type\" content=\"image\/jpeg\" \/>\n<meta name=\"twitter:card\" content=\"summary_large_image\" \/>\n<meta name=\"twitter:label1\" content=\"Tempo estimado de leitura\" \/>\n\t<meta name=\"twitter:data1\" content=\"3 minutos\" \/>\n<script type=\"application\/ld+json\" class=\"yoast-schema-graph\">{\"@context\":\"https:\\\/\\\/schema.org\",\"@graph\":[{\"@type\":\"WebPage\",\"@id\":\"https:\\\/\\\/cyberlogics.ao\\\/index.php\\\/product\\\/windows-10-professional\\\/\",\"url\":\"https:\\\/\\\/cyberlogics.ao\\\/index.php\\\/product\\\/windows-10-professional\\\/\",\"name\":\"Windows 10 Profissional - Cyberlogics Technologies Angola\",\"isPartOf\":{\"@id\":\"https:\\\/\\\/cyberlogics.ao\\\/#website\"},\"primaryImageOfPage\":{\"@id\":\"https:\\\/\\\/cyberlogics.ao\\\/index.php\\\/product\\\/windows-10-professional\\\/#primaryimage\"},\"image\":{\"@id\":\"https:\\\/\\\/cyberlogics.ao\\\/index.php\\\/product\\\/windows-10-professional\\\/#primaryimage\"},\"thumbnailUrl\":\"https:\\\/\\\/cyberlogics.ao\\\/wp-content\\\/uploads\\\/2022\\\/02\\\/windows-10-professional.jpg\",\"datePublished\":\"2022-02-19T15:34:43+00:00\",\"dateModified\":\"2023-03-22T10:51:01+00:00\",\"description\":\"A Maior Loja Online de Angola de Licen\u00e7as Microsoft Office | Chaves Sistemas Operativos Windows | Antiv\u00edrus | Cloud Adobe | Inform\u00e1tica & Servidores | Softwares de Gest\u00e3o ERP | Gaming Hardware | UPS e Baterias & Muito Mais...\",\"breadcrumb\":{\"@id\":\"https:\\\/\\\/cyberlogics.ao\\\/index.php\\\/product\\\/windows-10-professional\\\/#breadcrumb\"},\"inLanguage\":\"pt-PT\",\"potentialAction\":[{\"@type\":\"ReadAction\",\"target\":[\"https:\\\/\\\/cyberlogics.ao\\\/index.php\\\/product\\\/windows-10-professional\\\/\"]}]},{\"@type\":\"ImageObject\",\"inLanguage\":\"pt-PT\",\"@id\":\"https:\\\/\\\/cyberlogics.ao\\\/index.php\\\/product\\\/windows-10-professional\\\/#primaryimage\",\"url\":\"https:\\\/\\\/cyberlogics.ao\\\/wp-content\\\/uploads\\\/2022\\\/02\\\/windows-10-professional.jpg\",\"contentUrl\":\"https:\\\/\\\/cyberlogics.ao\\\/wp-content\\\/uploads\\\/2022\\\/02\\\/windows-10-professional.jpg\",\"width\":600,\"height\":600},{\"@type\":\"BreadcrumbList\",\"@id\":\"https:\\\/\\\/cyberlogics.ao\\\/index.php\\\/product\\\/windows-10-professional\\\/#breadcrumb\",\"itemListElement\":[{\"@type\":\"ListItem\",\"position\":1,\"name\":\"In\u00edcio\",\"item\":\"https:\\\/\\\/cyberlogics.ao\\\/\"},{\"@type\":\"ListItem\",\"position\":2,\"name\":\"Produtos\",\"item\":\"https:\\\/\\\/cyberlogics.ao\\\/index.php\\\/shop-2\\\/\"},{\"@type\":\"ListItem\",\"position\":3,\"name\":\"Windows 10 Profissional\"}]},{\"@type\":\"WebSite\",\"@id\":\"https:\\\/\\\/cyberlogics.ao\\\/#website\",\"url\":\"https:\\\/\\\/cyberlogics.ao\\\/\",\"name\":\"Cyberlogics Technologies Angola\",\"description\":\"Loja Online de Licen\u00e7as de Softwares e Inform\u00e1tica\",\"publisher\":{\"@id\":\"https:\\\/\\\/cyberlogics.ao\\\/#organization\"},\"potentialAction\":[{\"@type\":\"SearchAction\",\"target\":{\"@type\":\"EntryPoint\",\"urlTemplate\":\"https:\\\/\\\/cyberlogics.ao\\\/?s={search_term_string}\"},\"query-input\":{\"@type\":\"PropertyValueSpecification\",\"valueRequired\":true,\"valueName\":\"search_term_string\"}}],\"inLanguage\":\"pt-PT\"},{\"@type\":\"Organization\",\"@id\":\"https:\\\/\\\/cyberlogics.ao\\\/#organization\",\"name\":\"Cyberlogics Ao Technologies - Loja Online de Licen\u00e7as de Softwares e Inform\u00e1tica\",\"url\":\"https:\\\/\\\/cyberlogics.ao\\\/\",\"logo\":{\"@type\":\"ImageObject\",\"inLanguage\":\"pt-PT\",\"@id\":\"https:\\\/\\\/cyberlogics.ao\\\/#\\\/schema\\\/logo\\\/image\\\/\",\"url\":\"https:\\\/\\\/cyberlogics.ao\\\/wp-content\\\/uploads\\\/2022\\\/04\\\/CT-logo.png\",\"contentUrl\":\"https:\\\/\\\/cyberlogics.ao\\\/wp-content\\\/uploads\\\/2022\\\/04\\\/CT-logo.png\",\"width\":190,\"height\":75,\"caption\":\"Cyberlogics Ao Technologies - Loja Online de Licen\u00e7as de Softwares e Inform\u00e1tica\"},\"image\":{\"@id\":\"https:\\\/\\\/cyberlogics.ao\\\/#\\\/schema\\\/logo\\\/image\\\/\"}}]}<\/script>\n<!-- \/ Yoast SEO plugin. -->","yoast_head_json":{"title":"Windows 10 Profissional - Cyberlogics Technologies Angola","description":"A Maior Loja Online de Angola de Licen\u00e7as Microsoft Office | Chaves Sistemas Operativos Windows | Antiv\u00edrus | Cloud Adobe | Inform\u00e1tica & Servidores | Softwares de Gest\u00e3o ERP | Gaming Hardware | UPS e Baterias & Muito Mais...","robots":{"index":"index","follow":"follow","max-snippet":"max-snippet:-1","max-image-preview":"max-image-preview:large","max-video-preview":"max-video-preview:-1"},"canonical":"https:\/\/cyberlogics.ao\/index.php\/product\/windows-10-professional\/","og_locale":"pt_PT","og_type":"article","og_title":"Windows 10 Profissional - Cyberlogics Technologies Angola","og_description":"A Maior Loja Online de Angola de Licen\u00e7as Microsoft Office | Chaves Sistemas Operativos Windows | Antiv\u00edrus | Cloud Adobe | Inform\u00e1tica & Servidores | Softwares de Gest\u00e3o ERP | Gaming Hardware | UPS e Baterias & Muito Mais...","og_url":"https:\/\/cyberlogics.ao\/index.php\/product\/windows-10-professional\/","og_site_name":"Cyberlogics Technologies Angola","article_modified_time":"2023-03-22T10:51:01+00:00","og_image":[{"width":600,"height":600,"url":"http:\/\/cyberlogics.ao\/wp-content\/uploads\/2022\/02\/windows-10-professional.jpg","type":"image\/jpeg"}],"twitter_card":"summary_large_image","twitter_misc":{"Tempo estimado de leitura":"3 minutos"},"schema":{"@context":"https:\/\/schema.org","@graph":[{"@type":"WebPage","@id":"https:\/\/cyberlogics.ao\/index.php\/product\/windows-10-professional\/","url":"https:\/\/cyberlogics.ao\/index.php\/product\/windows-10-professional\/","name":"Windows 10 Profissional - Cyberlogics Technologies Angola","isPartOf":{"@id":"https:\/\/cyberlogics.ao\/#website"},"primaryImageOfPage":{"@id":"https:\/\/cyberlogics.ao\/index.php\/product\/windows-10-professional\/#primaryimage"},"image":{"@id":"https:\/\/cyberlogics.ao\/index.php\/product\/windows-10-professional\/#primaryimage"},"thumbnailUrl":"https:\/\/cyberlogics.ao\/wp-content\/uploads\/2022\/02\/windows-10-professional.jpg","datePublished":"2022-02-19T15:34:43+00:00","dateModified":"2023-03-22T10:51:01+00:00","description":"A Maior Loja Online de Angola de Licen\u00e7as Microsoft Office | Chaves Sistemas Operativos Windows | Antiv\u00edrus | Cloud Adobe | Inform\u00e1tica & Servidores | Softwares de Gest\u00e3o ERP | Gaming Hardware | UPS e Baterias & Muito Mais...","breadcrumb":{"@id":"https:\/\/cyberlogics.ao\/index.php\/product\/windows-10-professional\/#breadcrumb"},"inLanguage":"pt-PT","potentialAction":[{"@type":"ReadAction","target":["https:\/\/cyberlogics.ao\/index.php\/product\/windows-10-professional\/"]}]},{"@type":"ImageObject","inLanguage":"pt-PT","@id":"https:\/\/cyberlogics.ao\/index.php\/product\/windows-10-professional\/#primaryimage","url":"https:\/\/cyberlogics.ao\/wp-content\/uploads\/2022\/02\/windows-10-professional.jpg","contentUrl":"https:\/\/cyberlogics.ao\/wp-content\/uploads\/2022\/02\/windows-10-professional.jpg","width":600,"height":600},{"@type":"BreadcrumbList","@id":"https:\/\/cyberlogics.ao\/index.php\/product\/windows-10-professional\/#breadcrumb","itemListElement":[{"@type":"ListItem","position":1,"name":"In\u00edcio","item":"https:\/\/cyberlogics.ao\/"},{"@type":"ListItem","position":2,"name":"Produtos","item":"https:\/\/cyberlogics.ao\/index.php\/shop-2\/"},{"@type":"ListItem","position":3,"name":"Windows 10 Profissional"}]},{"@type":"WebSite","@id":"https:\/\/cyberlogics.ao\/#website","url":"https:\/\/cyberlogics.ao\/","name":"Cyberlogics Technologies Angola","description":"Loja Online de Licen\u00e7as de Softwares e Inform\u00e1tica","publisher":{"@id":"https:\/\/cyberlogics.ao\/#organization"},"potentialAction":[{"@type":"SearchAction","target":{"@type":"EntryPoint","urlTemplate":"https:\/\/cyberlogics.ao\/?s={search_term_string}"},"query-input":{"@type":"PropertyValueSpecification","valueRequired":true,"valueName":"search_term_string"}}],"inLanguage":"pt-PT"},{"@type":"Organization","@id":"https:\/\/cyberlogics.ao\/#organization","name":"Cyberlogics Ao Technologies - Loja Online de Licen\u00e7as de Softwares e Inform\u00e1tica","url":"https:\/\/cyberlogics.ao\/","logo":{"@type":"ImageObject","inLanguage":"pt-PT","@id":"https:\/\/cyberlogics.ao\/#\/schema\/logo\/image\/","url":"https:\/\/cyberlogics.ao\/wp-content\/uploads\/2022\/04\/CT-logo.png","contentUrl":"https:\/\/cyberlogics.ao\/wp-content\/uploads\/2022\/04\/CT-logo.png","width":190,"height":75,"caption":"Cyberlogics Ao Technologies - Loja Online de Licen\u00e7as de Softwares e Inform\u00e1tica"},"image":{"@id":"https:\/\/cyberlogics.ao\/#\/schema\/logo\/image\/"}}]}},"_links":{"self":[{"href":"https:\/\/cyberlogics.ao\/index.php\/wp-json\/wp\/v2\/product\/5448","targetHints":{"allow":["GET"]}}],"collection":[{"href":"https:\/\/cyberlogics.ao\/index.php\/wp-json\/wp\/v2\/product"}],"about":[{"href":"https:\/\/cyberlogics.ao\/index.php\/wp-json\/wp\/v2\/types\/product"}],"replies":[{"embeddable":true,"href":"https:\/\/cyberlogics.ao\/index.php\/wp-json\/wp\/v2\/comments?post=5448"}],"wp:featuredmedia":[{"embeddable":true,"href":"https:\/\/cyberlogics.ao\/index.php\/wp-json\/wp\/v2\/media\/5450"}],"wp:attachment":[{"href":"https:\/\/cyberlogics.ao\/index.php\/wp-json\/wp\/v2\/media?parent=5448"}],"wp:term":[{"taxonomy":"product_brand","embeddable":true,"href":"https:\/\/cyberlogics.ao\/index.php\/wp-json\/wp\/v2\/product_brand?post=5448"},{"taxonomy":"product_cat","embeddable":true,"href":"https:\/\/cyberlogics.ao\/index.php\/wp-json\/wp\/v2\/product_cat?post=5448"},{"taxonomy":"product_tag","embeddable":true,"href":"https:\/\/cyberlogics.ao\/index.php\/wp-json\/wp\/v2\/product_tag?post=5448"}],"curies":[{"name":"wp","href":"https:\/\/api.w.org\/{rel}","templated":true}]}}