{"id":7488,"date":"2023-08-01T09:46:07","date_gmt":"2023-08-01T09:46:07","guid":{"rendered":"https:\/\/cyberlogics.ao\/?post_type=product&#038;p=7488"},"modified":"2024-02-09T15:21:49","modified_gmt":"2024-02-09T15:21:49","slug":"hpe-aruba-6000-managed-48g-4sfp-poe-370w-switch","status":"publish","type":"product","link":"https:\/\/cyberlogics.ao\/index.php\/product\/hpe-aruba-6000-managed-48g-4sfp-poe-370w-switch\/","title":{"rendered":"HPE Aruba 6000 Managed 48G 4SFP PoE+ 370W Switch"},"content":{"rendered":"<h2>Hewlett Packard Enterprise Aruba 6000 48G Class4 PoE 4SFP 370W, Gerido, L3, Gigabit Ethernet (10\/100\/1000), Power over Ethernet (PoE), Montagem em prateleira, 1U<\/h2>\n<p>Hewlett Packard Enterprise Aruba 6000 48G Class4 PoE 4SFP 370W. Tipo de switch: Gerido, Camada de switches: L3. Tipos de portas ethernet Basic switching RJ-45: Gigabit Ethernet (10\/100\/1000), N\u00famero de portas ethernet Basic switching RJ-45: 48, Entrada de consola: USB. Tabela de endere\u00e7os MAC: 8192 entradas, Capacidade de routing\/switching: 104 Gbit\/s. Normas de Comunica\u00e7\u00f5es: IEEE 802.1D, IEEE 802.1Q, IEEE 802.1p, IEEE 802.1s, IEEE 802.1w, IEEE 802.3, IEEE 802.3ab, IEEE&#8230;. Power over Ethernet (PoE). Montagem em prateleira, Forma: 1U<\/p>\n<p>&nbsp;<\/p>\n<div class=\"product-spec-title\">Especifica\u00e7\u00e3o<\/div>\n<div class=\"tab-content tab-content-description\">\n<table id=\"icecat-specification-table\" class=\"product_specs\">\n<tbody>\n<tr>\n<td class=\"spec-subheading\" colspan=\"2\"><b>Funcionalidades de gest\u00e3o<\/b><\/td>\n<\/tr>\n<tr>\n<td class=\"spec-label\">Tipo de switch<\/td>\n<td class=\"spec-value\">Gerido<\/td>\n<\/tr>\n<tr>\n<td class=\"spec-label\">Camada de switches<\/td>\n<td class=\"spec-value\">L3<\/td>\n<\/tr>\n<tr>\n<td class=\"spec-label\">Suporte para Quality of Service (QoS)<\/td>\n<td class=\"spec-value\">Sim<\/td>\n<\/tr>\n<tr>\n<td class=\"spec-label\">Gest\u00e3o web-based<\/td>\n<td class=\"spec-value\">Sim<\/td>\n<\/tr>\n<tr>\n<td class=\"spec-label\">Gerido na cloud<\/td>\n<td class=\"spec-value\">Sim<\/td>\n<\/tr>\n<tr>\n<td class=\"spec-subheading\" colspan=\"2\"><b>Conectividade<\/b><\/td>\n<\/tr>\n<tr>\n<td class=\"spec-label\">N\u00famero de portas ethernet Basic switching RJ-45<\/td>\n<td class=\"spec-value\">48<\/td>\n<\/tr>\n<tr>\n<td class=\"spec-label\">Tipos de portas ethernet Basic switching RJ-45<\/td>\n<td class=\"spec-value\">Gigabit Ethernet (10\/100\/1000)<\/td>\n<\/tr>\n<tr>\n<td class=\"spec-label\">Quantidade de ranhuras de m\u00f3dulos SFP<\/td>\n<td class=\"spec-value\">4<\/td>\n<\/tr>\n<tr>\n<td class=\"spec-label\">Entrada de consola<\/td>\n<td class=\"spec-value\">USB<\/td>\n<\/tr>\n<tr>\n<td class=\"spec-subheading\" colspan=\"2\"><b>Rede<\/b><\/td>\n<\/tr>\n<tr>\n<td class=\"spec-label\">Normas de Comunica\u00e7\u00f5es<\/td>\n<td class=\"spec-value\">IEEE 802.1D, IEEE 802.1Q, IEEE 802.1p, IEEE 802.1s, IEEE 802.1w, IEEE 802.3, IEEE 802.3ab, IEEE 802.3ad, IEEE 802.3af, IEEE 802.3at, IEEE 802.3az, IEEE 802.3x<\/td>\n<\/tr>\n<tr>\n<td class=\"spec-label\">Suporte 10G<\/td>\n<td class=\"spec-value\">N\u00e3o<\/td>\n<\/tr>\n<tr>\n<td class=\"spec-label\">Mirroring de portas<\/td>\n<td class=\"spec-value\">Sim<\/td>\n<\/tr>\n<tr>\n<td class=\"spec-label\">Suporte Flow control<\/td>\n<td class=\"spec-value\">Sim<\/td>\n<\/tr>\n<tr>\n<td class=\"spec-label\">Agrega\u00e7\u00e3o de links<\/td>\n<td class=\"spec-value\">Sim<\/td>\n<\/tr>\n<tr>\n<td class=\"spec-label\">Auto MDI\/MDI-X<\/td>\n<td class=\"spec-value\">Sim<\/td>\n<\/tr>\n<tr>\n<td class=\"spec-label\">Protocolo spanning tree<\/td>\n<td class=\"spec-value\">Sim<\/td>\n<\/tr>\n<tr>\n<td class=\"spec-label\">Suporte VLAN<\/td>\n<td class=\"spec-value\">Sim<\/td>\n<\/tr>\n<tr>\n<td class=\"spec-subheading\" colspan=\"2\"><b>Transmiss\u00e3o de dados<\/b><\/td>\n<\/tr>\n<tr>\n<td class=\"spec-label\"><img decoding=\"async\" title=\"The data transfer capacity of the switch per second.\" src=\"https:\/\/gfx.senetic.com\/gfx\/help_new.png\" alt=\"The data transfer capacity of the switch per second.\" \/>\u00a0 Capacidade de routing\/switching<\/td>\n<td class=\"spec-value\">104 Gbit\/s<\/td>\n<\/tr>\n<tr>\n<td class=\"spec-label\">Produtividade<\/td>\n<td class=\"spec-value\">77,3 Mpps<\/td>\n<\/tr>\n<tr>\n<td class=\"spec-label\">Tamanho da tabela de endere\u00e7os MAC<\/td>\n<td class=\"spec-value\">8192 entradas<\/td>\n<\/tr>\n<tr>\n<td class=\"spec-label\">Lat\u00eancia (1 Gbps)<\/td>\n<td class=\"spec-value\">1,9 \u00b5s<\/td>\n<\/tr>\n<tr>\n<td class=\"spec-label\">Apoio Jumbo Frames<\/td>\n<td class=\"spec-value\">Sim<\/td>\n<\/tr>\n<tr>\n<td class=\"spec-label\">Mem\u00f3ria packet buffer<\/td>\n<td class=\"spec-value\">12,38 MB<\/td>\n<\/tr>\n<tr>\n<td class=\"spec-subheading\" colspan=\"2\"><b>Seguran\u00e7a<\/b><\/td>\n<\/tr>\n<tr>\n<td class=\"spec-label\">Funcionalidades DHCP<\/td>\n<td class=\"spec-value\">DHCP client<\/td>\n<\/tr>\n<tr>\n<td class=\"spec-label\">Lista de controlo de acesso<\/td>\n<td class=\"spec-value\">Sim<\/td>\n<\/tr>\n<tr>\n<td class=\"spec-label\">IGMP snooping<\/td>\n<td class=\"spec-value\">Sim<\/td>\n<\/tr>\n<tr>\n<td class=\"spec-label\">Autentica\u00e7\u00e3o<\/td>\n<td class=\"spec-value\">Autentica\u00e7\u00e3o baseada em MAC (C\u00f3digo de Autentica\u00e7\u00e3o de Mensagem)<\/td>\n<\/tr>\n<tr>\n<td class=\"spec-subheading\" colspan=\"2\"><b>Caracter\u00edsticas Multicast<\/b><\/td>\n<\/tr>\n<tr>\n<td class=\"spec-label\">Apoio Multicast<\/td>\n<td class=\"spec-value\">Sim<\/td>\n<\/tr>\n<tr>\n<td class=\"spec-subheading\" colspan=\"2\"><b>Protocolos<\/b><\/td>\n<\/tr>\n<tr>\n<td class=\"spec-label\">Funcionalidades IPv4 e IPv6<\/td>\n<td class=\"spec-value\">IPv4\/IPv6 access-control list (ACL)<\/td>\n<\/tr>\n<tr>\n<td class=\"spec-label\">Entradas FIB IPv4<\/td>\n<td class=\"spec-value\">256<\/td>\n<\/tr>\n<tr>\n<td class=\"spec-label\">Entradas FIB IPv6<\/td>\n<td class=\"spec-value\">128<\/td>\n<\/tr>\n<tr>\n<td class=\"spec-subheading\" colspan=\"2\"><b>Design<\/b><\/td>\n<\/tr>\n<tr>\n<td class=\"spec-label\">Montagem em prateleira<\/td>\n<td class=\"spec-value\">Sim<\/td>\n<\/tr>\n<tr>\n<td class=\"spec-label\">Empilh\u00e1vel<\/td>\n<td class=\"spec-value\">N\u00e3o<\/td>\n<\/tr>\n<tr>\n<td class=\"spec-label\">Fator forma<\/td>\n<td class=\"spec-value\">1U<\/td>\n<\/tr>\n<tr>\n<td class=\"spec-subheading\" colspan=\"2\"><b>Desempenho<\/b><\/td>\n<\/tr>\n<tr>\n<td class=\"spec-label\">Processador built-in<\/td>\n<td class=\"spec-value\">Sim<\/td>\n<\/tr>\n<tr>\n<td class=\"spec-label\">Modelo de processador<\/td>\n<td class=\"spec-value\">ARM Cortex-A9<\/td>\n<\/tr>\n<tr>\n<td class=\"spec-label\">Frequ\u00eancia do processador<\/td>\n<td class=\"spec-value\">1016 MHz<\/td>\n<\/tr>\n<tr>\n<td class=\"spec-label\">Tipo de mem\u00f3ria<\/td>\n<td class=\"spec-value\">DDR3-SDRAM<\/td>\n<\/tr>\n<tr>\n<td class=\"spec-label\">Capacidade da mem\u00f3ria incorporada<\/td>\n<td class=\"spec-value\">8192 MB<\/td>\n<\/tr>\n<tr>\n<td class=\"spec-label\">Tamanho da mem\u00f3ria flash<\/td>\n<td class=\"spec-value\">16384 MB<\/td>\n<\/tr>\n<tr>\n<td class=\"spec-label\">C\u00f3digo de Sistema Harmonizado (HS)<\/td>\n<td class=\"spec-value\">85176990<\/td>\n<\/tr>\n<tr>\n<td class=\"spec-subheading\" colspan=\"2\"><b>Gest\u00e3o de energia<\/b><\/td>\n<\/tr>\n<tr>\n<td class=\"spec-label\">Fonte de alimenta\u00e7\u00e3o<\/td>\n<td class=\"spec-value\">AC<\/td>\n<\/tr>\n<tr>\n<td class=\"spec-label\">Fonte de alimenta\u00e7\u00e3o inclu\u00edda<\/td>\n<td class=\"spec-value\">Sim<\/td>\n<\/tr>\n<tr>\n<td class=\"spec-label\">Voltagem de entrada de AC<\/td>\n<td class=\"spec-value\">100 &#8211; 240 V<\/td>\n<\/tr>\n<tr>\n<td class=\"spec-label\">Frequ\u00eancia de entrada AC<\/td>\n<td class=\"spec-value\">50\/60 Hz<\/td>\n<\/tr>\n<tr>\n<td class=\"spec-subheading\" colspan=\"2\"><b>PoE<\/b><\/td>\n<\/tr>\n<tr>\n<td class=\"spec-label\">Power over Ethernet (PoE)<\/td>\n<td class=\"spec-value\">Sim<\/td>\n<\/tr>\n<tr>\n<td class=\"spec-label\">Or\u00e7amento Total Power over Ethernet (PoE)<\/td>\n<td class=\"spec-value\">370 W<\/td>\n<\/tr>\n<tr>\n<td class=\"spec-subheading\" colspan=\"2\"><b>Condi\u00e7\u00f5es ambientais<\/b><\/td>\n<\/tr>\n<tr>\n<td class=\"spec-label\">Temperatura ambiente<\/td>\n<td class=\"spec-value\">0 &#8211; 45 \u00b0C<\/td>\n<\/tr>\n<tr>\n<td class=\"spec-label\">Limite de temperaturas (armazenamento)<\/td>\n<td class=\"spec-value\">-40 &#8211; 70 \u00b0C<\/td>\n<\/tr>\n<tr>\n<td class=\"spec-label\">Gama de humidade relativa<\/td>\n<td class=\"spec-value\">15 &#8211; 95%<\/td>\n<\/tr>\n<tr>\n<td class=\"spec-label\">Humidade de n\u00e3o funcionamento<\/td>\n<td class=\"spec-value\">15 &#8211; 90%<\/td>\n<\/tr>\n<tr>\n<td class=\"spec-subheading\" colspan=\"2\"><b>Pesos e dimens\u00f5es<\/b><\/td>\n<\/tr>\n<tr>\n<td class=\"spec-label\">Largura do produto<\/td>\n<td class=\"spec-value\">442 mm<\/td>\n<\/tr>\n<tr>\n<td class=\"spec-label\">Profundidade da Unidade<\/td>\n<td class=\"spec-value\">305 mm<\/td>\n<\/tr>\n<tr>\n<td class=\"spec-label\">Altura da Unidade<\/td>\n<td class=\"spec-value\">44 mm<\/td>\n<\/tr>\n<tr>\n<td class=\"spec-label\">Peso do produto<\/td>\n<td class=\"spec-value\">5 kg<\/td>\n<\/tr>\n<\/tbody>\n<\/table>\n<div class=\"clearer\"><\/div>\n<\/div>\n<p>&nbsp;<\/p>\n","protected":false},"excerpt":{"rendered":"<p>Hewlett Packard Enterprise Aruba 6000 48G Class4 PoE 4SFP 370W, Gerido, L3, Gigabit Ethernet (10\/100\/1000), Power over Ethernet (PoE), Montagem em prateleira, 1U Hewlett Packard Enterprise Aruba 6000 48G Class4<\/p>\n","protected":false},"featured_media":7489,"comment_status":"open","ping_status":"closed","template":"","meta":{"_joinchat":[]},"product_brand":[],"product_cat":[313],"product_tag":[],"class_list":{"0":"post-7488","1":"product","2":"type-product","3":"status-publish","4":"has-post-thumbnail","6":"product_cat-switch-hp","8":"first","9":"instock","10":"shipping-taxable","11":"purchasable","12":"product-type-simple"},"yoast_head":"<!-- This site is optimized with the Yoast SEO plugin v27.4 - https:\/\/yoast.com\/product\/yoast-seo-wordpress\/ -->\n<title>HPE Aruba 6000 Managed 48G 4SFP PoE+ 370W Switch - Cyberlogics Technologies Angola<\/title>\n<meta name=\"description\" content=\"A Maior Loja Online de Angola de Licen\u00e7as Microsoft Office | Chaves Sistemas Operativos Windows | Antiv\u00edrus | Cloud Adobe | Inform\u00e1tica &amp; Servidores | Softwares de Gest\u00e3o ERP | Gaming Hardware | UPS e Baterias &amp; Muito Mais...\" \/>\n<meta name=\"robots\" content=\"index, follow, max-snippet:-1, max-image-preview:large, max-video-preview:-1\" \/>\n<link rel=\"canonical\" href=\"https:\/\/cyberlogics.ao\/index.php\/product\/hpe-aruba-6000-managed-48g-4sfp-poe-370w-switch\/\" \/>\n<meta property=\"og:locale\" content=\"pt_PT\" \/>\n<meta property=\"og:type\" content=\"article\" \/>\n<meta property=\"og:title\" content=\"HPE Aruba 6000 Managed 48G 4SFP PoE+ 370W Switch - Cyberlogics Technologies Angola\" \/>\n<meta property=\"og:description\" content=\"A Maior Loja Online de Angola de Licen\u00e7as Microsoft Office | Chaves Sistemas Operativos Windows | Antiv\u00edrus | Cloud Adobe | Inform\u00e1tica &amp; Servidores | Softwares de Gest\u00e3o ERP | Gaming Hardware | UPS e Baterias &amp; Muito Mais...\" \/>\n<meta property=\"og:url\" content=\"https:\/\/cyberlogics.ao\/index.php\/product\/hpe-aruba-6000-managed-48g-4sfp-poe-370w-switch\/\" \/>\n<meta property=\"og:site_name\" content=\"Cyberlogics Technologies Angola\" \/>\n<meta property=\"article:modified_time\" content=\"2024-02-09T15:21:49+00:00\" \/>\n<meta property=\"og:image\" content=\"http:\/\/cyberlogics.ao\/wp-content\/uploads\/2023\/08\/ab1.webp\" \/>\n\t<meta property=\"og:image:width\" content=\"1500\" \/>\n\t<meta property=\"og:image:height\" content=\"1400\" \/>\n\t<meta property=\"og:image:type\" content=\"image\/webp\" \/>\n<meta name=\"twitter:card\" content=\"summary_large_image\" \/>\n<meta name=\"twitter:label1\" content=\"Tempo estimado de leitura\" \/>\n\t<meta name=\"twitter:data1\" content=\"3 minutos\" \/>\n<script type=\"application\/ld+json\" class=\"yoast-schema-graph\">{\"@context\":\"https:\\\/\\\/schema.org\",\"@graph\":[{\"@type\":\"WebPage\",\"@id\":\"https:\\\/\\\/cyberlogics.ao\\\/index.php\\\/product\\\/hpe-aruba-6000-managed-48g-4sfp-poe-370w-switch\\\/\",\"url\":\"https:\\\/\\\/cyberlogics.ao\\\/index.php\\\/product\\\/hpe-aruba-6000-managed-48g-4sfp-poe-370w-switch\\\/\",\"name\":\"HPE Aruba 6000 Managed 48G 4SFP PoE+ 370W Switch - Cyberlogics Technologies Angola\",\"isPartOf\":{\"@id\":\"https:\\\/\\\/cyberlogics.ao\\\/#website\"},\"primaryImageOfPage\":{\"@id\":\"https:\\\/\\\/cyberlogics.ao\\\/index.php\\\/product\\\/hpe-aruba-6000-managed-48g-4sfp-poe-370w-switch\\\/#primaryimage\"},\"image\":{\"@id\":\"https:\\\/\\\/cyberlogics.ao\\\/index.php\\\/product\\\/hpe-aruba-6000-managed-48g-4sfp-poe-370w-switch\\\/#primaryimage\"},\"thumbnailUrl\":\"https:\\\/\\\/cyberlogics.ao\\\/wp-content\\\/uploads\\\/2023\\\/08\\\/ab1.webp\",\"datePublished\":\"2023-08-01T09:46:07+00:00\",\"dateModified\":\"2024-02-09T15:21:49+00:00\",\"description\":\"A Maior Loja Online de Angola de Licen\u00e7as Microsoft Office | Chaves Sistemas Operativos Windows | Antiv\u00edrus | Cloud Adobe | Inform\u00e1tica & Servidores | Softwares de Gest\u00e3o ERP | Gaming Hardware | UPS e Baterias & Muito Mais...\",\"breadcrumb\":{\"@id\":\"https:\\\/\\\/cyberlogics.ao\\\/index.php\\\/product\\\/hpe-aruba-6000-managed-48g-4sfp-poe-370w-switch\\\/#breadcrumb\"},\"inLanguage\":\"pt-PT\",\"potentialAction\":[{\"@type\":\"ReadAction\",\"target\":[\"https:\\\/\\\/cyberlogics.ao\\\/index.php\\\/product\\\/hpe-aruba-6000-managed-48g-4sfp-poe-370w-switch\\\/\"]}]},{\"@type\":\"ImageObject\",\"inLanguage\":\"pt-PT\",\"@id\":\"https:\\\/\\\/cyberlogics.ao\\\/index.php\\\/product\\\/hpe-aruba-6000-managed-48g-4sfp-poe-370w-switch\\\/#primaryimage\",\"url\":\"https:\\\/\\\/cyberlogics.ao\\\/wp-content\\\/uploads\\\/2023\\\/08\\\/ab1.webp\",\"contentUrl\":\"https:\\\/\\\/cyberlogics.ao\\\/wp-content\\\/uploads\\\/2023\\\/08\\\/ab1.webp\",\"width\":1500,\"height\":1400},{\"@type\":\"BreadcrumbList\",\"@id\":\"https:\\\/\\\/cyberlogics.ao\\\/index.php\\\/product\\\/hpe-aruba-6000-managed-48g-4sfp-poe-370w-switch\\\/#breadcrumb\",\"itemListElement\":[{\"@type\":\"ListItem\",\"position\":1,\"name\":\"In\u00edcio\",\"item\":\"https:\\\/\\\/cyberlogics.ao\\\/\"},{\"@type\":\"ListItem\",\"position\":2,\"name\":\"Produtos\",\"item\":\"https:\\\/\\\/cyberlogics.ao\\\/index.php\\\/shop-2\\\/\"},{\"@type\":\"ListItem\",\"position\":3,\"name\":\"HPE Aruba 6000 Managed 48G 4SFP PoE+ 370W Switch\"}]},{\"@type\":\"WebSite\",\"@id\":\"https:\\\/\\\/cyberlogics.ao\\\/#website\",\"url\":\"https:\\\/\\\/cyberlogics.ao\\\/\",\"name\":\"Cyberlogics Technologies Angola\",\"description\":\"Loja Online de Licen\u00e7as de Softwares e Inform\u00e1tica\",\"publisher\":{\"@id\":\"https:\\\/\\\/cyberlogics.ao\\\/#organization\"},\"potentialAction\":[{\"@type\":\"SearchAction\",\"target\":{\"@type\":\"EntryPoint\",\"urlTemplate\":\"https:\\\/\\\/cyberlogics.ao\\\/?s={search_term_string}\"},\"query-input\":{\"@type\":\"PropertyValueSpecification\",\"valueRequired\":true,\"valueName\":\"search_term_string\"}}],\"inLanguage\":\"pt-PT\"},{\"@type\":\"Organization\",\"@id\":\"https:\\\/\\\/cyberlogics.ao\\\/#organization\",\"name\":\"Cyberlogics Ao Technologies - Loja Online de Licen\u00e7as de Softwares e Inform\u00e1tica\",\"url\":\"https:\\\/\\\/cyberlogics.ao\\\/\",\"logo\":{\"@type\":\"ImageObject\",\"inLanguage\":\"pt-PT\",\"@id\":\"https:\\\/\\\/cyberlogics.ao\\\/#\\\/schema\\\/logo\\\/image\\\/\",\"url\":\"https:\\\/\\\/cyberlogics.ao\\\/wp-content\\\/uploads\\\/2022\\\/04\\\/CT-logo.png\",\"contentUrl\":\"https:\\\/\\\/cyberlogics.ao\\\/wp-content\\\/uploads\\\/2022\\\/04\\\/CT-logo.png\",\"width\":190,\"height\":75,\"caption\":\"Cyberlogics Ao Technologies - Loja Online de Licen\u00e7as de Softwares e Inform\u00e1tica\"},\"image\":{\"@id\":\"https:\\\/\\\/cyberlogics.ao\\\/#\\\/schema\\\/logo\\\/image\\\/\"}}]}<\/script>\n<!-- \/ Yoast SEO plugin. -->","yoast_head_json":{"title":"HPE Aruba 6000 Managed 48G 4SFP PoE+ 370W Switch - Cyberlogics Technologies Angola","description":"A Maior Loja Online de Angola de Licen\u00e7as Microsoft Office | Chaves Sistemas Operativos Windows | Antiv\u00edrus | Cloud Adobe | Inform\u00e1tica & Servidores | Softwares de Gest\u00e3o ERP | Gaming Hardware | UPS e Baterias & Muito Mais...","robots":{"index":"index","follow":"follow","max-snippet":"max-snippet:-1","max-image-preview":"max-image-preview:large","max-video-preview":"max-video-preview:-1"},"canonical":"https:\/\/cyberlogics.ao\/index.php\/product\/hpe-aruba-6000-managed-48g-4sfp-poe-370w-switch\/","og_locale":"pt_PT","og_type":"article","og_title":"HPE Aruba 6000 Managed 48G 4SFP PoE+ 370W Switch - Cyberlogics Technologies Angola","og_description":"A Maior Loja Online de Angola de Licen\u00e7as Microsoft Office | Chaves Sistemas Operativos Windows | Antiv\u00edrus | Cloud Adobe | Inform\u00e1tica & Servidores | Softwares de Gest\u00e3o ERP | Gaming Hardware | UPS e Baterias & Muito Mais...","og_url":"https:\/\/cyberlogics.ao\/index.php\/product\/hpe-aruba-6000-managed-48g-4sfp-poe-370w-switch\/","og_site_name":"Cyberlogics Technologies Angola","article_modified_time":"2024-02-09T15:21:49+00:00","og_image":[{"width":1500,"height":1400,"url":"http:\/\/cyberlogics.ao\/wp-content\/uploads\/2023\/08\/ab1.webp","type":"image\/webp"}],"twitter_card":"summary_large_image","twitter_misc":{"Tempo estimado de leitura":"3 minutos"},"schema":{"@context":"https:\/\/schema.org","@graph":[{"@type":"WebPage","@id":"https:\/\/cyberlogics.ao\/index.php\/product\/hpe-aruba-6000-managed-48g-4sfp-poe-370w-switch\/","url":"https:\/\/cyberlogics.ao\/index.php\/product\/hpe-aruba-6000-managed-48g-4sfp-poe-370w-switch\/","name":"HPE Aruba 6000 Managed 48G 4SFP PoE+ 370W Switch - Cyberlogics Technologies Angola","isPartOf":{"@id":"https:\/\/cyberlogics.ao\/#website"},"primaryImageOfPage":{"@id":"https:\/\/cyberlogics.ao\/index.php\/product\/hpe-aruba-6000-managed-48g-4sfp-poe-370w-switch\/#primaryimage"},"image":{"@id":"https:\/\/cyberlogics.ao\/index.php\/product\/hpe-aruba-6000-managed-48g-4sfp-poe-370w-switch\/#primaryimage"},"thumbnailUrl":"https:\/\/cyberlogics.ao\/wp-content\/uploads\/2023\/08\/ab1.webp","datePublished":"2023-08-01T09:46:07+00:00","dateModified":"2024-02-09T15:21:49+00:00","description":"A Maior Loja Online de Angola de Licen\u00e7as Microsoft Office | Chaves Sistemas Operativos Windows | Antiv\u00edrus | Cloud Adobe | Inform\u00e1tica & Servidores | Softwares de Gest\u00e3o ERP | Gaming Hardware | UPS e Baterias & Muito Mais...","breadcrumb":{"@id":"https:\/\/cyberlogics.ao\/index.php\/product\/hpe-aruba-6000-managed-48g-4sfp-poe-370w-switch\/#breadcrumb"},"inLanguage":"pt-PT","potentialAction":[{"@type":"ReadAction","target":["https:\/\/cyberlogics.ao\/index.php\/product\/hpe-aruba-6000-managed-48g-4sfp-poe-370w-switch\/"]}]},{"@type":"ImageObject","inLanguage":"pt-PT","@id":"https:\/\/cyberlogics.ao\/index.php\/product\/hpe-aruba-6000-managed-48g-4sfp-poe-370w-switch\/#primaryimage","url":"https:\/\/cyberlogics.ao\/wp-content\/uploads\/2023\/08\/ab1.webp","contentUrl":"https:\/\/cyberlogics.ao\/wp-content\/uploads\/2023\/08\/ab1.webp","width":1500,"height":1400},{"@type":"BreadcrumbList","@id":"https:\/\/cyberlogics.ao\/index.php\/product\/hpe-aruba-6000-managed-48g-4sfp-poe-370w-switch\/#breadcrumb","itemListElement":[{"@type":"ListItem","position":1,"name":"In\u00edcio","item":"https:\/\/cyberlogics.ao\/"},{"@type":"ListItem","position":2,"name":"Produtos","item":"https:\/\/cyberlogics.ao\/index.php\/shop-2\/"},{"@type":"ListItem","position":3,"name":"HPE Aruba 6000 Managed 48G 4SFP PoE+ 370W Switch"}]},{"@type":"WebSite","@id":"https:\/\/cyberlogics.ao\/#website","url":"https:\/\/cyberlogics.ao\/","name":"Cyberlogics Technologies Angola","description":"Loja Online de Licen\u00e7as de Softwares e Inform\u00e1tica","publisher":{"@id":"https:\/\/cyberlogics.ao\/#organization"},"potentialAction":[{"@type":"SearchAction","target":{"@type":"EntryPoint","urlTemplate":"https:\/\/cyberlogics.ao\/?s={search_term_string}"},"query-input":{"@type":"PropertyValueSpecification","valueRequired":true,"valueName":"search_term_string"}}],"inLanguage":"pt-PT"},{"@type":"Organization","@id":"https:\/\/cyberlogics.ao\/#organization","name":"Cyberlogics Ao Technologies - Loja Online de Licen\u00e7as de Softwares e Inform\u00e1tica","url":"https:\/\/cyberlogics.ao\/","logo":{"@type":"ImageObject","inLanguage":"pt-PT","@id":"https:\/\/cyberlogics.ao\/#\/schema\/logo\/image\/","url":"https:\/\/cyberlogics.ao\/wp-content\/uploads\/2022\/04\/CT-logo.png","contentUrl":"https:\/\/cyberlogics.ao\/wp-content\/uploads\/2022\/04\/CT-logo.png","width":190,"height":75,"caption":"Cyberlogics Ao Technologies - Loja Online de Licen\u00e7as de Softwares e Inform\u00e1tica"},"image":{"@id":"https:\/\/cyberlogics.ao\/#\/schema\/logo\/image\/"}}]}},"_links":{"self":[{"href":"https:\/\/cyberlogics.ao\/index.php\/wp-json\/wp\/v2\/product\/7488","targetHints":{"allow":["GET"]}}],"collection":[{"href":"https:\/\/cyberlogics.ao\/index.php\/wp-json\/wp\/v2\/product"}],"about":[{"href":"https:\/\/cyberlogics.ao\/index.php\/wp-json\/wp\/v2\/types\/product"}],"replies":[{"embeddable":true,"href":"https:\/\/cyberlogics.ao\/index.php\/wp-json\/wp\/v2\/comments?post=7488"}],"wp:featuredmedia":[{"embeddable":true,"href":"https:\/\/cyberlogics.ao\/index.php\/wp-json\/wp\/v2\/media\/7489"}],"wp:attachment":[{"href":"https:\/\/cyberlogics.ao\/index.php\/wp-json\/wp\/v2\/media?parent=7488"}],"wp:term":[{"taxonomy":"product_brand","embeddable":true,"href":"https:\/\/cyberlogics.ao\/index.php\/wp-json\/wp\/v2\/product_brand?post=7488"},{"taxonomy":"product_cat","embeddable":true,"href":"https:\/\/cyberlogics.ao\/index.php\/wp-json\/wp\/v2\/product_cat?post=7488"},{"taxonomy":"product_tag","embeddable":true,"href":"https:\/\/cyberlogics.ao\/index.php\/wp-json\/wp\/v2\/product_tag?post=7488"}],"curies":[{"name":"wp","href":"https:\/\/api.w.org\/{rel}","templated":true}]}}