{"id":7545,"date":"2023-09-21T15:31:14","date_gmt":"2023-09-21T15:31:14","guid":{"rendered":"https:\/\/cyberlogics.ao\/?post_type=product&#038;p=7545"},"modified":"2024-02-09T15:22:59","modified_gmt":"2024-02-09T15:22:59","slug":"hpe-proliant-dl325-gen10-v2-amd-epyc-7313p-16-core-3-00ghz-128mb-32gb-1-x-32gb-8-x-sff-sas-sata-bc-p408i-a-500w","status":"publish","type":"product","link":"https:\/\/cyberlogics.ao\/index.php\/product\/hpe-proliant-dl325-gen10-v2-amd-epyc-7313p-16-core-3-00ghz-128mb-32gb-1-x-32gb-8-x-sff-sas-sata-bc-p408i-a-500w\/","title":{"rendered":"HPE ProLiant DL325 Gen10+ v2 AMD EPYC 7313P 16-Core (3.00GHz 128MB) 32GB (1 x 32GB) 8 x SFF SAS\/SATA BC P408i-a 500W"},"content":{"rendered":"<div class=\"product-spec-title\">Especifica\u00e7\u00e3o<\/div>\n<div class=\"tab-content tab-content-description\">\n<table id=\"icecat-specification-table\" class=\"product_specs\">\n<tbody>\n<tr>\n<td class=\"spec-subheading\" colspan=\"2\"><b>Processador<\/b><\/td>\n<\/tr>\n<tr>\n<td class=\"spec-label\">Fabricante do processador<\/td>\n<td class=\"spec-value\">AMD<\/td>\n<\/tr>\n<tr>\n<td class=\"spec-label\">Modelo de processador<\/td>\n<td class=\"spec-value\">7313P<\/td>\n<\/tr>\n<tr>\n<td class=\"spec-label\">Frequ\u00eancia turbo (max) do processador<\/td>\n<td class=\"spec-value\">3 GHz<\/td>\n<\/tr>\n<tr>\n<td class=\"spec-label\">Fam\u00edlia de processador<\/td>\n<td class=\"spec-value\">AMD EPYC<\/td>\n<\/tr>\n<tr>\n<td class=\"spec-label\">Cache do processador<\/td>\n<td class=\"spec-value\">128 MB<\/td>\n<\/tr>\n<tr>\n<td class=\"spec-label\">N\u00famero de processadores<\/td>\n<td class=\"spec-value\">1<\/td>\n<\/tr>\n<tr>\n<td class=\"spec-subheading\" colspan=\"2\"><b>Mem\u00f3ria<\/b><\/td>\n<\/tr>\n<tr>\n<td class=\"spec-label\">Capacidade da mem\u00f3ria incorporada<\/td>\n<td class=\"spec-value\">32 GB<\/td>\n<\/tr>\n<tr>\n<td class=\"spec-label\">Tipo de mem\u00f3ria armazenada<\/td>\n<td class=\"spec-value\">Registered (buffered)<\/td>\n<\/tr>\n<tr>\n<td class=\"spec-label\">Tipo de mem\u00f3ria incorporada<\/td>\n<td class=\"spec-value\">DDR4-SDRAM<\/td>\n<\/tr>\n<tr>\n<td class=\"spec-label\">Slots de mem\u00f3ria<\/td>\n<td class=\"spec-value\">32x DIMM<\/td>\n<\/tr>\n<tr>\n<td class=\"spec-label\">Velocidade do clock<\/td>\n<td class=\"spec-value\">3200 MHz<\/td>\n<\/tr>\n<tr>\n<td class=\"spec-label\">Disposi\u00e7\u00e3o da mem\u00f3ria<\/td>\n<td class=\"spec-value\">1 x 32 GB<\/td>\n<\/tr>\n<tr>\n<td class=\"spec-subheading\" colspan=\"2\"><b>M\u00eddia de armazenamento<\/b><\/td>\n<\/tr>\n<tr>\n<td class=\"spec-label\">Unidades \u00f3pticas<\/td>\n<td class=\"spec-value\">N\u00e3o<\/td>\n<\/tr>\n<tr>\n<td class=\"spec-subheading\" colspan=\"2\"><b>Rede<\/b><\/td>\n<\/tr>\n<tr>\n<td class=\"spec-label\">Ethernet LAN<\/td>\n<td class=\"spec-value\">Sim<\/td>\n<\/tr>\n<tr>\n<td class=\"spec-label\">Tipo de ethernet interface<\/td>\n<td class=\"spec-value\">Gigabit Ethernet<\/td>\n<\/tr>\n<tr>\n<td class=\"spec-subheading\" colspan=\"2\"><b>Conectividade<\/b><\/td>\n<\/tr>\n<tr>\n<td class=\"spec-label\">Quantidade de portas Ethernet LAN (RJ-45)<\/td>\n<td class=\"spec-value\">1<\/td>\n<\/tr>\n<tr>\n<td class=\"spec-subheading\" colspan=\"2\"><b>Design<\/b><\/td>\n<\/tr>\n<tr>\n<td class=\"spec-label\">Tipo de chassis<\/td>\n<td class=\"spec-value\">Rack (1U)<\/td>\n<\/tr>\n<tr>\n<td class=\"spec-label\">Montagem em prateleira<\/td>\n<td class=\"spec-value\">Sim<\/td>\n<\/tr>\n<tr>\n<td class=\"spec-subheading\" colspan=\"2\"><b>Desempenho<\/b><\/td>\n<\/tr>\n<tr>\n<td class=\"spec-label\">C\u00f3digo de Sistema Harmonizado (HS)<\/td>\n<td class=\"spec-value\">84714100<\/td>\n<\/tr>\n<tr>\n<td class=\"spec-subheading\" colspan=\"2\"><b>Gest\u00e3o de energia<\/b><\/td>\n<\/tr>\n<tr>\n<td class=\"spec-label\">Alimenta\u00e7\u00e3o<\/td>\n<td class=\"spec-value\">500 W<\/td>\n<\/tr>\n<tr>\n<td class=\"spec-subheading\" colspan=\"2\"><b>Pesos e dimens\u00f5es<\/b><\/td>\n<\/tr>\n<tr>\n<td class=\"spec-label\">Largura do produto<\/td>\n<td class=\"spec-value\">434,6 mm<\/td>\n<\/tr>\n<tr>\n<td class=\"spec-label\">Altura da Unidade<\/td>\n<td class=\"spec-value\">42,9 mm<\/td>\n<\/tr>\n<tr>\n<td class=\"spec-label\">Profundidade da Unidade<\/td>\n<td class=\"spec-value\">644,3 mm<\/td>\n<\/tr>\n<tr>\n<td class=\"spec-label\">Peso do produto<\/td>\n<td class=\"spec-value\">12 kg<\/td>\n<\/tr>\n<\/tbody>\n<\/table>\n<div class=\"clearer\"><\/div>\n<\/div>\n","protected":false},"excerpt":{"rendered":"<h2>Hewlett Packard Enterprise ProLiant DL325 G10+, 7313P, 32 GB, DDR4-SDRAM, 500 W, Rack (1U)<\/h2>\n<p>Hewlett Packard Enterprise ProLiant DL325 G10+. Fam\u00edlia de processador: AMD EPYC, Modelo de processador: 7313P. Capacidade da mem\u00f3ria incorporada: 32 GB, Tipo de mem\u00f3ria interna: DDR4-SDRAM, Disposi\u00e7\u00e3o da mem\u00f3ria (ranhuras x capacidade): 1 x 32 GB. Ethernet LAN. Alimenta\u00e7\u00e3o: 500 W. Tipo de chassis: Rack (1U)<\/p>\n","protected":false},"featured_media":7540,"comment_status":"open","ping_status":"closed","template":"","meta":{"_joinchat":[]},"product_brand":[],"product_cat":[115,261],"product_tag":[],"class_list":{"0":"post-7545","1":"product","2":"type-product","3":"status-publish","4":"has-post-thumbnail","6":"product_cat-servidores","7":"product_cat-servidores-rack","9":"first","10":"instock","11":"shipping-taxable","12":"purchasable","13":"product-type-simple"},"yoast_head":"<!-- This site is optimized with the Yoast SEO plugin v27.5 - https:\/\/yoast.com\/product\/yoast-seo-wordpress\/ -->\n<title>HPE ProLiant DL325 Gen10+ v2 AMD EPYC 7313P 16-Core (3.00GHz 128MB) 32GB (1 x 32GB) 8 x SFF SAS\/SATA BC P408i-a 500W - Cyberlogics Technologies Angola<\/title>\n<meta name=\"description\" content=\"A Maior Loja Online de Angola de Licen\u00e7as Microsoft Office | Chaves Sistemas Operativos Windows | Antiv\u00edrus | Cloud Adobe | Inform\u00e1tica &amp; Servidores | Softwares de Gest\u00e3o ERP | Gaming Hardware | UPS e Baterias &amp; Muito Mais...\" \/>\n<meta name=\"robots\" content=\"index, follow, max-snippet:-1, max-image-preview:large, max-video-preview:-1\" \/>\n<link rel=\"canonical\" href=\"https:\/\/cyberlogics.ao\/index.php\/product\/hpe-proliant-dl325-gen10-v2-amd-epyc-7313p-16-core-3-00ghz-128mb-32gb-1-x-32gb-8-x-sff-sas-sata-bc-p408i-a-500w\/\" \/>\n<meta property=\"og:locale\" content=\"pt_PT\" \/>\n<meta property=\"og:type\" content=\"article\" \/>\n<meta property=\"og:title\" content=\"HPE ProLiant DL325 Gen10+ v2 AMD EPYC 7313P 16-Core (3.00GHz 128MB) 32GB (1 x 32GB) 8 x SFF SAS\/SATA BC P408i-a 500W - Cyberlogics Technologies Angola\" \/>\n<meta property=\"og:description\" content=\"A Maior Loja Online de Angola de Licen\u00e7as Microsoft Office | Chaves Sistemas Operativos Windows | Antiv\u00edrus | Cloud Adobe | Inform\u00e1tica &amp; Servidores | Softwares de Gest\u00e3o ERP | Gaming Hardware | UPS e Baterias &amp; Muito Mais...\" \/>\n<meta property=\"og:url\" content=\"https:\/\/cyberlogics.ao\/index.php\/product\/hpe-proliant-dl325-gen10-v2-amd-epyc-7313p-16-core-3-00ghz-128mb-32gb-1-x-32gb-8-x-sff-sas-sata-bc-p408i-a-500w\/\" \/>\n<meta property=\"og:site_name\" content=\"Cyberlogics Technologies Angola\" \/>\n<meta property=\"article:modified_time\" content=\"2024-02-09T15:22:59+00:00\" \/>\n<meta property=\"og:image\" content=\"http:\/\/cyberlogics.ao\/wp-content\/uploads\/2023\/09\/HPE-ProLiant-DL325-Gen10-2.webp\" \/>\n\t<meta property=\"og:image:width\" content=\"1500\" \/>\n\t<meta property=\"og:image:height\" content=\"1400\" \/>\n\t<meta property=\"og:image:type\" content=\"image\/webp\" \/>\n<meta name=\"twitter:card\" content=\"summary_large_image\" \/>\n<meta name=\"twitter:label1\" content=\"Tempo estimado de leitura\" \/>\n\t<meta name=\"twitter:data1\" content=\"1 minuto\" \/>\n<script type=\"application\/ld+json\" class=\"yoast-schema-graph\">{\"@context\":\"https:\\\/\\\/schema.org\",\"@graph\":[{\"@type\":\"WebPage\",\"@id\":\"https:\\\/\\\/cyberlogics.ao\\\/index.php\\\/product\\\/hpe-proliant-dl325-gen10-v2-amd-epyc-7313p-16-core-3-00ghz-128mb-32gb-1-x-32gb-8-x-sff-sas-sata-bc-p408i-a-500w\\\/\",\"url\":\"https:\\\/\\\/cyberlogics.ao\\\/index.php\\\/product\\\/hpe-proliant-dl325-gen10-v2-amd-epyc-7313p-16-core-3-00ghz-128mb-32gb-1-x-32gb-8-x-sff-sas-sata-bc-p408i-a-500w\\\/\",\"name\":\"HPE ProLiant DL325 Gen10+ v2 AMD EPYC 7313P 16-Core (3.00GHz 128MB) 32GB (1 x 32GB) 8 x SFF SAS\\\/SATA BC P408i-a 500W - Cyberlogics Technologies Angola\",\"isPartOf\":{\"@id\":\"https:\\\/\\\/cyberlogics.ao\\\/#website\"},\"primaryImageOfPage\":{\"@id\":\"https:\\\/\\\/cyberlogics.ao\\\/index.php\\\/product\\\/hpe-proliant-dl325-gen10-v2-amd-epyc-7313p-16-core-3-00ghz-128mb-32gb-1-x-32gb-8-x-sff-sas-sata-bc-p408i-a-500w\\\/#primaryimage\"},\"image\":{\"@id\":\"https:\\\/\\\/cyberlogics.ao\\\/index.php\\\/product\\\/hpe-proliant-dl325-gen10-v2-amd-epyc-7313p-16-core-3-00ghz-128mb-32gb-1-x-32gb-8-x-sff-sas-sata-bc-p408i-a-500w\\\/#primaryimage\"},\"thumbnailUrl\":\"https:\\\/\\\/cyberlogics.ao\\\/wp-content\\\/uploads\\\/2023\\\/09\\\/HPE-ProLiant-DL325-Gen10-2.webp\",\"datePublished\":\"2023-09-21T15:31:14+00:00\",\"dateModified\":\"2024-02-09T15:22:59+00:00\",\"description\":\"A Maior Loja Online de Angola de Licen\u00e7as Microsoft Office | Chaves Sistemas Operativos Windows | Antiv\u00edrus | Cloud Adobe | Inform\u00e1tica & Servidores | Softwares de Gest\u00e3o ERP | Gaming Hardware | UPS e Baterias & Muito Mais...\",\"breadcrumb\":{\"@id\":\"https:\\\/\\\/cyberlogics.ao\\\/index.php\\\/product\\\/hpe-proliant-dl325-gen10-v2-amd-epyc-7313p-16-core-3-00ghz-128mb-32gb-1-x-32gb-8-x-sff-sas-sata-bc-p408i-a-500w\\\/#breadcrumb\"},\"inLanguage\":\"pt-PT\",\"potentialAction\":[{\"@type\":\"ReadAction\",\"target\":[\"https:\\\/\\\/cyberlogics.ao\\\/index.php\\\/product\\\/hpe-proliant-dl325-gen10-v2-amd-epyc-7313p-16-core-3-00ghz-128mb-32gb-1-x-32gb-8-x-sff-sas-sata-bc-p408i-a-500w\\\/\"]}]},{\"@type\":\"ImageObject\",\"inLanguage\":\"pt-PT\",\"@id\":\"https:\\\/\\\/cyberlogics.ao\\\/index.php\\\/product\\\/hpe-proliant-dl325-gen10-v2-amd-epyc-7313p-16-core-3-00ghz-128mb-32gb-1-x-32gb-8-x-sff-sas-sata-bc-p408i-a-500w\\\/#primaryimage\",\"url\":\"https:\\\/\\\/cyberlogics.ao\\\/wp-content\\\/uploads\\\/2023\\\/09\\\/HPE-ProLiant-DL325-Gen10-2.webp\",\"contentUrl\":\"https:\\\/\\\/cyberlogics.ao\\\/wp-content\\\/uploads\\\/2023\\\/09\\\/HPE-ProLiant-DL325-Gen10-2.webp\",\"width\":1500,\"height\":1400},{\"@type\":\"BreadcrumbList\",\"@id\":\"https:\\\/\\\/cyberlogics.ao\\\/index.php\\\/product\\\/hpe-proliant-dl325-gen10-v2-amd-epyc-7313p-16-core-3-00ghz-128mb-32gb-1-x-32gb-8-x-sff-sas-sata-bc-p408i-a-500w\\\/#breadcrumb\",\"itemListElement\":[{\"@type\":\"ListItem\",\"position\":1,\"name\":\"In\u00edcio\",\"item\":\"https:\\\/\\\/cyberlogics.ao\\\/\"},{\"@type\":\"ListItem\",\"position\":2,\"name\":\"Produtos\",\"item\":\"https:\\\/\\\/cyberlogics.ao\\\/index.php\\\/shop-2\\\/\"},{\"@type\":\"ListItem\",\"position\":3,\"name\":\"HPE ProLiant DL325 Gen10+ v2 AMD EPYC 7313P 16-Core (3.00GHz 128MB) 32GB (1 x 32GB) 8 x SFF SAS\\\/SATA BC P408i-a 500W\"}]},{\"@type\":\"WebSite\",\"@id\":\"https:\\\/\\\/cyberlogics.ao\\\/#website\",\"url\":\"https:\\\/\\\/cyberlogics.ao\\\/\",\"name\":\"Cyberlogics Technologies Angola\",\"description\":\"Loja Online de Licen\u00e7as de Softwares e Inform\u00e1tica\",\"publisher\":{\"@id\":\"https:\\\/\\\/cyberlogics.ao\\\/#organization\"},\"potentialAction\":[{\"@type\":\"SearchAction\",\"target\":{\"@type\":\"EntryPoint\",\"urlTemplate\":\"https:\\\/\\\/cyberlogics.ao\\\/?s={search_term_string}\"},\"query-input\":{\"@type\":\"PropertyValueSpecification\",\"valueRequired\":true,\"valueName\":\"search_term_string\"}}],\"inLanguage\":\"pt-PT\"},{\"@type\":\"Organization\",\"@id\":\"https:\\\/\\\/cyberlogics.ao\\\/#organization\",\"name\":\"Cyberlogics Ao Technologies - Loja Online de Licen\u00e7as de Softwares e Inform\u00e1tica\",\"url\":\"https:\\\/\\\/cyberlogics.ao\\\/\",\"logo\":{\"@type\":\"ImageObject\",\"inLanguage\":\"pt-PT\",\"@id\":\"https:\\\/\\\/cyberlogics.ao\\\/#\\\/schema\\\/logo\\\/image\\\/\",\"url\":\"https:\\\/\\\/cyberlogics.ao\\\/wp-content\\\/uploads\\\/2022\\\/04\\\/CT-logo.png\",\"contentUrl\":\"https:\\\/\\\/cyberlogics.ao\\\/wp-content\\\/uploads\\\/2022\\\/04\\\/CT-logo.png\",\"width\":190,\"height\":75,\"caption\":\"Cyberlogics Ao Technologies - Loja Online de Licen\u00e7as de Softwares e Inform\u00e1tica\"},\"image\":{\"@id\":\"https:\\\/\\\/cyberlogics.ao\\\/#\\\/schema\\\/logo\\\/image\\\/\"}}]}<\/script>\n<!-- \/ Yoast SEO plugin. -->","yoast_head_json":{"title":"HPE ProLiant DL325 Gen10+ v2 AMD EPYC 7313P 16-Core (3.00GHz 128MB) 32GB (1 x 32GB) 8 x SFF SAS\/SATA BC P408i-a 500W - Cyberlogics Technologies Angola","description":"A Maior Loja Online de Angola de Licen\u00e7as Microsoft Office | Chaves Sistemas Operativos Windows | Antiv\u00edrus | Cloud Adobe | Inform\u00e1tica & Servidores | Softwares de Gest\u00e3o ERP | Gaming Hardware | UPS e Baterias & Muito Mais...","robots":{"index":"index","follow":"follow","max-snippet":"max-snippet:-1","max-image-preview":"max-image-preview:large","max-video-preview":"max-video-preview:-1"},"canonical":"https:\/\/cyberlogics.ao\/index.php\/product\/hpe-proliant-dl325-gen10-v2-amd-epyc-7313p-16-core-3-00ghz-128mb-32gb-1-x-32gb-8-x-sff-sas-sata-bc-p408i-a-500w\/","og_locale":"pt_PT","og_type":"article","og_title":"HPE ProLiant DL325 Gen10+ v2 AMD EPYC 7313P 16-Core (3.00GHz 128MB) 32GB (1 x 32GB) 8 x SFF SAS\/SATA BC P408i-a 500W - Cyberlogics Technologies Angola","og_description":"A Maior Loja Online de Angola de Licen\u00e7as Microsoft Office | Chaves Sistemas Operativos Windows | Antiv\u00edrus | Cloud Adobe | Inform\u00e1tica & Servidores | Softwares de Gest\u00e3o ERP | Gaming Hardware | UPS e Baterias & Muito Mais...","og_url":"https:\/\/cyberlogics.ao\/index.php\/product\/hpe-proliant-dl325-gen10-v2-amd-epyc-7313p-16-core-3-00ghz-128mb-32gb-1-x-32gb-8-x-sff-sas-sata-bc-p408i-a-500w\/","og_site_name":"Cyberlogics Technologies Angola","article_modified_time":"2024-02-09T15:22:59+00:00","og_image":[{"width":1500,"height":1400,"url":"http:\/\/cyberlogics.ao\/wp-content\/uploads\/2023\/09\/HPE-ProLiant-DL325-Gen10-2.webp","type":"image\/webp"}],"twitter_card":"summary_large_image","twitter_misc":{"Tempo estimado de leitura":"1 minuto"},"schema":{"@context":"https:\/\/schema.org","@graph":[{"@type":"WebPage","@id":"https:\/\/cyberlogics.ao\/index.php\/product\/hpe-proliant-dl325-gen10-v2-amd-epyc-7313p-16-core-3-00ghz-128mb-32gb-1-x-32gb-8-x-sff-sas-sata-bc-p408i-a-500w\/","url":"https:\/\/cyberlogics.ao\/index.php\/product\/hpe-proliant-dl325-gen10-v2-amd-epyc-7313p-16-core-3-00ghz-128mb-32gb-1-x-32gb-8-x-sff-sas-sata-bc-p408i-a-500w\/","name":"HPE ProLiant DL325 Gen10+ v2 AMD EPYC 7313P 16-Core (3.00GHz 128MB) 32GB (1 x 32GB) 8 x SFF SAS\/SATA BC P408i-a 500W - Cyberlogics Technologies Angola","isPartOf":{"@id":"https:\/\/cyberlogics.ao\/#website"},"primaryImageOfPage":{"@id":"https:\/\/cyberlogics.ao\/index.php\/product\/hpe-proliant-dl325-gen10-v2-amd-epyc-7313p-16-core-3-00ghz-128mb-32gb-1-x-32gb-8-x-sff-sas-sata-bc-p408i-a-500w\/#primaryimage"},"image":{"@id":"https:\/\/cyberlogics.ao\/index.php\/product\/hpe-proliant-dl325-gen10-v2-amd-epyc-7313p-16-core-3-00ghz-128mb-32gb-1-x-32gb-8-x-sff-sas-sata-bc-p408i-a-500w\/#primaryimage"},"thumbnailUrl":"https:\/\/cyberlogics.ao\/wp-content\/uploads\/2023\/09\/HPE-ProLiant-DL325-Gen10-2.webp","datePublished":"2023-09-21T15:31:14+00:00","dateModified":"2024-02-09T15:22:59+00:00","description":"A Maior Loja Online de Angola de Licen\u00e7as Microsoft Office | Chaves Sistemas Operativos Windows | Antiv\u00edrus | Cloud Adobe | Inform\u00e1tica & Servidores | Softwares de Gest\u00e3o ERP | Gaming Hardware | UPS e Baterias & Muito Mais...","breadcrumb":{"@id":"https:\/\/cyberlogics.ao\/index.php\/product\/hpe-proliant-dl325-gen10-v2-amd-epyc-7313p-16-core-3-00ghz-128mb-32gb-1-x-32gb-8-x-sff-sas-sata-bc-p408i-a-500w\/#breadcrumb"},"inLanguage":"pt-PT","potentialAction":[{"@type":"ReadAction","target":["https:\/\/cyberlogics.ao\/index.php\/product\/hpe-proliant-dl325-gen10-v2-amd-epyc-7313p-16-core-3-00ghz-128mb-32gb-1-x-32gb-8-x-sff-sas-sata-bc-p408i-a-500w\/"]}]},{"@type":"ImageObject","inLanguage":"pt-PT","@id":"https:\/\/cyberlogics.ao\/index.php\/product\/hpe-proliant-dl325-gen10-v2-amd-epyc-7313p-16-core-3-00ghz-128mb-32gb-1-x-32gb-8-x-sff-sas-sata-bc-p408i-a-500w\/#primaryimage","url":"https:\/\/cyberlogics.ao\/wp-content\/uploads\/2023\/09\/HPE-ProLiant-DL325-Gen10-2.webp","contentUrl":"https:\/\/cyberlogics.ao\/wp-content\/uploads\/2023\/09\/HPE-ProLiant-DL325-Gen10-2.webp","width":1500,"height":1400},{"@type":"BreadcrumbList","@id":"https:\/\/cyberlogics.ao\/index.php\/product\/hpe-proliant-dl325-gen10-v2-amd-epyc-7313p-16-core-3-00ghz-128mb-32gb-1-x-32gb-8-x-sff-sas-sata-bc-p408i-a-500w\/#breadcrumb","itemListElement":[{"@type":"ListItem","position":1,"name":"In\u00edcio","item":"https:\/\/cyberlogics.ao\/"},{"@type":"ListItem","position":2,"name":"Produtos","item":"https:\/\/cyberlogics.ao\/index.php\/shop-2\/"},{"@type":"ListItem","position":3,"name":"HPE ProLiant DL325 Gen10+ v2 AMD EPYC 7313P 16-Core (3.00GHz 128MB) 32GB (1 x 32GB) 8 x SFF SAS\/SATA BC P408i-a 500W"}]},{"@type":"WebSite","@id":"https:\/\/cyberlogics.ao\/#website","url":"https:\/\/cyberlogics.ao\/","name":"Cyberlogics Technologies Angola","description":"Loja Online de Licen\u00e7as de Softwares e Inform\u00e1tica","publisher":{"@id":"https:\/\/cyberlogics.ao\/#organization"},"potentialAction":[{"@type":"SearchAction","target":{"@type":"EntryPoint","urlTemplate":"https:\/\/cyberlogics.ao\/?s={search_term_string}"},"query-input":{"@type":"PropertyValueSpecification","valueRequired":true,"valueName":"search_term_string"}}],"inLanguage":"pt-PT"},{"@type":"Organization","@id":"https:\/\/cyberlogics.ao\/#organization","name":"Cyberlogics Ao Technologies - Loja Online de Licen\u00e7as de Softwares e Inform\u00e1tica","url":"https:\/\/cyberlogics.ao\/","logo":{"@type":"ImageObject","inLanguage":"pt-PT","@id":"https:\/\/cyberlogics.ao\/#\/schema\/logo\/image\/","url":"https:\/\/cyberlogics.ao\/wp-content\/uploads\/2022\/04\/CT-logo.png","contentUrl":"https:\/\/cyberlogics.ao\/wp-content\/uploads\/2022\/04\/CT-logo.png","width":190,"height":75,"caption":"Cyberlogics Ao Technologies - Loja Online de Licen\u00e7as de Softwares e Inform\u00e1tica"},"image":{"@id":"https:\/\/cyberlogics.ao\/#\/schema\/logo\/image\/"}}]}},"_links":{"self":[{"href":"https:\/\/cyberlogics.ao\/index.php\/wp-json\/wp\/v2\/product\/7545","targetHints":{"allow":["GET"]}}],"collection":[{"href":"https:\/\/cyberlogics.ao\/index.php\/wp-json\/wp\/v2\/product"}],"about":[{"href":"https:\/\/cyberlogics.ao\/index.php\/wp-json\/wp\/v2\/types\/product"}],"replies":[{"embeddable":true,"href":"https:\/\/cyberlogics.ao\/index.php\/wp-json\/wp\/v2\/comments?post=7545"}],"wp:featuredmedia":[{"embeddable":true,"href":"https:\/\/cyberlogics.ao\/index.php\/wp-json\/wp\/v2\/media\/7540"}],"wp:attachment":[{"href":"https:\/\/cyberlogics.ao\/index.php\/wp-json\/wp\/v2\/media?parent=7545"}],"wp:term":[{"taxonomy":"product_brand","embeddable":true,"href":"https:\/\/cyberlogics.ao\/index.php\/wp-json\/wp\/v2\/product_brand?post=7545"},{"taxonomy":"product_cat","embeddable":true,"href":"https:\/\/cyberlogics.ao\/index.php\/wp-json\/wp\/v2\/product_cat?post=7545"},{"taxonomy":"product_tag","embeddable":true,"href":"https:\/\/cyberlogics.ao\/index.php\/wp-json\/wp\/v2\/product_tag?post=7545"}],"curies":[{"name":"wp","href":"https:\/\/api.w.org\/{rel}","templated":true}]}}