{"id":8979,"date":"2025-09-12T13:02:40","date_gmt":"2025-09-12T13:02:40","guid":{"rendered":"https:\/\/cyberlogics.ao\/?post_type=product&#038;p=8979"},"modified":"2025-09-12T13:02:40","modified_gmt":"2025-09-12T13:02:40","slug":"suporte-ewent-p-monitor-portatil-2","status":"publish","type":"product","link":"https:\/\/cyberlogics.ao\/index.php\/product\/suporte-ewent-p-monitor-portatil-2\/","title":{"rendered":"SUPORTE EWENT P\/ MONITOR + PORT\u00c1TIL"},"content":{"rendered":"<p><b>O suporte de mesa para monitor EW1519 com bra\u00e7o para laptop cria um ambiente de trabalho ergon\u00f4mico e com economia de espa\u00e7o. Fixe este suporte de monitor facilmente a ou atrav\u00e9s de uma mesa (espessura m\u00e1xima da mesa de 88 mm). Anexe uma tela de at\u00e9 32\u201d e 8 kg ao EW1519 sem esfor\u00e7o por meio do sistema de montagem de tela f\u00e1cil. O bra\u00e7o com suporte para laptop \u00e9 adequado para um laptop de 15,6\u201d de at\u00e9 4kg. A montagem tem 3 pontos de piv\u00f4 para obter a melhor dist\u00e2ncia de visualiza\u00e7\u00e3o. Ajuste o monitor e o laptop com os ajustes de tela flex\u00edveis: incline, gire e gire. Os cabos s\u00e3o mantidos fora de vista com o sistema de gerenciamento de cabos.<br \/>\n<\/b><br \/>\n<b>Crie um espa\u00e7o de trabalho ergon\u00f4mico<br \/>\n<\/b>O suporte de mesa para monitor EW1519 \u00e9 ajust\u00e1vel em altura e possui tr\u00eas pontos de articula\u00e7\u00e3o. Incline, gire e gire a tela e o laptop para criar um espa\u00e7o de trabalho ergon\u00f4mico ideal e reduzir o risco de dores no pesco\u00e7o, nas costas e nos ombros. Os cabos s\u00e3o mantidos fora de vista com o gerenciamento de cabos integrado.<\/p>\n<p><b>Sistema de montagem de monitor conveniente<br \/>\n<\/b>O sistema de montagem f\u00e1cil torna poss\u00edvel conectar um monitor ao suporte de mesa sozinho. A montagem tem VESA 75&#215;75 e 100&#215;100. O EW1519 vem com todos os equipamentos de montagem para a bra\u00e7adeira e montagem do ilh\u00f3. O suporte de mesa \u00e9 adequado para mesas com espessura m\u00e1xima de 88 mm.<\/p>\n<p><b>Suporte para laptop com estrutura aberta para fluxo de ar m\u00e1ximo<br \/>\n<\/b>O EW1519 \u00e9 adequado para laptops de at\u00e9 15,6\u201d e 4kg. O suporte para laptop possui uma bra\u00e7adeira ajust\u00e1vel e borda de seguran\u00e7a para manter o laptop seguro no lugar. A estrutura aberta do suporte garante o m\u00e1ximo fluxo de ar para melhor dissipa\u00e7\u00e3o de calor.<\/p>\n<p>Ewent EW1519. Tipo de produto: Bra\u00e7o para computador port\u00e1til e monitor, Cor do produto: Preto, Material: Alum\u00ednio, Pl\u00e1stico, Ferro. Extens\u00e3o m\u00e1xima do bra\u00e7o: 37,6 cm, Orienta\u00e7\u00e3o: -90 &#8211; 90\u00b0, \u00c2ngulo de inclina\u00e7\u00e3o: -45 &#8211; 45\u00b0. Largura: 959 mm, Profundidade: 319 mm, Altura: 561 mm<\/p>\n","protected":false},"excerpt":{"rendered":"<p id=\"product_reference\"><label>Marca:<\/label>\u00a0<span class=\"editable\">Ewent<\/span><br \/>\n<label>Part-Number:<\/label>\u00a0<span class=\"editable\">EW1519<\/span><\/p>\n<div id=\"short_description_block\">\n<div id=\"short_description_content\" class=\"rte align_justify\">\n<p>Ewent EW1519, Bra\u00e7o para computador port\u00e1til e monitor, Preto, Alum\u00ednio, Pl\u00e1stico, Ferro, 39,6 cm (15.6&#8243;), 81,3 cm (32&#8243;), 330,2 &#8211; 812,8 mm (13 &#8211; 32&#8243;)<\/p>\n<\/div>\n<\/div>\n","protected":false},"featured_media":8980,"comment_status":"open","ping_status":"closed","template":"","meta":{"_joinchat":[]},"product_brand":[],"product_cat":[387,649],"product_tag":[],"class_list":{"0":"post-8979","1":"product","2":"type-product","3":"status-publish","4":"has-post-thumbnail","6":"product_cat-acessorios-e-perifericos","7":"product_cat-suporte-ewent","9":"first","10":"instock","11":"shipping-taxable","12":"purchasable","13":"product-type-simple"},"yoast_head":"<!-- This site is optimized with the Yoast SEO plugin v27.4 - https:\/\/yoast.com\/product\/yoast-seo-wordpress\/ -->\n<title>SUPORTE EWENT P\/ MONITOR + PORT\u00c1TIL - Cyberlogics Technologies Angola<\/title>\n<meta name=\"description\" content=\"A Maior Loja Online de Angola de Licen\u00e7as Microsoft Office | Chaves Sistemas Operativos Windows | Antiv\u00edrus | Cloud Adobe | Inform\u00e1tica &amp; Servidores | Softwares de Gest\u00e3o ERP | Gaming Hardware | UPS e Baterias &amp; Muito Mais...\" \/>\n<meta name=\"robots\" content=\"index, follow, max-snippet:-1, max-image-preview:large, max-video-preview:-1\" \/>\n<link rel=\"canonical\" href=\"https:\/\/cyberlogics.ao\/index.php\/product\/suporte-ewent-p-monitor-portatil-2\/\" \/>\n<meta property=\"og:locale\" content=\"pt_PT\" \/>\n<meta property=\"og:type\" content=\"article\" \/>\n<meta property=\"og:title\" content=\"SUPORTE EWENT P\/ MONITOR + PORT\u00c1TIL - Cyberlogics Technologies Angola\" \/>\n<meta property=\"og:description\" content=\"A Maior Loja Online de Angola de Licen\u00e7as Microsoft Office | Chaves Sistemas Operativos Windows | Antiv\u00edrus | Cloud Adobe | Inform\u00e1tica &amp; Servidores | Softwares de Gest\u00e3o ERP | Gaming Hardware | UPS e Baterias &amp; Muito Mais...\" \/>\n<meta property=\"og:url\" content=\"https:\/\/cyberlogics.ao\/index.php\/product\/suporte-ewent-p-monitor-portatil-2\/\" \/>\n<meta property=\"og:site_name\" content=\"Cyberlogics Technologies Angola\" \/>\n<meta property=\"og:image\" content=\"http:\/\/cyberlogics.ao\/wp-content\/uploads\/2025\/09\/suporte-ewent-p-monitor-porttil-1-1.jpg\" \/>\n\t<meta property=\"og:image:width\" content=\"800\" \/>\n\t<meta property=\"og:image:height\" content=\"800\" \/>\n\t<meta property=\"og:image:type\" content=\"image\/jpeg\" \/>\n<meta name=\"twitter:card\" content=\"summary_large_image\" \/>\n<meta name=\"twitter:label1\" content=\"Tempo estimado de leitura\" \/>\n\t<meta name=\"twitter:data1\" content=\"2 minutos\" \/>\n<script type=\"application\/ld+json\" class=\"yoast-schema-graph\">{\"@context\":\"https:\\\/\\\/schema.org\",\"@graph\":[{\"@type\":\"WebPage\",\"@id\":\"https:\\\/\\\/cyberlogics.ao\\\/index.php\\\/product\\\/suporte-ewent-p-monitor-portatil-2\\\/\",\"url\":\"https:\\\/\\\/cyberlogics.ao\\\/index.php\\\/product\\\/suporte-ewent-p-monitor-portatil-2\\\/\",\"name\":\"SUPORTE EWENT P\\\/ MONITOR + PORT\u00c1TIL - Cyberlogics Technologies Angola\",\"isPartOf\":{\"@id\":\"https:\\\/\\\/cyberlogics.ao\\\/#website\"},\"primaryImageOfPage\":{\"@id\":\"https:\\\/\\\/cyberlogics.ao\\\/index.php\\\/product\\\/suporte-ewent-p-monitor-portatil-2\\\/#primaryimage\"},\"image\":{\"@id\":\"https:\\\/\\\/cyberlogics.ao\\\/index.php\\\/product\\\/suporte-ewent-p-monitor-portatil-2\\\/#primaryimage\"},\"thumbnailUrl\":\"https:\\\/\\\/cyberlogics.ao\\\/wp-content\\\/uploads\\\/2025\\\/09\\\/suporte-ewent-p-monitor-porttil-1-1.jpg\",\"datePublished\":\"2025-09-12T13:02:40+00:00\",\"description\":\"A Maior Loja Online de Angola de Licen\u00e7as Microsoft Office | Chaves Sistemas Operativos Windows | Antiv\u00edrus | Cloud Adobe | Inform\u00e1tica & Servidores | Softwares de Gest\u00e3o ERP | Gaming Hardware | UPS e Baterias & Muito Mais...\",\"breadcrumb\":{\"@id\":\"https:\\\/\\\/cyberlogics.ao\\\/index.php\\\/product\\\/suporte-ewent-p-monitor-portatil-2\\\/#breadcrumb\"},\"inLanguage\":\"pt-PT\",\"potentialAction\":[{\"@type\":\"ReadAction\",\"target\":[\"https:\\\/\\\/cyberlogics.ao\\\/index.php\\\/product\\\/suporte-ewent-p-monitor-portatil-2\\\/\"]}]},{\"@type\":\"ImageObject\",\"inLanguage\":\"pt-PT\",\"@id\":\"https:\\\/\\\/cyberlogics.ao\\\/index.php\\\/product\\\/suporte-ewent-p-monitor-portatil-2\\\/#primaryimage\",\"url\":\"https:\\\/\\\/cyberlogics.ao\\\/wp-content\\\/uploads\\\/2025\\\/09\\\/suporte-ewent-p-monitor-porttil-1-1.jpg\",\"contentUrl\":\"https:\\\/\\\/cyberlogics.ao\\\/wp-content\\\/uploads\\\/2025\\\/09\\\/suporte-ewent-p-monitor-porttil-1-1.jpg\",\"width\":800,\"height\":800},{\"@type\":\"BreadcrumbList\",\"@id\":\"https:\\\/\\\/cyberlogics.ao\\\/index.php\\\/product\\\/suporte-ewent-p-monitor-portatil-2\\\/#breadcrumb\",\"itemListElement\":[{\"@type\":\"ListItem\",\"position\":1,\"name\":\"In\u00edcio\",\"item\":\"https:\\\/\\\/cyberlogics.ao\\\/\"},{\"@type\":\"ListItem\",\"position\":2,\"name\":\"Produtos\",\"item\":\"https:\\\/\\\/cyberlogics.ao\\\/index.php\\\/shop-2\\\/\"},{\"@type\":\"ListItem\",\"position\":3,\"name\":\"SUPORTE EWENT P\\\/ MONITOR + PORT\u00c1TIL\"}]},{\"@type\":\"WebSite\",\"@id\":\"https:\\\/\\\/cyberlogics.ao\\\/#website\",\"url\":\"https:\\\/\\\/cyberlogics.ao\\\/\",\"name\":\"Cyberlogics Technologies Angola\",\"description\":\"Loja Online de Licen\u00e7as de Softwares e Inform\u00e1tica\",\"publisher\":{\"@id\":\"https:\\\/\\\/cyberlogics.ao\\\/#organization\"},\"potentialAction\":[{\"@type\":\"SearchAction\",\"target\":{\"@type\":\"EntryPoint\",\"urlTemplate\":\"https:\\\/\\\/cyberlogics.ao\\\/?s={search_term_string}\"},\"query-input\":{\"@type\":\"PropertyValueSpecification\",\"valueRequired\":true,\"valueName\":\"search_term_string\"}}],\"inLanguage\":\"pt-PT\"},{\"@type\":\"Organization\",\"@id\":\"https:\\\/\\\/cyberlogics.ao\\\/#organization\",\"name\":\"Cyberlogics Ao Technologies - Loja Online de Licen\u00e7as de Softwares e Inform\u00e1tica\",\"url\":\"https:\\\/\\\/cyberlogics.ao\\\/\",\"logo\":{\"@type\":\"ImageObject\",\"inLanguage\":\"pt-PT\",\"@id\":\"https:\\\/\\\/cyberlogics.ao\\\/#\\\/schema\\\/logo\\\/image\\\/\",\"url\":\"https:\\\/\\\/cyberlogics.ao\\\/wp-content\\\/uploads\\\/2022\\\/04\\\/CT-logo.png\",\"contentUrl\":\"https:\\\/\\\/cyberlogics.ao\\\/wp-content\\\/uploads\\\/2022\\\/04\\\/CT-logo.png\",\"width\":190,\"height\":75,\"caption\":\"Cyberlogics Ao Technologies - Loja Online de Licen\u00e7as de Softwares e Inform\u00e1tica\"},\"image\":{\"@id\":\"https:\\\/\\\/cyberlogics.ao\\\/#\\\/schema\\\/logo\\\/image\\\/\"}}]}<\/script>\n<!-- \/ Yoast SEO plugin. -->","yoast_head_json":{"title":"SUPORTE EWENT P\/ MONITOR + PORT\u00c1TIL - Cyberlogics Technologies Angola","description":"A Maior Loja Online de Angola de Licen\u00e7as Microsoft Office | Chaves Sistemas Operativos Windows | Antiv\u00edrus | Cloud Adobe | Inform\u00e1tica & Servidores | Softwares de Gest\u00e3o ERP | Gaming Hardware | UPS e Baterias & Muito Mais...","robots":{"index":"index","follow":"follow","max-snippet":"max-snippet:-1","max-image-preview":"max-image-preview:large","max-video-preview":"max-video-preview:-1"},"canonical":"https:\/\/cyberlogics.ao\/index.php\/product\/suporte-ewent-p-monitor-portatil-2\/","og_locale":"pt_PT","og_type":"article","og_title":"SUPORTE EWENT P\/ MONITOR + PORT\u00c1TIL - Cyberlogics Technologies Angola","og_description":"A Maior Loja Online de Angola de Licen\u00e7as Microsoft Office | Chaves Sistemas Operativos Windows | Antiv\u00edrus | Cloud Adobe | Inform\u00e1tica & Servidores | Softwares de Gest\u00e3o ERP | Gaming Hardware | UPS e Baterias & Muito Mais...","og_url":"https:\/\/cyberlogics.ao\/index.php\/product\/suporte-ewent-p-monitor-portatil-2\/","og_site_name":"Cyberlogics Technologies Angola","og_image":[{"width":800,"height":800,"url":"http:\/\/cyberlogics.ao\/wp-content\/uploads\/2025\/09\/suporte-ewent-p-monitor-porttil-1-1.jpg","type":"image\/jpeg"}],"twitter_card":"summary_large_image","twitter_misc":{"Tempo estimado de leitura":"2 minutos"},"schema":{"@context":"https:\/\/schema.org","@graph":[{"@type":"WebPage","@id":"https:\/\/cyberlogics.ao\/index.php\/product\/suporte-ewent-p-monitor-portatil-2\/","url":"https:\/\/cyberlogics.ao\/index.php\/product\/suporte-ewent-p-monitor-portatil-2\/","name":"SUPORTE EWENT P\/ MONITOR + PORT\u00c1TIL - Cyberlogics Technologies Angola","isPartOf":{"@id":"https:\/\/cyberlogics.ao\/#website"},"primaryImageOfPage":{"@id":"https:\/\/cyberlogics.ao\/index.php\/product\/suporte-ewent-p-monitor-portatil-2\/#primaryimage"},"image":{"@id":"https:\/\/cyberlogics.ao\/index.php\/product\/suporte-ewent-p-monitor-portatil-2\/#primaryimage"},"thumbnailUrl":"https:\/\/cyberlogics.ao\/wp-content\/uploads\/2025\/09\/suporte-ewent-p-monitor-porttil-1-1.jpg","datePublished":"2025-09-12T13:02:40+00:00","description":"A Maior Loja Online de Angola de Licen\u00e7as Microsoft Office | Chaves Sistemas Operativos Windows | Antiv\u00edrus | Cloud Adobe | Inform\u00e1tica & Servidores | Softwares de Gest\u00e3o ERP | Gaming Hardware | UPS e Baterias & Muito Mais...","breadcrumb":{"@id":"https:\/\/cyberlogics.ao\/index.php\/product\/suporte-ewent-p-monitor-portatil-2\/#breadcrumb"},"inLanguage":"pt-PT","potentialAction":[{"@type":"ReadAction","target":["https:\/\/cyberlogics.ao\/index.php\/product\/suporte-ewent-p-monitor-portatil-2\/"]}]},{"@type":"ImageObject","inLanguage":"pt-PT","@id":"https:\/\/cyberlogics.ao\/index.php\/product\/suporte-ewent-p-monitor-portatil-2\/#primaryimage","url":"https:\/\/cyberlogics.ao\/wp-content\/uploads\/2025\/09\/suporte-ewent-p-monitor-porttil-1-1.jpg","contentUrl":"https:\/\/cyberlogics.ao\/wp-content\/uploads\/2025\/09\/suporte-ewent-p-monitor-porttil-1-1.jpg","width":800,"height":800},{"@type":"BreadcrumbList","@id":"https:\/\/cyberlogics.ao\/index.php\/product\/suporte-ewent-p-monitor-portatil-2\/#breadcrumb","itemListElement":[{"@type":"ListItem","position":1,"name":"In\u00edcio","item":"https:\/\/cyberlogics.ao\/"},{"@type":"ListItem","position":2,"name":"Produtos","item":"https:\/\/cyberlogics.ao\/index.php\/shop-2\/"},{"@type":"ListItem","position":3,"name":"SUPORTE EWENT P\/ MONITOR + PORT\u00c1TIL"}]},{"@type":"WebSite","@id":"https:\/\/cyberlogics.ao\/#website","url":"https:\/\/cyberlogics.ao\/","name":"Cyberlogics Technologies Angola","description":"Loja Online de Licen\u00e7as de Softwares e Inform\u00e1tica","publisher":{"@id":"https:\/\/cyberlogics.ao\/#organization"},"potentialAction":[{"@type":"SearchAction","target":{"@type":"EntryPoint","urlTemplate":"https:\/\/cyberlogics.ao\/?s={search_term_string}"},"query-input":{"@type":"PropertyValueSpecification","valueRequired":true,"valueName":"search_term_string"}}],"inLanguage":"pt-PT"},{"@type":"Organization","@id":"https:\/\/cyberlogics.ao\/#organization","name":"Cyberlogics Ao Technologies - Loja Online de Licen\u00e7as de Softwares e Inform\u00e1tica","url":"https:\/\/cyberlogics.ao\/","logo":{"@type":"ImageObject","inLanguage":"pt-PT","@id":"https:\/\/cyberlogics.ao\/#\/schema\/logo\/image\/","url":"https:\/\/cyberlogics.ao\/wp-content\/uploads\/2022\/04\/CT-logo.png","contentUrl":"https:\/\/cyberlogics.ao\/wp-content\/uploads\/2022\/04\/CT-logo.png","width":190,"height":75,"caption":"Cyberlogics Ao Technologies - Loja Online de Licen\u00e7as de Softwares e Inform\u00e1tica"},"image":{"@id":"https:\/\/cyberlogics.ao\/#\/schema\/logo\/image\/"}}]}},"_links":{"self":[{"href":"https:\/\/cyberlogics.ao\/index.php\/wp-json\/wp\/v2\/product\/8979","targetHints":{"allow":["GET"]}}],"collection":[{"href":"https:\/\/cyberlogics.ao\/index.php\/wp-json\/wp\/v2\/product"}],"about":[{"href":"https:\/\/cyberlogics.ao\/index.php\/wp-json\/wp\/v2\/types\/product"}],"replies":[{"embeddable":true,"href":"https:\/\/cyberlogics.ao\/index.php\/wp-json\/wp\/v2\/comments?post=8979"}],"wp:featuredmedia":[{"embeddable":true,"href":"https:\/\/cyberlogics.ao\/index.php\/wp-json\/wp\/v2\/media\/8980"}],"wp:attachment":[{"href":"https:\/\/cyberlogics.ao\/index.php\/wp-json\/wp\/v2\/media?parent=8979"}],"wp:term":[{"taxonomy":"product_brand","embeddable":true,"href":"https:\/\/cyberlogics.ao\/index.php\/wp-json\/wp\/v2\/product_brand?post=8979"},{"taxonomy":"product_cat","embeddable":true,"href":"https:\/\/cyberlogics.ao\/index.php\/wp-json\/wp\/v2\/product_cat?post=8979"},{"taxonomy":"product_tag","embeddable":true,"href":"https:\/\/cyberlogics.ao\/index.php\/wp-json\/wp\/v2\/product_tag?post=8979"}],"curies":[{"name":"wp","href":"https:\/\/api.w.org\/{rel}","templated":true}]}}