{"id":9637,"date":"2025-09-22T14:04:45","date_gmt":"2025-09-22T14:04:45","guid":{"rendered":"https:\/\/cyberlogics.ao\/?post_type=product&#038;p=9637"},"modified":"2025-09-22T14:04:45","modified_gmt":"2025-09-22T14:04:45","slug":"hotspot-wi-fi-6-dlink-ax1800-adapt-usb-3-0","status":"publish","type":"product","link":"https:\/\/cyberlogics.ao\/index.php\/product\/hotspot-wi-fi-6-dlink-ax1800-adapt-usb-3-0\/","title":{"rendered":"HOTSPOT WI-FI 6 DLINK AX1800 ADAPT USB 3.0"},"content":{"rendered":"<table class=\"table-specs__element\">\n<tbody>\n<tr class=\"table-specs__row\">\n<th class=\"table-specs__header table-specs__header--no-bg table-specs__header--align-left\">\n<div class=\"table-specs__header__wrapper\">Antena<\/div>\n<\/th>\n<td class=\"table-specs__cell\">Antena integrada<\/td>\n<\/tr>\n<tr class=\"table-specs__row\">\n<th class=\"table-specs__header table-specs__header--no-bg table-specs__header--align-left\">\n<div class=\"table-specs__header__wrapper\">Certifica\u00e7\u00f5es<\/div>\n<\/th>\n<td class=\"table-specs__cell\">Marca\u00e7\u00e3o<\/p>\n<p>FCC Classe B<\/p>\n<p>IC<\/td>\n<\/tr>\n<tr class=\"table-specs__row\">\n<th class=\"table-specs__header table-specs__header--no-bg table-specs__header--align-left\">\n<div class=\"table-specs__header__wrapper\">Dimens\u00f5es<\/div>\n<\/th>\n<td class=\"table-specs__cell\">95,5 x 30 x 12,7 mm<\/td>\n<\/tr>\n<tr class=\"table-specs__row\">\n<th class=\"table-specs__header table-specs__header--no-bg table-specs__header--align-left\">\n<div class=\"table-specs__header__wrapper\">Interfaces<\/div>\n<\/th>\n<td class=\"table-specs__cell\">Porta USB (padr\u00e3o USB 3.2 Gen 1 (USB 3.0))<\/td>\n<\/tr>\n<tr class=\"table-specs__row\">\n<th class=\"table-specs__header table-specs__header--no-bg table-specs__header--align-left\">\n<div class=\"table-specs__header__wrapper\">Umidade operacional<\/div>\n<\/th>\n<td class=\"table-specs__cell\">10% a 90% sem condensa\u00e7\u00e3o<\/td>\n<\/tr>\n<tr class=\"table-specs__row\">\n<th class=\"table-specs__header table-specs__header--no-bg table-specs__header--align-left\">\n<div class=\"table-specs__header__wrapper\">Sistema operacional<\/div>\n<\/th>\n<td class=\"table-specs__cell\">Windows 10 (suporte a drivers de 32 e 64 bits)<\/td>\n<\/tr>\n<tr class=\"table-specs__row\">\n<th class=\"table-specs__header table-specs__header--no-bg table-specs__header--align-left\">\n<div class=\"table-specs__header__wrapper\">Temperatura de opera\u00e7\u00e3o<\/div>\n<\/th>\n<td class=\"table-specs__cell\">0 a 40 \u00b0C (32 a 104 \u00b0F)<\/td>\n<\/tr>\n<tr class=\"table-specs__row\">\n<th class=\"table-specs__header table-specs__header--no-bg table-specs__header--align-left\">\n<div class=\"table-specs__header__wrapper\">Tens\u00e3o operacional<\/div>\n<\/th>\n<td class=\"table-specs__cell\">5,0 V CC \u00b1 10%<\/td>\n<\/tr>\n<tr class=\"table-specs__row\">\n<th class=\"table-specs__header table-specs__header--no-bg table-specs__header--align-left\">\n<div class=\"table-specs__header__wrapper\">Poder<\/div>\n<\/th>\n<td class=\"table-specs__cell\">Modo de opera\u00e7\u00e3o: 464 mA<\/p>\n<p>Modo de espera: 154 mA<\/td>\n<\/tr>\n<tr class=\"table-specs__row\">\n<th class=\"table-specs__header table-specs__header--no-bg table-specs__header--align-left\">\n<div class=\"table-specs__header__wrapper\">Padr\u00f5es<\/div>\n<\/th>\n<td class=\"table-specs__cell\">IEEE 802.11a<\/p>\n<p>IEEE 802.11ac<\/p>\n<p>IEEE 802.11ax<\/p>\n<p>IEEE 802.11n<\/td>\n<\/tr>\n<tr class=\"table-specs__row\">\n<th class=\"table-specs__header table-specs__header--no-bg table-specs__header--align-left\">\n<div class=\"table-specs__header__wrapper\">Umidade de armazenamento<\/div>\n<\/th>\n<td class=\"table-specs__cell\">5% a 95% sem condensa\u00e7\u00e3o<\/td>\n<\/tr>\n<tr class=\"table-specs__row\">\n<th class=\"table-specs__header table-specs__header--no-bg table-specs__header--align-left\">\n<div class=\"table-specs__header__wrapper\">Temperatura de armazenamento<\/div>\n<\/th>\n<td class=\"table-specs__cell\">-20 a 75\u02daC (-4 a 167\u00b0F)<\/td>\n<\/tr>\n<tr class=\"table-specs__row\">\n<th class=\"table-specs__header table-specs__header--no-bg table-specs__header--align-left\">\n<div class=\"table-specs__header__wrapper\">Peso<\/div>\n<\/th>\n<td class=\"table-specs__cell\">23,6g<\/td>\n<\/tr>\n<tr class=\"table-specs__row\">\n<th class=\"table-specs__header table-specs__header--no-bg table-specs__header--align-left\">\n<div class=\"table-specs__header__wrapper\">Criptografia sem fio<\/div>\n<\/th>\n<td class=\"table-specs__cell\">WPA2\u2122 e WPA3\u2122 (Acesso Wi-Fi Protegido)<\/td>\n<\/tr>\n<tr class=\"table-specs__row\">\n<th class=\"table-specs__header table-specs__header--no-bg table-specs__header--align-left\">\n<div class=\"table-specs__header__wrapper\">Velocidade sem fio<\/div>\n<\/th>\n<td class=\"table-specs__cell\">802.11ax at\u00e9 1200 Mbps (5 GHz)<\/p>\n<p>802.11ax at\u00e9 574 Mbps (2,4 GHz)<\/td>\n<\/tr>\n<\/tbody>\n<\/table>\n","protected":false},"excerpt":{"rendered":"<p><label>Marca:<\/label>\u00a0<span class=\"editable\">DLINK<\/span><br \/>\n<label>Part-Number:<\/label>\u00a0<span class=\"editable\">DWA-X1850\/NA<\/span><\/p>\n","protected":false},"featured_media":9638,"comment_status":"open","ping_status":"closed","template":"","meta":{"_joinchat":[]},"product_brand":[],"product_cat":[696,701],"product_tag":[],"class_list":{"0":"post-9637","1":"product","2":"type-product","3":"status-publish","4":"has-post-thumbnail","6":"product_cat-access-points","7":"product_cat-dlink","9":"first","10":"instock","11":"shipping-taxable","12":"purchasable","13":"product-type-simple"},"yoast_head":"<!-- This site is optimized with the Yoast SEO plugin v27.3 - https:\/\/yoast.com\/product\/yoast-seo-wordpress\/ -->\n<title>HOTSPOT WI-FI 6 DLINK AX1800 ADAPT USB 3.0 - Cyberlogics Technologies Angola<\/title>\n<meta name=\"description\" content=\"A Maior Loja Online de Angola de Licen\u00e7as Microsoft Office | Chaves Sistemas Operativos Windows | Antiv\u00edrus | Cloud Adobe | Inform\u00e1tica &amp; Servidores | Softwares de Gest\u00e3o ERP | Gaming Hardware | UPS e Baterias &amp; Muito Mais...\" \/>\n<meta name=\"robots\" content=\"index, follow, max-snippet:-1, max-image-preview:large, max-video-preview:-1\" \/>\n<link rel=\"canonical\" href=\"https:\/\/cyberlogics.ao\/index.php\/product\/hotspot-wi-fi-6-dlink-ax1800-adapt-usb-3-0\/\" \/>\n<meta property=\"og:locale\" content=\"pt_PT\" \/>\n<meta property=\"og:type\" content=\"article\" \/>\n<meta property=\"og:title\" content=\"HOTSPOT WI-FI 6 DLINK AX1800 ADAPT USB 3.0 - Cyberlogics Technologies Angola\" \/>\n<meta property=\"og:description\" content=\"A Maior Loja Online de Angola de Licen\u00e7as Microsoft Office | Chaves Sistemas Operativos Windows | Antiv\u00edrus | Cloud Adobe | Inform\u00e1tica &amp; Servidores | Softwares de Gest\u00e3o ERP | Gaming Hardware | UPS e Baterias &amp; Muito Mais...\" \/>\n<meta property=\"og:url\" content=\"https:\/\/cyberlogics.ao\/index.php\/product\/hotspot-wi-fi-6-dlink-ax1800-adapt-usb-3-0\/\" \/>\n<meta property=\"og:site_name\" content=\"Cyberlogics Technologies Angola\" \/>\n<meta property=\"og:image\" content=\"http:\/\/cyberlogics.ao\/wp-content\/uploads\/2025\/09\/hotspot-wi-fi-6-dlink-ax1800-adapt-usb-30-.png\" \/>\n\t<meta property=\"og:image:width\" content=\"135\" \/>\n\t<meta property=\"og:image:height\" content=\"135\" \/>\n\t<meta property=\"og:image:type\" content=\"image\/png\" \/>\n<meta name=\"twitter:card\" content=\"summary_large_image\" \/>\n<meta name=\"twitter:label1\" content=\"Tempo estimado de leitura\" \/>\n\t<meta name=\"twitter:data1\" content=\"1 minuto\" \/>\n<script type=\"application\/ld+json\" class=\"yoast-schema-graph\">{\"@context\":\"https:\\\/\\\/schema.org\",\"@graph\":[{\"@type\":\"WebPage\",\"@id\":\"https:\\\/\\\/cyberlogics.ao\\\/index.php\\\/product\\\/hotspot-wi-fi-6-dlink-ax1800-adapt-usb-3-0\\\/\",\"url\":\"https:\\\/\\\/cyberlogics.ao\\\/index.php\\\/product\\\/hotspot-wi-fi-6-dlink-ax1800-adapt-usb-3-0\\\/\",\"name\":\"HOTSPOT WI-FI 6 DLINK AX1800 ADAPT USB 3.0 - Cyberlogics Technologies Angola\",\"isPartOf\":{\"@id\":\"https:\\\/\\\/cyberlogics.ao\\\/#website\"},\"primaryImageOfPage\":{\"@id\":\"https:\\\/\\\/cyberlogics.ao\\\/index.php\\\/product\\\/hotspot-wi-fi-6-dlink-ax1800-adapt-usb-3-0\\\/#primaryimage\"},\"image\":{\"@id\":\"https:\\\/\\\/cyberlogics.ao\\\/index.php\\\/product\\\/hotspot-wi-fi-6-dlink-ax1800-adapt-usb-3-0\\\/#primaryimage\"},\"thumbnailUrl\":\"https:\\\/\\\/cyberlogics.ao\\\/wp-content\\\/uploads\\\/2025\\\/09\\\/hotspot-wi-fi-6-dlink-ax1800-adapt-usb-30-.png\",\"datePublished\":\"2025-09-22T14:04:45+00:00\",\"description\":\"A Maior Loja Online de Angola de Licen\u00e7as Microsoft Office | Chaves Sistemas Operativos Windows | Antiv\u00edrus | Cloud Adobe | Inform\u00e1tica & Servidores | Softwares de Gest\u00e3o ERP | Gaming Hardware | UPS e Baterias & Muito Mais...\",\"breadcrumb\":{\"@id\":\"https:\\\/\\\/cyberlogics.ao\\\/index.php\\\/product\\\/hotspot-wi-fi-6-dlink-ax1800-adapt-usb-3-0\\\/#breadcrumb\"},\"inLanguage\":\"pt-PT\",\"potentialAction\":[{\"@type\":\"ReadAction\",\"target\":[\"https:\\\/\\\/cyberlogics.ao\\\/index.php\\\/product\\\/hotspot-wi-fi-6-dlink-ax1800-adapt-usb-3-0\\\/\"]}]},{\"@type\":\"ImageObject\",\"inLanguage\":\"pt-PT\",\"@id\":\"https:\\\/\\\/cyberlogics.ao\\\/index.php\\\/product\\\/hotspot-wi-fi-6-dlink-ax1800-adapt-usb-3-0\\\/#primaryimage\",\"url\":\"https:\\\/\\\/cyberlogics.ao\\\/wp-content\\\/uploads\\\/2025\\\/09\\\/hotspot-wi-fi-6-dlink-ax1800-adapt-usb-30-.png\",\"contentUrl\":\"https:\\\/\\\/cyberlogics.ao\\\/wp-content\\\/uploads\\\/2025\\\/09\\\/hotspot-wi-fi-6-dlink-ax1800-adapt-usb-30-.png\",\"width\":135,\"height\":135},{\"@type\":\"BreadcrumbList\",\"@id\":\"https:\\\/\\\/cyberlogics.ao\\\/index.php\\\/product\\\/hotspot-wi-fi-6-dlink-ax1800-adapt-usb-3-0\\\/#breadcrumb\",\"itemListElement\":[{\"@type\":\"ListItem\",\"position\":1,\"name\":\"In\u00edcio\",\"item\":\"https:\\\/\\\/cyberlogics.ao\\\/\"},{\"@type\":\"ListItem\",\"position\":2,\"name\":\"Produtos\",\"item\":\"https:\\\/\\\/cyberlogics.ao\\\/index.php\\\/shop-2\\\/\"},{\"@type\":\"ListItem\",\"position\":3,\"name\":\"HOTSPOT WI-FI 6 DLINK AX1800 ADAPT USB 3.0\"}]},{\"@type\":\"WebSite\",\"@id\":\"https:\\\/\\\/cyberlogics.ao\\\/#website\",\"url\":\"https:\\\/\\\/cyberlogics.ao\\\/\",\"name\":\"Cyberlogics Technologies Angola\",\"description\":\"Loja Online de Licen\u00e7as de Softwares e Inform\u00e1tica\",\"publisher\":{\"@id\":\"https:\\\/\\\/cyberlogics.ao\\\/#organization\"},\"potentialAction\":[{\"@type\":\"SearchAction\",\"target\":{\"@type\":\"EntryPoint\",\"urlTemplate\":\"https:\\\/\\\/cyberlogics.ao\\\/?s={search_term_string}\"},\"query-input\":{\"@type\":\"PropertyValueSpecification\",\"valueRequired\":true,\"valueName\":\"search_term_string\"}}],\"inLanguage\":\"pt-PT\"},{\"@type\":\"Organization\",\"@id\":\"https:\\\/\\\/cyberlogics.ao\\\/#organization\",\"name\":\"Cyberlogics Ao Technologies - Loja Online de Licen\u00e7as de Softwares e Inform\u00e1tica\",\"url\":\"https:\\\/\\\/cyberlogics.ao\\\/\",\"logo\":{\"@type\":\"ImageObject\",\"inLanguage\":\"pt-PT\",\"@id\":\"https:\\\/\\\/cyberlogics.ao\\\/#\\\/schema\\\/logo\\\/image\\\/\",\"url\":\"https:\\\/\\\/cyberlogics.ao\\\/wp-content\\\/uploads\\\/2022\\\/04\\\/CT-logo.png\",\"contentUrl\":\"https:\\\/\\\/cyberlogics.ao\\\/wp-content\\\/uploads\\\/2022\\\/04\\\/CT-logo.png\",\"width\":190,\"height\":75,\"caption\":\"Cyberlogics Ao Technologies - Loja Online de Licen\u00e7as de Softwares e Inform\u00e1tica\"},\"image\":{\"@id\":\"https:\\\/\\\/cyberlogics.ao\\\/#\\\/schema\\\/logo\\\/image\\\/\"}}]}<\/script>\n<!-- \/ Yoast SEO plugin. -->","yoast_head_json":{"title":"HOTSPOT WI-FI 6 DLINK AX1800 ADAPT USB 3.0 - Cyberlogics Technologies Angola","description":"A Maior Loja Online de Angola de Licen\u00e7as Microsoft Office | Chaves Sistemas Operativos Windows | Antiv\u00edrus | Cloud Adobe | Inform\u00e1tica & Servidores | Softwares de Gest\u00e3o ERP | Gaming Hardware | UPS e Baterias & Muito Mais...","robots":{"index":"index","follow":"follow","max-snippet":"max-snippet:-1","max-image-preview":"max-image-preview:large","max-video-preview":"max-video-preview:-1"},"canonical":"https:\/\/cyberlogics.ao\/index.php\/product\/hotspot-wi-fi-6-dlink-ax1800-adapt-usb-3-0\/","og_locale":"pt_PT","og_type":"article","og_title":"HOTSPOT WI-FI 6 DLINK AX1800 ADAPT USB 3.0 - Cyberlogics Technologies Angola","og_description":"A Maior Loja Online de Angola de Licen\u00e7as Microsoft Office | Chaves Sistemas Operativos Windows | Antiv\u00edrus | Cloud Adobe | Inform\u00e1tica & Servidores | Softwares de Gest\u00e3o ERP | Gaming Hardware | UPS e Baterias & Muito Mais...","og_url":"https:\/\/cyberlogics.ao\/index.php\/product\/hotspot-wi-fi-6-dlink-ax1800-adapt-usb-3-0\/","og_site_name":"Cyberlogics Technologies Angola","og_image":[{"width":135,"height":135,"url":"http:\/\/cyberlogics.ao\/wp-content\/uploads\/2025\/09\/hotspot-wi-fi-6-dlink-ax1800-adapt-usb-30-.png","type":"image\/png"}],"twitter_card":"summary_large_image","twitter_misc":{"Tempo estimado de leitura":"1 minuto"},"schema":{"@context":"https:\/\/schema.org","@graph":[{"@type":"WebPage","@id":"https:\/\/cyberlogics.ao\/index.php\/product\/hotspot-wi-fi-6-dlink-ax1800-adapt-usb-3-0\/","url":"https:\/\/cyberlogics.ao\/index.php\/product\/hotspot-wi-fi-6-dlink-ax1800-adapt-usb-3-0\/","name":"HOTSPOT WI-FI 6 DLINK AX1800 ADAPT USB 3.0 - Cyberlogics Technologies Angola","isPartOf":{"@id":"https:\/\/cyberlogics.ao\/#website"},"primaryImageOfPage":{"@id":"https:\/\/cyberlogics.ao\/index.php\/product\/hotspot-wi-fi-6-dlink-ax1800-adapt-usb-3-0\/#primaryimage"},"image":{"@id":"https:\/\/cyberlogics.ao\/index.php\/product\/hotspot-wi-fi-6-dlink-ax1800-adapt-usb-3-0\/#primaryimage"},"thumbnailUrl":"https:\/\/cyberlogics.ao\/wp-content\/uploads\/2025\/09\/hotspot-wi-fi-6-dlink-ax1800-adapt-usb-30-.png","datePublished":"2025-09-22T14:04:45+00:00","description":"A Maior Loja Online de Angola de Licen\u00e7as Microsoft Office | Chaves Sistemas Operativos Windows | Antiv\u00edrus | Cloud Adobe | Inform\u00e1tica & Servidores | Softwares de Gest\u00e3o ERP | Gaming Hardware | UPS e Baterias & Muito Mais...","breadcrumb":{"@id":"https:\/\/cyberlogics.ao\/index.php\/product\/hotspot-wi-fi-6-dlink-ax1800-adapt-usb-3-0\/#breadcrumb"},"inLanguage":"pt-PT","potentialAction":[{"@type":"ReadAction","target":["https:\/\/cyberlogics.ao\/index.php\/product\/hotspot-wi-fi-6-dlink-ax1800-adapt-usb-3-0\/"]}]},{"@type":"ImageObject","inLanguage":"pt-PT","@id":"https:\/\/cyberlogics.ao\/index.php\/product\/hotspot-wi-fi-6-dlink-ax1800-adapt-usb-3-0\/#primaryimage","url":"https:\/\/cyberlogics.ao\/wp-content\/uploads\/2025\/09\/hotspot-wi-fi-6-dlink-ax1800-adapt-usb-30-.png","contentUrl":"https:\/\/cyberlogics.ao\/wp-content\/uploads\/2025\/09\/hotspot-wi-fi-6-dlink-ax1800-adapt-usb-30-.png","width":135,"height":135},{"@type":"BreadcrumbList","@id":"https:\/\/cyberlogics.ao\/index.php\/product\/hotspot-wi-fi-6-dlink-ax1800-adapt-usb-3-0\/#breadcrumb","itemListElement":[{"@type":"ListItem","position":1,"name":"In\u00edcio","item":"https:\/\/cyberlogics.ao\/"},{"@type":"ListItem","position":2,"name":"Produtos","item":"https:\/\/cyberlogics.ao\/index.php\/shop-2\/"},{"@type":"ListItem","position":3,"name":"HOTSPOT WI-FI 6 DLINK AX1800 ADAPT USB 3.0"}]},{"@type":"WebSite","@id":"https:\/\/cyberlogics.ao\/#website","url":"https:\/\/cyberlogics.ao\/","name":"Cyberlogics Technologies Angola","description":"Loja Online de Licen\u00e7as de Softwares e Inform\u00e1tica","publisher":{"@id":"https:\/\/cyberlogics.ao\/#organization"},"potentialAction":[{"@type":"SearchAction","target":{"@type":"EntryPoint","urlTemplate":"https:\/\/cyberlogics.ao\/?s={search_term_string}"},"query-input":{"@type":"PropertyValueSpecification","valueRequired":true,"valueName":"search_term_string"}}],"inLanguage":"pt-PT"},{"@type":"Organization","@id":"https:\/\/cyberlogics.ao\/#organization","name":"Cyberlogics Ao Technologies - Loja Online de Licen\u00e7as de Softwares e Inform\u00e1tica","url":"https:\/\/cyberlogics.ao\/","logo":{"@type":"ImageObject","inLanguage":"pt-PT","@id":"https:\/\/cyberlogics.ao\/#\/schema\/logo\/image\/","url":"https:\/\/cyberlogics.ao\/wp-content\/uploads\/2022\/04\/CT-logo.png","contentUrl":"https:\/\/cyberlogics.ao\/wp-content\/uploads\/2022\/04\/CT-logo.png","width":190,"height":75,"caption":"Cyberlogics Ao Technologies - Loja Online de Licen\u00e7as de Softwares e Inform\u00e1tica"},"image":{"@id":"https:\/\/cyberlogics.ao\/#\/schema\/logo\/image\/"}}]}},"_links":{"self":[{"href":"https:\/\/cyberlogics.ao\/index.php\/wp-json\/wp\/v2\/product\/9637","targetHints":{"allow":["GET"]}}],"collection":[{"href":"https:\/\/cyberlogics.ao\/index.php\/wp-json\/wp\/v2\/product"}],"about":[{"href":"https:\/\/cyberlogics.ao\/index.php\/wp-json\/wp\/v2\/types\/product"}],"replies":[{"embeddable":true,"href":"https:\/\/cyberlogics.ao\/index.php\/wp-json\/wp\/v2\/comments?post=9637"}],"wp:featuredmedia":[{"embeddable":true,"href":"https:\/\/cyberlogics.ao\/index.php\/wp-json\/wp\/v2\/media\/9638"}],"wp:attachment":[{"href":"https:\/\/cyberlogics.ao\/index.php\/wp-json\/wp\/v2\/media?parent=9637"}],"wp:term":[{"taxonomy":"product_brand","embeddable":true,"href":"https:\/\/cyberlogics.ao\/index.php\/wp-json\/wp\/v2\/product_brand?post=9637"},{"taxonomy":"product_cat","embeddable":true,"href":"https:\/\/cyberlogics.ao\/index.php\/wp-json\/wp\/v2\/product_cat?post=9637"},{"taxonomy":"product_tag","embeddable":true,"href":"https:\/\/cyberlogics.ao\/index.php\/wp-json\/wp\/v2\/product_tag?post=9637"}],"curies":[{"name":"wp","href":"https:\/\/api.w.org\/{rel}","templated":true}]}}