{"id":9642,"date":"2025-09-22T15:39:56","date_gmt":"2025-09-22T15:39:56","guid":{"rendered":"https:\/\/cyberlogics.ao\/?post_type=product&#038;p=9642"},"modified":"2025-09-22T15:39:56","modified_gmt":"2025-09-22T15:39:56","slug":"router-hikvision-wifi-ac1200-dual-1x10-100mbps-3x10-100mbps-lan-ports","status":"publish","type":"product","link":"https:\/\/cyberlogics.ao\/index.php\/product\/router-hikvision-wifi-ac1200-dual-1x10-100mbps-3x10-100mbps-lan-ports\/","title":{"rendered":"ROUTER HIKVISION WIFI AC1200 DUAL 1X10\/100MBPS 3X10\/100MBPS LAN PORTS"},"content":{"rendered":"<ul class=\"tech-specs-items-description\" data-target=\"General\">\n<li class=\"tech-specs-items-description-list\"><span class=\"tech-specs-items-description__title\"><span dir=\"auto\">Dimens\u00e3o do produto (L \u00d7 A \u00d7 P)<\/span><\/span><span class=\"tech-specs-items-description__title-details\"><span dir=\"auto\">248,40 mm \u00d7 154,80 mm \u00d7 213,34 mm (9,78&#8243; \u00d7 6,09&#8243; \u00d7 8,40&#8243;)<\/span><\/span><\/li>\n<li class=\"tech-specs-items-description-list\"><span class=\"tech-specs-items-description__title\"><span dir=\"auto\">Dimens\u00f5es da embalagem (L \u00d7 A \u00d7 P)<\/span><\/span><span class=\"tech-specs-items-description__title-details\"><span dir=\"auto\">306 mm \u00d7 290 mm \u00d7 59 mm (12,05&#8243; \u00d7 11,42&#8243; \u00d7 2,32&#8243;)<\/span><\/span><\/li>\n<li class=\"tech-specs-items-description-list\"><span class=\"tech-specs-items-description__title\"><span dir=\"auto\">Peso l\u00edquido<\/span><\/span><span class=\"tech-specs-items-description__title-details\"><span dir=\"auto\">0,222 kg (0,489 lb)<\/span><\/span><\/li>\n<li class=\"tech-specs-items-description-list\"><span class=\"tech-specs-items-description__title\"><span dir=\"auto\">Lista de embalagem<\/span><\/span><span class=\"tech-specs-items-description__title-details\"><span dir=\"auto\">Roteador sem fio x 1, cabo Ethernet \u00d7 1, guia de instala\u00e7\u00e3o r\u00e1pida \u00d7 1<\/span><\/span><\/li>\n<li class=\"tech-specs-items-description-list\"><span class=\"tech-specs-items-description__title\"><span dir=\"auto\">M\u00e9todo de embalagem<\/span><\/span><span class=\"tech-specs-items-description__title-details\"><span dir=\"auto\">Pacote \u00fanico<\/span><\/span><\/li>\n<li class=\"tech-specs-items-description-list\"><span class=\"tech-specs-items-description__title\"><span dir=\"auto\">Temperatura de trabalho<\/span><\/span><span class=\"tech-specs-items-description__title-details\"><span dir=\"auto\">0 \u2103 a 40 \u2103 (32 \u2109 a 104 \u2109)<\/span><\/span><\/li>\n<li class=\"tech-specs-items-description-list\"><span class=\"tech-specs-items-description__title\"><span dir=\"auto\">Umidade de trabalho<\/span><\/span><span class=\"tech-specs-items-description__title-details\"><span dir=\"auto\">10% a 90% UR sem condensa\u00e7\u00e3o<\/span><\/span><\/li>\n<li class=\"tech-specs-items-description-list\"><span class=\"tech-specs-items-description__title\"><span dir=\"auto\">Temperatura de armazenamento<\/span><\/span><span class=\"tech-specs-items-description__title-details\"><span dir=\"auto\">-40 \u2103 a 70 \u2103 (-40 \u2109 a 158 \u2109)<\/span><\/span><\/li>\n<li class=\"tech-specs-items-description-list\"><span class=\"tech-specs-items-description__title\"><span dir=\"auto\">Umidade de armazenamento<\/span><\/span><span class=\"tech-specs-items-description__title-details\"><span dir=\"auto\">5% a 90% UR sem condensa\u00e7\u00e3o<\/span><\/span><\/li>\n<li class=\"tech-specs-items-description-list\"><span class=\"tech-specs-items-description__title\"><span dir=\"auto\">Modo de instala\u00e7\u00e3o<\/span><\/span><span class=\"tech-specs-items-description__title-details\"><span dir=\"auto\">Instala\u00e7\u00e3o de desktop<\/span><\/span><\/li>\n<li class=\"tech-specs-items-description-list\"><span class=\"tech-specs-items-description__title\"><span dir=\"auto\">Consumo m\u00e1ximo de energia<\/span><\/span><span class=\"tech-specs-items-description__title-details\"><span dir=\"auto\">\u2264 9 W<\/span><\/span><\/li>\n<li class=\"tech-specs-items-description-list\"><span class=\"tech-specs-items-description__title\"><span dir=\"auto\">Peso bruto<\/span><\/span><span class=\"tech-specs-items-description__title-details\"><span dir=\"auto\">0,722 kg (1,592 lb)<\/span><\/span><\/li>\n<\/ul>\n<ul class=\"tech-specs-items-description\" data-target=\"Wireless Parameter\">\n<li class=\"tech-specs-items-description-list\"><span class=\"tech-specs-items-description__title--heading\"><span dir=\"auto\">Par\u00e2metro sem fio<\/span><\/span><\/li>\n<li class=\"tech-specs-items-description-list\"><span class=\"tech-specs-items-description__title\"><span dir=\"auto\">Taxa de dados<\/span><\/span>\n<p class=\"mb-p\"><span dir=\"auto\">\u2264 1167 Mbps<\/span><\/p>\n<p class=\"mb-p\"><span dir=\"auto\">2,4 GHz: 300 Mbps<\/span><\/p>\n<p class=\"mb-p\"><span dir=\"auto\">5 GHz: 867 Mbps<\/span><\/p>\n<\/li>\n<li class=\"tech-specs-items-description-list\"><span class=\"tech-specs-items-description__title\"><span dir=\"auto\">Padr\u00e3o sem fio<\/span><\/span><span class=\"tech-specs-items-description__title-details\"><span dir=\"auto\">IEEE 802.11\/a\/n\/ac onda 2 @5 GHz, IEEE 802.11b\/g\/n @2,4 GHz<\/span><\/span><\/li>\n<li class=\"tech-specs-items-description-list\"><span class=\"tech-specs-items-description__title\"><span dir=\"auto\">Banda de frequ\u00eancia de trabalho<\/span><\/span><span class=\"tech-specs-items-description__title-details\"><span dir=\"auto\">2,4 GHz, 5 GHz<\/span><\/span><\/li>\n<li class=\"tech-specs-items-description-list\"><span class=\"tech-specs-items-description__title\"><span dir=\"auto\">Transmiss\u00e3o de energia<\/span><\/span>\n<p class=\"mb-p\"><span dir=\"auto\">CE:<\/span><\/p>\n<p class=\"mb-p\"><span dir=\"auto\">&lt;20 dBm (2,4 G)<\/span><\/p>\n<p class=\"mb-p\"><span dir=\"auto\">&lt;23 dBm(5G)<\/span><\/p>\n<\/li>\n<li class=\"tech-specs-items-description-list\"><span class=\"tech-specs-items-description__title\"><span dir=\"auto\">Desempenho sem fio<\/span><\/span>\n<p class=\"mb-p\"><span dir=\"auto\">4 \u00d7 4 MU-MIMO suportado<\/span><\/p>\n<p class=\"mb-p\"><span dir=\"auto\">Suporta forma\u00e7\u00e3o de feixes<\/span><\/p>\n<\/li>\n<li class=\"tech-specs-items-description-list\"><span class=\"tech-specs-items-description__title\"><span dir=\"auto\">Sensibilidade de recep\u00e7\u00e3o<\/span><\/span>\n<p class=\"mb-p\"><span dir=\"auto\">58 \u00b1 2 dB@AC80 -MCS9<\/span><\/p>\n<p class=\"mb-p\"><span dir=\"auto\">84 \u00b1 2 dB@AC80 -MCS0<\/span><\/p>\n<\/li>\n<li class=\"tech-specs-items-description-list\"><span class=\"tech-specs-items-description__title\"><span dir=\"auto\">Antena<\/span><\/span><span class=\"tech-specs-items-description__title-details\"><span dir=\"auto\">4 antenas de alto ganho<\/span><\/span><\/li>\n<li class=\"tech-specs-items-description-list\"><span class=\"tech-specs-items-description__title\"><span dir=\"auto\">Frequ\u00eancia de opera\u00e7\u00e3o<\/span><\/span>\n<p class=\"mb-p\"><span dir=\"auto\">2,4 GHz: EUA\/2412-2472 MHz (CH1-CH13)<\/span><\/p>\n<p class=\"mb-p\"><span dir=\"auto\">5 GHz: EUA\/5180-5240 MHz (CH36-CH48)<\/span><\/p>\n<p class=\"mb-p\"><span dir=\"auto\">5 GHz: EUA\/5740-5805 MHz (CH149-CH161)<\/span><\/p>\n<\/li>\n<li class=\"tech-specs-items-description-list\"><span class=\"tech-specs-items-description__title\"><span dir=\"auto\">Pot\u00eancia EIRP (m\u00e1x.)<\/span><\/span>\n<p class=\"mb-p\"><span dir=\"auto\">2,4 GHz: 19,86 dBm<\/span><\/p>\n<p class=\"mb-p\"><span dir=\"auto\">5 GHz: 22,96 dBm<\/span><\/p>\n<\/li>\n<\/ul>\n<ul class=\"tech-specs-items-description\" data-target=\"Hardware Parameter\">\n<li class=\"tech-specs-items-description-list\"><span class=\"tech-specs-items-description__title--heading\"><span dir=\"auto\">Par\u00e2metro de hardware<\/span><\/span><\/li>\n<li class=\"tech-specs-items-description-list\"><span class=\"tech-specs-items-description__title\"><span dir=\"auto\">Interface de rede<\/span><\/span><span class=\"tech-specs-items-description__title-details\"><span dir=\"auto\">1 porta WAN de 10\/100 Mbps 3 portas LAN de 10\/100 Mbps<\/span><\/span><\/li>\n<li class=\"tech-specs-items-description-list\"><span class=\"tech-specs-items-description__title\"><span dir=\"auto\">Indicador LED<\/span><\/span><span class=\"tech-specs-items-description__title-details\"><span dir=\"auto\">Indicador LED<\/span><\/span><\/li>\n<li class=\"tech-specs-items-description-list\"><span class=\"tech-specs-items-description__title\"><span dir=\"auto\">Reiniciar<\/span><\/span><span class=\"tech-specs-items-description__title-details\"><span dir=\"auto\">Bot\u00e3o de reinicializa\u00e7\u00e3o<\/span><\/span><\/li>\n<li class=\"tech-specs-items-description-list\"><span class=\"tech-specs-items-description__title\"><span dir=\"auto\">M\u00e9todo de fornecimento de energia<\/span><\/span><span class=\"tech-specs-items-description__title-details\"><span dir=\"auto\">Fonte de alimenta\u00e7\u00e3o de 9 VDC, 1 A<\/span><\/span><\/li>\n<li class=\"tech-specs-items-description-list\"><span class=\"tech-specs-items-description__title\"><span dir=\"auto\">Especifica\u00e7\u00f5es de energia<\/span><\/span><span class=\"tech-specs-items-description__title-details\"><span dir=\"auto\">9 VCC, 1 A<\/span><\/span><\/li>\n<\/ul>\n<ul class=\"tech-specs-items-description\" data-target=\"Software Function\">\n<li class=\"tech-specs-items-description-list\"><span class=\"tech-specs-items-description__title--heading\"><span dir=\"auto\">Fun\u00e7\u00e3o de software<\/span><\/span><\/li>\n<li class=\"tech-specs-items-description-list\"><span class=\"tech-specs-items-description__title\"><span dir=\"auto\">Fun\u00e7\u00e3o de aplica\u00e7\u00e3o<\/span><\/span>\n<p class=\"mb-p\"><span dir=\"auto\">Modo de roteador sem fio, modo repetidor sem fio, cliente + AP, WISP e modo AP suportados<\/span><\/p>\n<p class=\"mb-p\"><span dir=\"auto\">Servidor DHCP suportado<\/span><\/p>\n<p class=\"mb-p\"><span dir=\"auto\">Configura\u00e7\u00e3o de rede de convidados suportada<\/span><\/p>\n<p class=\"mb-p\"><span dir=\"auto\">Ajuste de sinal suportado<\/span><\/p>\n<p class=\"mb-p\"><span dir=\"auto\">Agendamento de WiFi suportado<\/span><\/p>\n<\/li>\n<li class=\"tech-specs-items-description-list\"><span class=\"tech-specs-items-description__title\"><span dir=\"auto\">Modo de seguran\u00e7a<\/span><\/span><span class=\"tech-specs-items-description__title-details\"><span dir=\"auto\">WPA-PSK, WPA2-PSK, WPA e WPA2 suportados<\/span><\/span><\/li>\n<li class=\"tech-specs-items-description-list\"><span class=\"tech-specs-items-description__title\"><span dir=\"auto\">Mecanismo de Seguran\u00e7a<\/span><\/span><span class=\"tech-specs-items-description__title-details\"><span dir=\"auto\">Ocultar SSID<\/span><\/span><\/li>\n<li class=\"tech-specs-items-description-list\"><span class=\"tech-specs-items-description__title\"><span dir=\"auto\">M\u00e9todo de Gest\u00e3o<\/span><\/span><span class=\"tech-specs-items-description__title-details\"><span dir=\"auto\">Rede<\/span><\/span><\/li>\n<li class=\"tech-specs-items-description-list\"><span class=\"tech-specs-items-description__title\"><span dir=\"auto\">Atualizar<\/span><\/span><span class=\"tech-specs-items-description__title-details\"><span dir=\"auto\">Atualiza\u00e7\u00e3o e atualiza\u00e7\u00e3o da Web<\/span><\/span><\/li>\n<li class=\"tech-specs-items-description-list\"><span class=\"tech-specs-items-description__title\"><span dir=\"auto\">Log do sistema<\/span><\/span><span class=\"tech-specs-items-description__title-details\"><span dir=\"auto\">Log do sistema<\/span><\/span><\/li>\n<li class=\"tech-specs-items-description-list\"><span class=\"tech-specs-items-description__title\"><span dir=\"auto\">Modo WAN<\/span><\/span><span class=\"tech-specs-items-description__title-details\"><span dir=\"auto\">DHCP, IP est\u00e1tico, PPPoE<\/span><\/span><\/li>\n<\/ul>\n","protected":false},"excerpt":{"rendered":"<p><label>Marca:<\/label>\u00a0<span class=\"editable\">HIKVISION<\/span><br \/>\n<label>Part-Number:<\/label>\u00a0<span class=\"editable\">DS-3WR12C<\/span><\/p>\n","protected":false},"featured_media":9643,"comment_status":"open","ping_status":"closed","template":"","meta":{"_joinchat":[]},"product_brand":[],"product_cat":[696,702],"product_tag":[],"class_list":{"0":"post-9642","1":"product","2":"type-product","3":"status-publish","4":"has-post-thumbnail","6":"product_cat-access-points","7":"product_cat-router-hikvision-access-points","9":"first","10":"instock","11":"shipping-taxable","12":"purchasable","13":"product-type-simple"},"yoast_head":"<!-- This site is optimized with the Yoast SEO plugin v27.3 - https:\/\/yoast.com\/product\/yoast-seo-wordpress\/ -->\n<title>ROUTER HIKVISION WIFI AC1200 DUAL 1X10\/100MBPS 3X10\/100MBPS LAN PORTS - Cyberlogics Technologies Angola<\/title>\n<meta name=\"description\" content=\"A Maior Loja Online de Angola de Licen\u00e7as Microsoft Office | Chaves Sistemas Operativos Windows | Antiv\u00edrus | Cloud Adobe | Inform\u00e1tica &amp; Servidores | Softwares de Gest\u00e3o ERP | Gaming Hardware | UPS e Baterias &amp; Muito Mais...\" \/>\n<meta name=\"robots\" content=\"index, follow, max-snippet:-1, max-image-preview:large, max-video-preview:-1\" \/>\n<link rel=\"canonical\" href=\"https:\/\/cyberlogics.ao\/index.php\/product\/router-hikvision-wifi-ac1200-dual-1x10-100mbps-3x10-100mbps-lan-ports\/\" \/>\n<meta property=\"og:locale\" content=\"pt_PT\" \/>\n<meta property=\"og:type\" content=\"article\" \/>\n<meta property=\"og:title\" content=\"ROUTER HIKVISION WIFI AC1200 DUAL 1X10\/100MBPS 3X10\/100MBPS LAN PORTS - Cyberlogics Technologies Angola\" \/>\n<meta property=\"og:description\" content=\"A Maior Loja Online de Angola de Licen\u00e7as Microsoft Office | Chaves Sistemas Operativos Windows | Antiv\u00edrus | Cloud Adobe | Inform\u00e1tica &amp; Servidores | Softwares de Gest\u00e3o ERP | Gaming Hardware | UPS e Baterias &amp; Muito Mais...\" \/>\n<meta property=\"og:url\" content=\"https:\/\/cyberlogics.ao\/index.php\/product\/router-hikvision-wifi-ac1200-dual-1x10-100mbps-3x10-100mbps-lan-ports\/\" \/>\n<meta property=\"og:site_name\" content=\"Cyberlogics Technologies Angola\" \/>\n<meta property=\"og:image\" content=\"http:\/\/cyberlogics.ao\/wp-content\/uploads\/2025\/09\/router-hikvision-wifi-ac1200-dual-1x10100mbps-3x10100mbps-lan-ports.jpg\" \/>\n\t<meta property=\"og:image:width\" content=\"400\" \/>\n\t<meta property=\"og:image:height\" content=\"400\" \/>\n\t<meta property=\"og:image:type\" content=\"image\/jpeg\" \/>\n<meta name=\"twitter:card\" content=\"summary_large_image\" \/>\n<meta name=\"twitter:label1\" content=\"Tempo estimado de leitura\" \/>\n\t<meta name=\"twitter:data1\" content=\"2 minutos\" \/>\n<script type=\"application\/ld+json\" class=\"yoast-schema-graph\">{\"@context\":\"https:\\\/\\\/schema.org\",\"@graph\":[{\"@type\":\"WebPage\",\"@id\":\"https:\\\/\\\/cyberlogics.ao\\\/index.php\\\/product\\\/router-hikvision-wifi-ac1200-dual-1x10-100mbps-3x10-100mbps-lan-ports\\\/\",\"url\":\"https:\\\/\\\/cyberlogics.ao\\\/index.php\\\/product\\\/router-hikvision-wifi-ac1200-dual-1x10-100mbps-3x10-100mbps-lan-ports\\\/\",\"name\":\"ROUTER HIKVISION WIFI AC1200 DUAL 1X10\\\/100MBPS 3X10\\\/100MBPS LAN PORTS - Cyberlogics Technologies Angola\",\"isPartOf\":{\"@id\":\"https:\\\/\\\/cyberlogics.ao\\\/#website\"},\"primaryImageOfPage\":{\"@id\":\"https:\\\/\\\/cyberlogics.ao\\\/index.php\\\/product\\\/router-hikvision-wifi-ac1200-dual-1x10-100mbps-3x10-100mbps-lan-ports\\\/#primaryimage\"},\"image\":{\"@id\":\"https:\\\/\\\/cyberlogics.ao\\\/index.php\\\/product\\\/router-hikvision-wifi-ac1200-dual-1x10-100mbps-3x10-100mbps-lan-ports\\\/#primaryimage\"},\"thumbnailUrl\":\"https:\\\/\\\/cyberlogics.ao\\\/wp-content\\\/uploads\\\/2025\\\/09\\\/router-hikvision-wifi-ac1200-dual-1x10100mbps-3x10100mbps-lan-ports.jpg\",\"datePublished\":\"2025-09-22T15:39:56+00:00\",\"description\":\"A Maior Loja Online de Angola de Licen\u00e7as Microsoft Office | Chaves Sistemas Operativos Windows | Antiv\u00edrus | Cloud Adobe | Inform\u00e1tica & Servidores | Softwares de Gest\u00e3o ERP | Gaming Hardware | UPS e Baterias & Muito Mais...\",\"breadcrumb\":{\"@id\":\"https:\\\/\\\/cyberlogics.ao\\\/index.php\\\/product\\\/router-hikvision-wifi-ac1200-dual-1x10-100mbps-3x10-100mbps-lan-ports\\\/#breadcrumb\"},\"inLanguage\":\"pt-PT\",\"potentialAction\":[{\"@type\":\"ReadAction\",\"target\":[\"https:\\\/\\\/cyberlogics.ao\\\/index.php\\\/product\\\/router-hikvision-wifi-ac1200-dual-1x10-100mbps-3x10-100mbps-lan-ports\\\/\"]}]},{\"@type\":\"ImageObject\",\"inLanguage\":\"pt-PT\",\"@id\":\"https:\\\/\\\/cyberlogics.ao\\\/index.php\\\/product\\\/router-hikvision-wifi-ac1200-dual-1x10-100mbps-3x10-100mbps-lan-ports\\\/#primaryimage\",\"url\":\"https:\\\/\\\/cyberlogics.ao\\\/wp-content\\\/uploads\\\/2025\\\/09\\\/router-hikvision-wifi-ac1200-dual-1x10100mbps-3x10100mbps-lan-ports.jpg\",\"contentUrl\":\"https:\\\/\\\/cyberlogics.ao\\\/wp-content\\\/uploads\\\/2025\\\/09\\\/router-hikvision-wifi-ac1200-dual-1x10100mbps-3x10100mbps-lan-ports.jpg\",\"width\":400,\"height\":400},{\"@type\":\"BreadcrumbList\",\"@id\":\"https:\\\/\\\/cyberlogics.ao\\\/index.php\\\/product\\\/router-hikvision-wifi-ac1200-dual-1x10-100mbps-3x10-100mbps-lan-ports\\\/#breadcrumb\",\"itemListElement\":[{\"@type\":\"ListItem\",\"position\":1,\"name\":\"In\u00edcio\",\"item\":\"https:\\\/\\\/cyberlogics.ao\\\/\"},{\"@type\":\"ListItem\",\"position\":2,\"name\":\"Produtos\",\"item\":\"https:\\\/\\\/cyberlogics.ao\\\/index.php\\\/shop-2\\\/\"},{\"@type\":\"ListItem\",\"position\":3,\"name\":\"ROUTER HIKVISION WIFI AC1200 DUAL 1X10\\\/100MBPS 3X10\\\/100MBPS LAN PORTS\"}]},{\"@type\":\"WebSite\",\"@id\":\"https:\\\/\\\/cyberlogics.ao\\\/#website\",\"url\":\"https:\\\/\\\/cyberlogics.ao\\\/\",\"name\":\"Cyberlogics Technologies Angola\",\"description\":\"Loja Online de Licen\u00e7as de Softwares e Inform\u00e1tica\",\"publisher\":{\"@id\":\"https:\\\/\\\/cyberlogics.ao\\\/#organization\"},\"potentialAction\":[{\"@type\":\"SearchAction\",\"target\":{\"@type\":\"EntryPoint\",\"urlTemplate\":\"https:\\\/\\\/cyberlogics.ao\\\/?s={search_term_string}\"},\"query-input\":{\"@type\":\"PropertyValueSpecification\",\"valueRequired\":true,\"valueName\":\"search_term_string\"}}],\"inLanguage\":\"pt-PT\"},{\"@type\":\"Organization\",\"@id\":\"https:\\\/\\\/cyberlogics.ao\\\/#organization\",\"name\":\"Cyberlogics Ao Technologies - Loja Online de Licen\u00e7as de Softwares e Inform\u00e1tica\",\"url\":\"https:\\\/\\\/cyberlogics.ao\\\/\",\"logo\":{\"@type\":\"ImageObject\",\"inLanguage\":\"pt-PT\",\"@id\":\"https:\\\/\\\/cyberlogics.ao\\\/#\\\/schema\\\/logo\\\/image\\\/\",\"url\":\"https:\\\/\\\/cyberlogics.ao\\\/wp-content\\\/uploads\\\/2022\\\/04\\\/CT-logo.png\",\"contentUrl\":\"https:\\\/\\\/cyberlogics.ao\\\/wp-content\\\/uploads\\\/2022\\\/04\\\/CT-logo.png\",\"width\":190,\"height\":75,\"caption\":\"Cyberlogics Ao Technologies - Loja Online de Licen\u00e7as de Softwares e Inform\u00e1tica\"},\"image\":{\"@id\":\"https:\\\/\\\/cyberlogics.ao\\\/#\\\/schema\\\/logo\\\/image\\\/\"}}]}<\/script>\n<!-- \/ Yoast SEO plugin. -->","yoast_head_json":{"title":"ROUTER HIKVISION WIFI AC1200 DUAL 1X10\/100MBPS 3X10\/100MBPS LAN PORTS - Cyberlogics Technologies Angola","description":"A Maior Loja Online de Angola de Licen\u00e7as Microsoft Office | Chaves Sistemas Operativos Windows | Antiv\u00edrus | Cloud Adobe | Inform\u00e1tica & Servidores | Softwares de Gest\u00e3o ERP | Gaming Hardware | UPS e Baterias & Muito Mais...","robots":{"index":"index","follow":"follow","max-snippet":"max-snippet:-1","max-image-preview":"max-image-preview:large","max-video-preview":"max-video-preview:-1"},"canonical":"https:\/\/cyberlogics.ao\/index.php\/product\/router-hikvision-wifi-ac1200-dual-1x10-100mbps-3x10-100mbps-lan-ports\/","og_locale":"pt_PT","og_type":"article","og_title":"ROUTER HIKVISION WIFI AC1200 DUAL 1X10\/100MBPS 3X10\/100MBPS LAN PORTS - Cyberlogics Technologies Angola","og_description":"A Maior Loja Online de Angola de Licen\u00e7as Microsoft Office | Chaves Sistemas Operativos Windows | Antiv\u00edrus | Cloud Adobe | Inform\u00e1tica & Servidores | Softwares de Gest\u00e3o ERP | Gaming Hardware | UPS e Baterias & Muito Mais...","og_url":"https:\/\/cyberlogics.ao\/index.php\/product\/router-hikvision-wifi-ac1200-dual-1x10-100mbps-3x10-100mbps-lan-ports\/","og_site_name":"Cyberlogics Technologies Angola","og_image":[{"width":400,"height":400,"url":"http:\/\/cyberlogics.ao\/wp-content\/uploads\/2025\/09\/router-hikvision-wifi-ac1200-dual-1x10100mbps-3x10100mbps-lan-ports.jpg","type":"image\/jpeg"}],"twitter_card":"summary_large_image","twitter_misc":{"Tempo estimado de leitura":"2 minutos"},"schema":{"@context":"https:\/\/schema.org","@graph":[{"@type":"WebPage","@id":"https:\/\/cyberlogics.ao\/index.php\/product\/router-hikvision-wifi-ac1200-dual-1x10-100mbps-3x10-100mbps-lan-ports\/","url":"https:\/\/cyberlogics.ao\/index.php\/product\/router-hikvision-wifi-ac1200-dual-1x10-100mbps-3x10-100mbps-lan-ports\/","name":"ROUTER HIKVISION WIFI AC1200 DUAL 1X10\/100MBPS 3X10\/100MBPS LAN PORTS - Cyberlogics Technologies Angola","isPartOf":{"@id":"https:\/\/cyberlogics.ao\/#website"},"primaryImageOfPage":{"@id":"https:\/\/cyberlogics.ao\/index.php\/product\/router-hikvision-wifi-ac1200-dual-1x10-100mbps-3x10-100mbps-lan-ports\/#primaryimage"},"image":{"@id":"https:\/\/cyberlogics.ao\/index.php\/product\/router-hikvision-wifi-ac1200-dual-1x10-100mbps-3x10-100mbps-lan-ports\/#primaryimage"},"thumbnailUrl":"https:\/\/cyberlogics.ao\/wp-content\/uploads\/2025\/09\/router-hikvision-wifi-ac1200-dual-1x10100mbps-3x10100mbps-lan-ports.jpg","datePublished":"2025-09-22T15:39:56+00:00","description":"A Maior Loja Online de Angola de Licen\u00e7as Microsoft Office | Chaves Sistemas Operativos Windows | Antiv\u00edrus | Cloud Adobe | Inform\u00e1tica & Servidores | Softwares de Gest\u00e3o ERP | Gaming Hardware | UPS e Baterias & Muito Mais...","breadcrumb":{"@id":"https:\/\/cyberlogics.ao\/index.php\/product\/router-hikvision-wifi-ac1200-dual-1x10-100mbps-3x10-100mbps-lan-ports\/#breadcrumb"},"inLanguage":"pt-PT","potentialAction":[{"@type":"ReadAction","target":["https:\/\/cyberlogics.ao\/index.php\/product\/router-hikvision-wifi-ac1200-dual-1x10-100mbps-3x10-100mbps-lan-ports\/"]}]},{"@type":"ImageObject","inLanguage":"pt-PT","@id":"https:\/\/cyberlogics.ao\/index.php\/product\/router-hikvision-wifi-ac1200-dual-1x10-100mbps-3x10-100mbps-lan-ports\/#primaryimage","url":"https:\/\/cyberlogics.ao\/wp-content\/uploads\/2025\/09\/router-hikvision-wifi-ac1200-dual-1x10100mbps-3x10100mbps-lan-ports.jpg","contentUrl":"https:\/\/cyberlogics.ao\/wp-content\/uploads\/2025\/09\/router-hikvision-wifi-ac1200-dual-1x10100mbps-3x10100mbps-lan-ports.jpg","width":400,"height":400},{"@type":"BreadcrumbList","@id":"https:\/\/cyberlogics.ao\/index.php\/product\/router-hikvision-wifi-ac1200-dual-1x10-100mbps-3x10-100mbps-lan-ports\/#breadcrumb","itemListElement":[{"@type":"ListItem","position":1,"name":"In\u00edcio","item":"https:\/\/cyberlogics.ao\/"},{"@type":"ListItem","position":2,"name":"Produtos","item":"https:\/\/cyberlogics.ao\/index.php\/shop-2\/"},{"@type":"ListItem","position":3,"name":"ROUTER HIKVISION WIFI AC1200 DUAL 1X10\/100MBPS 3X10\/100MBPS LAN PORTS"}]},{"@type":"WebSite","@id":"https:\/\/cyberlogics.ao\/#website","url":"https:\/\/cyberlogics.ao\/","name":"Cyberlogics Technologies Angola","description":"Loja Online de Licen\u00e7as de Softwares e Inform\u00e1tica","publisher":{"@id":"https:\/\/cyberlogics.ao\/#organization"},"potentialAction":[{"@type":"SearchAction","target":{"@type":"EntryPoint","urlTemplate":"https:\/\/cyberlogics.ao\/?s={search_term_string}"},"query-input":{"@type":"PropertyValueSpecification","valueRequired":true,"valueName":"search_term_string"}}],"inLanguage":"pt-PT"},{"@type":"Organization","@id":"https:\/\/cyberlogics.ao\/#organization","name":"Cyberlogics Ao Technologies - Loja Online de Licen\u00e7as de Softwares e Inform\u00e1tica","url":"https:\/\/cyberlogics.ao\/","logo":{"@type":"ImageObject","inLanguage":"pt-PT","@id":"https:\/\/cyberlogics.ao\/#\/schema\/logo\/image\/","url":"https:\/\/cyberlogics.ao\/wp-content\/uploads\/2022\/04\/CT-logo.png","contentUrl":"https:\/\/cyberlogics.ao\/wp-content\/uploads\/2022\/04\/CT-logo.png","width":190,"height":75,"caption":"Cyberlogics Ao Technologies - Loja Online de Licen\u00e7as de Softwares e Inform\u00e1tica"},"image":{"@id":"https:\/\/cyberlogics.ao\/#\/schema\/logo\/image\/"}}]}},"_links":{"self":[{"href":"https:\/\/cyberlogics.ao\/index.php\/wp-json\/wp\/v2\/product\/9642","targetHints":{"allow":["GET"]}}],"collection":[{"href":"https:\/\/cyberlogics.ao\/index.php\/wp-json\/wp\/v2\/product"}],"about":[{"href":"https:\/\/cyberlogics.ao\/index.php\/wp-json\/wp\/v2\/types\/product"}],"replies":[{"embeddable":true,"href":"https:\/\/cyberlogics.ao\/index.php\/wp-json\/wp\/v2\/comments?post=9642"}],"wp:featuredmedia":[{"embeddable":true,"href":"https:\/\/cyberlogics.ao\/index.php\/wp-json\/wp\/v2\/media\/9643"}],"wp:attachment":[{"href":"https:\/\/cyberlogics.ao\/index.php\/wp-json\/wp\/v2\/media?parent=9642"}],"wp:term":[{"taxonomy":"product_brand","embeddable":true,"href":"https:\/\/cyberlogics.ao\/index.php\/wp-json\/wp\/v2\/product_brand?post=9642"},{"taxonomy":"product_cat","embeddable":true,"href":"https:\/\/cyberlogics.ao\/index.php\/wp-json\/wp\/v2\/product_cat?post=9642"},{"taxonomy":"product_tag","embeddable":true,"href":"https:\/\/cyberlogics.ao\/index.php\/wp-json\/wp\/v2\/product_tag?post=9642"}],"curies":[{"name":"wp","href":"https:\/\/api.w.org\/{rel}","templated":true}]}}